-- https://www.phpmyadmin.net/
--

START TRANSACTION;



--
-- Database: `creativ8_creativeideasglobal`
--

-- --------------------------------------------------------

--
-- Table structure for table `about_us_page`
--

CREATE TABLE `about_us_page` (
  `id` int(11) NOT NULL,
  `url` text COLLATE utf8mb4_unicode_ci,
  `url_slug` text COLLATE utf8mb4_unicode_ci,
  `arrange` int(11) DEFAULT NULL,
  `is_show` tinyint(1) NOT NULL DEFAULT '1',
  `publish_at` timestamp NULL DEFAULT NULL,
  `offline_at` timestamp NULL DEFAULT NULL,
  `created_by` int(11) DEFAULT NULL,
  `updated_by` int(11) DEFAULT NULL,
  `created_at` timestamp NULL DEFAULT NULL,
  `updated_at` timestamp NULL DEFAULT NULL
) ENGINE=InnoDB DEFAULT CHARSET=utf8mb4 COLLATE=utf8mb4_unicode_ci;

--
-- Dumping data for table `about_us_page`
--

INSERT INTO `about_us_page` (`id`, `url`, `url_slug`, `arrange`, `is_show`, `publish_at`, `offline_at`, `created_by`, `updated_by`, `created_at`, `updated_at`) VALUES
(1, NULL, 'about-us', 1, 1, '2022-07-13 16:00:05', NULL, 1, 14, '2022-07-13 16:00:05', '2022-07-29 10:06:04');

-- --------------------------------------------------------

--
-- Table structure for table `about_us_page_description`
--

CREATE TABLE `about_us_page_description` (
  `description_id` int(11) NOT NULL,
  `language_id` int(11) NOT NULL,
  `title` varchar(191) COLLATE utf8mb4_unicode_ci DEFAULT NULL,
  `top_description` text COLLATE utf8mb4_unicode_ci,
  `sub_title` varchar(255) COLLATE utf8mb4_unicode_ci DEFAULT NULL,
  `top_heading` varchar(255) COLLATE utf8mb4_unicode_ci DEFAULT NULL,
  `bottom_heading` varchar(255) COLLATE utf8mb4_unicode_ci DEFAULT NULL,
  `bottom_description` text COLLATE utf8mb4_unicode_ci
) ENGINE=InnoDB DEFAULT CHARSET=utf8mb4 COLLATE=utf8mb4_unicode_ci;

--
-- Dumping data for table `about_us_page_description`
--

INSERT INTO `about_us_page_description` (`description_id`, `language_id`, `title`, `top_description`, `sub_title`, `top_heading`, `bottom_heading`, `bottom_description`) VALUES
(1, 1, 'About Us', '<p>\"Irresistible Creative Solutions for Brand Communications\" is the project experience that we unremitting in delivering every job we do. We make our clients\' brand stand out from the crowd and their clients; will always enjoy in the marketing communications activities they hold.</p>\r\n<p>Our enthusiasm and loving in job has made us uncompromised in delivery the highest quality of project management services and products in every job coming from all our valuable clients.</p>', 'Creative Ideas Global', 'Value', 'The CIG Team', '<p>Creative Ideas Global (CIG) Group was founded in Hong Kong, 2013 by a team of young ambitious professional in brand management and marketing communications activities.</p>\r\n<p>CIG always focus on their staff, clients, suppliers and products. CIG truly understand the important of consistency in branding elements, delivering high quality products and services, thus CIG team is always creative, focus, consistent and always keep moving. Exploring new material, method and improve our skills to realize our creativity.</p>\r\n<p>CIG understand the market trend and move along with it. Over the years, CIG have successfully delivered its products and services around the countries in APMEA region. Such as Australia, China, Dubai, Hong Kong, Japan, Korea, Malaysia, New Zealand, Oman, Philippines, Qatar, Singapore, Taiwan, Thailand, Vietnam. CIG team is also consistently growing and expanding its market to the Europe and US. Our local and overseaspresence will allow us to provide unparalleled levels of service capabilities to all our clients.</p>'),
(1, 2, '关于我们', '<p>&ldquo;为品牌传播提供与众不同的创意解决方案&rdquo;是贯穿我们项目始终的服务理念。我们的使命是让客户的品牌脱颖而出，引起受众的共鸣。&nbsp;</p>\r\n<p>我们发自内心的热爱，化为我们对项目管理服务的严格要求，对产品质量的毫不妥协，为每个信赖我们的客户提供高质量的服务。</p>', '创思环球', '价值', '我们的团队', '<p>创思环球（CIG）集团于2013年在香港成立，我们是一个年轻的、雄心勃勃的、对品牌管理和营销传播活动有专业见解的团队。</p>\r\n<p>CIG始终关注员工的发展，客户的需求，供应商的把控和产品的质量。&nbsp;CIG充分了解保持品牌要素一致、提供高质量产品和服务的重要性，因此CIG团队始终富有创造力，保持专注，始终如一，负重前行。通过不断探索新的材料、方法和提高我们的技能，以实现我们独一无二的创造性。CIG了解并紧跟市场的动态。</p>\r\n<p>多年来，CIG成功地为在亚太、中东和非洲的国家/地区交付了其产品和服务。如澳大利亚，中国大陆，香港特别行政区，澳门特别行政区，台湾地区，迪拜，日本，韩国，马来西亚，新西兰，阿曼，菲律宾，卡塔尔，新加坡，泰国，越南等。&nbsp;CIG团队也在不断发展并将市场扩展到欧洲和美国。我们遍布全球的团队将保证我们有为所有客户提供卓越服务的能力。</p>');

-- --------------------------------------------------------

--
-- Table structure for table `client_page`
--

CREATE TABLE `client_page` (
  `id` int(11) NOT NULL,
  `url` text COLLATE utf8mb4_unicode_ci,
  `url_slug` text COLLATE utf8mb4_unicode_ci,
  `arrange` int(11) DEFAULT NULL,
  `is_show` tinyint(1) NOT NULL DEFAULT '1',
  `publish_at` timestamp NULL DEFAULT NULL,
  `offline_at` timestamp NULL DEFAULT NULL,
  `created_by` int(11) DEFAULT NULL,
  `updated_by` int(11) DEFAULT NULL,
  `created_at` timestamp NULL DEFAULT NULL,
  `updated_at` timestamp NULL DEFAULT NULL
) ENGINE=InnoDB DEFAULT CHARSET=utf8mb4 COLLATE=utf8mb4_unicode_ci;

--
-- Dumping data for table `client_page`
--

INSERT INTO `client_page` (`id`, `url`, `url_slug`, `arrange`, `is_show`, `publish_at`, `offline_at`, `created_by`, `updated_by`, `created_at`, `updated_at`) VALUES
(1, NULL, 'clients', 1, 1, '2022-07-13 16:01:08', NULL, 1, 7, '2022-07-13 16:01:08', '2022-08-30 09:57:14');

-- --------------------------------------------------------

--
-- Table structure for table `client_page_description`
--

CREATE TABLE `client_page_description` (
  `description_id` int(11) NOT NULL,
  `language_id` int(11) NOT NULL,
  `title` varchar(191) COLLATE utf8mb4_unicode_ci DEFAULT NULL,
  `description` text COLLATE utf8mb4_unicode_ci,
  `sub_title` varchar(255) COLLATE utf8mb4_unicode_ci DEFAULT NULL
) ENGINE=InnoDB DEFAULT CHARSET=utf8mb4 COLLATE=utf8mb4_unicode_ci;

--
-- Dumping data for table `client_page_description`
--

INSERT INTO `client_page_description` (`description_id`, `language_id`, `title`, `description`, `sub_title`) VALUES
(1, 1, 'Clients', NULL, 'trusted us'),
(1, 2, '客户', NULL, '信任我们');

-- --------------------------------------------------------

--
-- Table structure for table `cms_demo`
--

CREATE TABLE `cms_demo` (
  `id` int(11) NOT NULL,
  `url` text COLLATE utf8mb4_unicode_ci,
  `date` date DEFAULT NULL,
  `color` varchar(255) COLLATE utf8mb4_unicode_ci DEFAULT NULL,
  `latitude` varchar(255) COLLATE utf8mb4_unicode_ci DEFAULT NULL,
  `longitude` varchar(255) COLLATE utf8mb4_unicode_ci DEFAULT NULL,
  `my_radio` varchar(255) COLLATE utf8mb4_unicode_ci DEFAULT NULL,
  `my_select` varchar(255) COLLATE utf8mb4_unicode_ci DEFAULT NULL,
  `logos` mediumtext COLLATE utf8mb4_unicode_ci,
  `url_slug` text COLLATE utf8mb4_unicode_ci,
  `arrange` int(11) DEFAULT NULL,
  `is_show` tinyint(1) NOT NULL DEFAULT '1',
  `publish_at` timestamp NULL DEFAULT NULL,
  `offline_at` timestamp NULL DEFAULT NULL,
  `created_by` int(11) DEFAULT NULL,
  `updated_by` int(11) DEFAULT NULL,
  `created_at` timestamp NULL DEFAULT NULL,
  `updated_at` timestamp NULL DEFAULT NULL
) ENGINE=InnoDB DEFAULT CHARSET=utf8mb4 COLLATE=utf8mb4_unicode_ci;

--
-- Dumping data for table `cms_demo`
--

INSERT INTO `cms_demo` (`id`, `url`, `date`, `color`, `latitude`, `longitude`, `my_radio`, `my_select`, `logos`, `url_slug`, `arrange`, `is_show`, `publish_at`, `offline_at`, `created_by`, `updated_by`, `created_at`, `updated_at`) VALUES
(1, NULL, NULL, '{\"r\":146,\"g\":65,\"b\":65,\"a\":1}', NULL, NULL, '0', NULL, NULL, '1', 1, 1, '2021-07-27 06:54:08', NULL, 1, 1, '2021-07-27 06:54:08', '2021-07-27 06:54:08');

-- --------------------------------------------------------

--
-- Table structure for table `cms_demo_description`
--

CREATE TABLE `cms_demo_description` (
  `description_id` int(11) NOT NULL,
  `language_id` int(11) NOT NULL,
  `title` varchar(191) COLLATE utf8mb4_unicode_ci DEFAULT NULL,
  `description` text COLLATE utf8mb4_unicode_ci,
  `editor` text COLLATE utf8mb4_unicode_ci,
  `address` text COLLATE utf8mb4_unicode_ci
) ENGINE=InnoDB DEFAULT CHARSET=utf8mb4 COLLATE=utf8mb4_unicode_ci;

--
-- Dumping data for table `cms_demo_description`
--

INSERT INTO `cms_demo_description` (`description_id`, `language_id`, `title`, `description`, `editor`, `address`) VALUES
(1, 1, '1', NULL, NULL, NULL),
(1, 2, '2', NULL, NULL, NULL),
(1, 3, '3', NULL, NULL, NULL);

-- --------------------------------------------------------

--
-- Table structure for table `cms_demo_tag`
--

CREATE TABLE `cms_demo_tag` (
  `id` int(11) NOT NULL,
  `url` text COLLATE utf8mb4_unicode_ci,
  `url_slug` text COLLATE utf8mb4_unicode_ci,
  `arrange` int(11) DEFAULT NULL,
  `is_show` tinyint(1) NOT NULL DEFAULT '1',
  `publish_at` timestamp NULL DEFAULT NULL,
  `offline_at` timestamp NULL DEFAULT NULL,
  `created_by` int(11) DEFAULT NULL,
  `updated_by` int(11) DEFAULT NULL,
  `created_at` timestamp NULL DEFAULT NULL,
  `updated_at` timestamp NULL DEFAULT NULL
) ENGINE=InnoDB DEFAULT CHARSET=utf8mb4 COLLATE=utf8mb4_unicode_ci;

--
-- Dumping data for table `cms_demo_tag`
--

INSERT INTO `cms_demo_tag` (`id`, `url`, `url_slug`, `arrange`, `is_show`, `publish_at`, `offline_at`, `created_by`, `updated_by`, `created_at`, `updated_at`) VALUES
(1, NULL, 'tag1', 1, 1, '2021-07-27 05:57:00', NULL, 1, 1, '2021-07-27 05:57:25', '2021-07-27 05:57:38'),
(2, NULL, 'tag2', 2, 1, '2021-07-27 05:57:00', NULL, 1, 1, '2021-07-27 05:57:32', '2021-07-27 05:57:38');

-- --------------------------------------------------------

--
-- Table structure for table `cms_demo_tag_description`
--

CREATE TABLE `cms_demo_tag_description` (
  `description_id` int(11) NOT NULL,
  `language_id` int(11) NOT NULL,
  `title` varchar(191) COLLATE utf8mb4_unicode_ci DEFAULT NULL,
  `description` text COLLATE utf8mb4_unicode_ci
) ENGINE=InnoDB DEFAULT CHARSET=utf8mb4 COLLATE=utf8mb4_unicode_ci;

--
-- Dumping data for table `cms_demo_tag_description`
--

INSERT INTO `cms_demo_tag_description` (`description_id`, `language_id`, `title`, `description`) VALUES
(1, 1, 'Tag1', NULL),
(1, 2, NULL, NULL),
(1, 3, NULL, NULL),
(2, 1, 'Tag2', NULL),
(2, 2, NULL, NULL),
(2, 3, NULL, NULL);

-- --------------------------------------------------------

--
-- Table structure for table `cms_demo_tag_relation`
--

CREATE TABLE `cms_demo_tag_relation` (
  `cms_demo_id` int(11) NOT NULL,
  `cms_demo_tag_id` int(11) NOT NULL
) ENGINE=InnoDB DEFAULT CHARSET=utf8;

-- --------------------------------------------------------

--
-- Table structure for table `contact_page`
--

CREATE TABLE `contact_page` (
  `id` int(11) NOT NULL,
  `whatsapp` varchar(255) COLLATE utf8mb4_unicode_ci DEFAULT NULL,
  `email` varchar(255) COLLATE utf8mb4_unicode_ci DEFAULT NULL,
  `url_slug` text COLLATE utf8mb4_unicode_ci,
  `arrange` int(11) DEFAULT NULL,
  `is_show` tinyint(1) NOT NULL DEFAULT '1',
  `publish_at` timestamp NULL DEFAULT NULL,
  `offline_at` timestamp NULL DEFAULT NULL,
  `created_by` int(11) DEFAULT NULL,
  `updated_by` int(11) DEFAULT NULL,
  `created_at` timestamp NULL DEFAULT NULL,
  `updated_at` timestamp NULL DEFAULT NULL
) ENGINE=InnoDB DEFAULT CHARSET=utf8mb4 COLLATE=utf8mb4_unicode_ci;

--
-- Dumping data for table `contact_page`
--

INSERT INTO `contact_page` (`id`, `whatsapp`, `email`, `url_slug`, `arrange`, `is_show`, `publish_at`, `offline_at`, `created_by`, `updated_by`, `created_at`, `updated_at`) VALUES
(1, '85254855383', 'onoleung@creativeideasglobal.com', 'contact', 1, 1, '2022-07-13 16:01:18', NULL, 1, 17, '2022-07-13 16:01:18', '2023-05-30 11:04:26');

-- --------------------------------------------------------

--
-- Table structure for table `contact_page_description`
--

CREATE TABLE `contact_page_description` (
  `description_id` int(11) NOT NULL,
  `language_id` int(11) NOT NULL,
  `title` varchar(191) COLLATE utf8mb4_unicode_ci DEFAULT NULL,
  `description` text COLLATE utf8mb4_unicode_ci
) ENGINE=InnoDB DEFAULT CHARSET=utf8mb4 COLLATE=utf8mb4_unicode_ci;

--
-- Dumping data for table `contact_page_description`
--

INSERT INTO `contact_page_description` (`description_id`, `language_id`, `title`, `description`) VALUES
(1, 1, 'Contact', 'For international project, please contact \r\nMr. Ono Leung'),
(1, 2, '联系我们', '国际项目请联系\r\nMr. Ono Leung');

-- --------------------------------------------------------

--
-- Table structure for table `home_banner`
--

CREATE TABLE `home_banner` (
  `id` int(11) NOT NULL,
  `url` text COLLATE utf8mb4_unicode_ci,
  `url_slug` text COLLATE utf8mb4_unicode_ci,
  `arrange` int(11) DEFAULT NULL,
  `is_show` tinyint(1) NOT NULL DEFAULT '1',
  `publish_at` timestamp NULL DEFAULT NULL,
  `offline_at` timestamp NULL DEFAULT NULL,
  `created_by` int(11) DEFAULT NULL,
  `updated_by` int(11) DEFAULT NULL,
  `created_at` timestamp NULL DEFAULT NULL,
  `updated_at` timestamp NULL DEFAULT NULL
) ENGINE=InnoDB DEFAULT CHARSET=utf8mb4 COLLATE=utf8mb4_unicode_ci;

-- --------------------------------------------------------

--
-- Table structure for table `home_banner_description`
--

CREATE TABLE `home_banner_description` (
  `description_id` int(11) NOT NULL,
  `language_id` int(11) NOT NULL,
  `title` varchar(191) COLLATE utf8mb4_unicode_ci DEFAULT NULL,
  `description` text COLLATE utf8mb4_unicode_ci
) ENGINE=InnoDB DEFAULT CHARSET=utf8mb4 COLLATE=utf8mb4_unicode_ci;

-- --------------------------------------------------------

--
-- Table structure for table `home_page`
--

CREATE TABLE `home_page` (
  `id` int(11) NOT NULL,
  `founded` int(11) DEFAULT NULL,
  `projects_delivered` int(11) DEFAULT NULL,
  `cities_served` int(11) DEFAULT NULL,
  `about_us_sliders` mediumtext COLLATE utf8mb4_unicode_ci,
  `url_slug` text COLLATE utf8mb4_unicode_ci,
  `arrange` int(11) DEFAULT NULL,
  `is_show` tinyint(1) NOT NULL DEFAULT '1',
  `publish_at` timestamp NULL DEFAULT NULL,
  `offline_at` timestamp NULL DEFAULT NULL,
  `created_by` int(11) DEFAULT NULL,
  `updated_by` int(11) DEFAULT NULL,
  `created_at` timestamp NULL DEFAULT NULL,
  `updated_at` timestamp NULL DEFAULT NULL
) ENGINE=InnoDB DEFAULT CHARSET=utf8mb4 COLLATE=utf8mb4_unicode_ci;

--
-- Dumping data for table `home_page`
--

INSERT INTO `home_page` (`id`, `founded`, `projects_delivered`, `cities_served`, `about_us_sliders`, `url_slug`, `arrange`, `is_show`, `publish_at`, `offline_at`, `created_by`, `updated_by`, `created_at`, `updated_at`) VALUES
(1, 2013, 1000, 60, '[{\"medias\":{\"1\":{\"image\":[\"11\"]}},\"languages\":{\"1\":{\"title\":\"Passion\",\"description\":\"We are young, creative, focus, consistent and keep moving. We understand the market, trend and we move along with it.\"},\"2\":{\"title\":\"\\u70ed\\u60c5\",\"description\":\"\\u6211\\u4eec\\u5e74\\u8f7b\\uff0c\\u6709\\u521b\\u9020\\u2f12\\uff0c\\u4e13\\u6ce8\\uff0c\\u59cb\\u7ec8\\u5982\\u2f00\\uff0c\\u4e0d\\u65ad\\u524d\\u2f8f\\u3002\\u6211\\u4eec\\u4e86\\u89e3\\u5e02\\u573a\\u3001\\u8d8b\\u52bf\\uff0c\\u5e76\\u4e0e\\u4e4b\\u4fdd\\u6301\\u2f00\\u81f4\\u3002\"}}},{\"medias\":{\"1\":{\"image\":[\"145\"]}},\"languages\":{\"1\":{\"title\":\"Creative\",\"description\":\"We always explore new materials, methods and improve our skills to realize our creativity. We focus on our clients, staffs, products and suppliers.\"},\"2\":{\"title\":\"\\u521b\\u9020\\u529b\",\"description\":\"\\u6211\\u4eec\\u4e0d\\u65ad\\u63a2\\u7d22\\u65b0\\u7684\\u6750\\u6599\\u3001\\u2f45\\u6cd5\\u548c\\u63d0\\u2fbc\\u6211\\u4eec\\u7684\\u6280\\u80fd\\uff0c\\u4ee5\\u5b9e\\u73b0\\u6211\\u4eec\\u7684\\u521b\\u9020\\u2f12\\u3002\\u6211\\u4eec\\u4e13\\u6ce8\\u4e8e\\u5ba2\\u6237\\uff0c\\u5458\\u2f2f\\uff0c\\u4ea7\\u54c1\\u4ee5\\u53ca\\u4f9b\\u5e94\\u5546\\u3002\"}}},{\"medias\":{\"1\":{\"image\":[\"146\"]}},\"languages\":{\"1\":{\"title\":\"Execute\",\"description\":\"We know the important of consistency in branding elements, delivering high quality products and services.\"},\"2\":{\"title\":\"\\u6267\\u884c\",\"description\":\"\\u6211\\u4eec\\u4e86\\u89e3\\u54c1\\u724c\\u8981\\u7d20\\u2f00\\u81f4\\u7684\\u91cd\\u8981\\u6027\\uff0c\\u575a\\u6301\\u59cb\\u7ec8\\u4e3a\\u5ba2\\u6237\\u63d0\\u4f9b\\u4f18\\u8d28\\u7684\\u4ea7\\u54c1\\u548c\\u670d\\u52a1\\u3002\"}}},{\"medias\":{\"1\":{\"image\":[\"147\"]}},\"languages\":{\"1\":{\"title\":\"Fabrications\",\"description\":\"Detail in finishing, precise in measurements and selection of quality materials makes up a perfect product.\"},\"2\":{\"title\":\"\\u5236\\u9020\",\"description\":\"\\u7cbe\\u52a0\\u5de5\\u7684\\u7ec6\\u8282\\uff0c\\u7cbe\\u786e\\u7684\\u6d4b\\u91cf\\u548c\\u4f18\\u8d28\\u6750\\u6599\\u7684\\u9009\\u62e9\\u6784\\u6210\\u4e86\\u5b8c\\u7f8e\\u7684\\u4ea7\\u54c1\\u3002\"}}},{\"medias\":{\"1\":{\"image\":[\"880\"]}},\"languages\":{\"1\":{\"title\":\"The CIG Team\",\"description\":\"CIG is a young, ambitious team with expertise in brand management and marketing communications.\"},\"2\":{\"title\":\"\\u521b\\u601d\\u73af\\u7403\\u56e2\\u961f\",\"description\":\"\\u6211\\u4eec\\u662f\\u4e00\\u4e2a\\u5e74\\u8f7b\\u7684\\u3001\\u96c4\\u5fc3\\u52c3\\u52c3\\u7684\\u3001\\u5bf9\\u54c1\\u724c\\u7ba1\\u7406\\u548c\\u8425\\u9500\\u4f20\\u64ad\\u6d3b\\u52a8\\u6709\\u4e13\\u4e1a\\u89c1\\u89e3\\u7684\\u56e2\\u961f\\u3002\"}}}]', 'home', 1, 1, '2022-07-13 15:57:51', NULL, 1, 17, '2022-07-13 15:57:51', '2024-07-17 03:41:51');

-- --------------------------------------------------------

--
-- Table structure for table `home_page_description`
--

CREATE TABLE `home_page_description` (
  `description_id` int(11) NOT NULL,
  `language_id` int(11) NOT NULL,
  `title` varchar(191) COLLATE utf8mb4_unicode_ci DEFAULT NULL,
  `description` text COLLATE utf8mb4_unicode_ci
) ENGINE=InnoDB DEFAULT CHARSET=utf8mb4 COLLATE=utf8mb4_unicode_ci;

--
-- Dumping data for table `home_page_description`
--

INSERT INTO `home_page_description` (`description_id`, `language_id`, `title`, `description`) VALUES
(1, 1, 'Home', NULL),
(1, 2, '首页', NULL);

-- --------------------------------------------------------

--
-- Table structure for table `industry`
--

CREATE TABLE `industry` (
  `id` int(11) NOT NULL,
  `url` text COLLATE utf8mb4_unicode_ci,
  `url_slug` text COLLATE utf8mb4_unicode_ci,
  `arrange` int(11) DEFAULT NULL,
  `is_show` tinyint(1) NOT NULL DEFAULT '1',
  `publish_at` timestamp NULL DEFAULT NULL,
  `offline_at` timestamp NULL DEFAULT NULL,
  `created_by` int(11) DEFAULT NULL,
  `updated_by` int(11) DEFAULT NULL,
  `created_at` timestamp NULL DEFAULT NULL,
  `updated_at` timestamp NULL DEFAULT NULL
) ENGINE=InnoDB DEFAULT CHARSET=utf8mb4 COLLATE=utf8mb4_unicode_ci;

--
-- Dumping data for table `industry`
--

INSERT INTO `industry` (`id`, `url`, `url_slug`, `arrange`, `is_show`, `publish_at`, `offline_at`, `created_by`, `updated_by`, `created_at`, `updated_at`) VALUES
(1, NULL, 'food-beverage', 4, 1, '2022-07-15 12:06:00', NULL, 1, 14, '2022-07-15 12:06:29', '2022-07-19 17:09:46'),
(2, NULL, 'gambling', 3, 1, '2022-07-15 12:06:00', NULL, 1, 14, '2022-07-15 12:06:37', '2022-07-25 16:34:06'),
(4, NULL, 'wine-spirits', 1, 1, '2022-07-15 12:06:00', NULL, 1, 14, '2022-07-15 12:06:53', '2022-07-19 17:23:38'),
(5, NULL, 'jewelry', 5, 1, '2022-07-19 10:06:00', NULL, 7, 14, '2022-07-19 10:06:36', '2022-07-19 17:07:09'),
(6, NULL, 'packing', 6, 1, '2022-07-19 10:07:00', NULL, 7, 14, '2022-07-19 10:07:50', '2022-07-19 17:14:06'),
(7, NULL, 'food-baby-products', 7, 1, '2022-07-19 17:35:00', NULL, 14, 14, '2022-07-19 17:35:44', '2022-07-21 09:18:30'),
(8, NULL, 'cosmetics', 8, 1, '2022-07-19 17:50:00', NULL, 14, 14, '2022-07-19 17:51:07', '2022-07-19 17:51:07'),
(9, NULL, 'fashion-costume', 9, 1, '2022-07-19 17:56:00', NULL, 14, 14, '2022-07-19 17:56:27', '2022-07-19 17:56:27'),
(10, NULL, 'construction-machinery', 10, 1, '2022-07-20 09:37:00', NULL, 14, 14, '2022-07-20 09:37:38', '2022-07-20 09:37:38'),
(13, NULL, 'marine-technology', 12, 1, '2022-07-20 10:02:00', NULL, 14, 14, '2022-07-20 10:02:42', '2022-07-21 09:18:20'),
(14, NULL, 'medical', 13, 1, '2022-07-20 10:12:00', NULL, 14, 14, '2022-07-20 10:13:09', '2022-07-20 10:13:09'),
(15, NULL, 'dentistry', 14, 1, '2022-07-20 10:27:00', NULL, 14, 14, '2022-07-20 10:27:56', '2022-07-20 10:27:56'),
(17, NULL, 'travel-attractions-theme-park', 16, 1, '2022-07-20 10:37:00', NULL, 14, 14, '2022-07-20 10:37:39', '2022-07-20 10:37:39'),
(18, NULL, 'lighting', 17, 1, '2022-07-20 10:43:00', NULL, 14, 14, '2022-07-20 10:44:08', '2022-07-20 10:44:08'),
(19, NULL, 'electronics-products', 18, 1, '2022-07-20 11:20:00', NULL, 14, 14, '2022-07-20 11:21:01', '2022-07-21 09:18:01'),
(20, NULL, 'nuclear-power-electricity', 19, 1, '2022-07-20 11:25:00', NULL, 14, 14, '2022-07-20 11:25:41', '2022-07-21 09:19:07'),
(21, NULL, 'cycling-technology', 20, 1, '2022-07-20 11:43:00', NULL, 14, 14, '2022-07-20 11:43:22', '2022-07-21 09:17:34'),
(22, NULL, 'cinema-equipment', 21, 1, '2022-07-20 12:02:00', NULL, 14, 14, '2022-07-20 12:02:33', '2022-07-21 09:17:23'),
(23, NULL, 'textile-technology', 22, 1, '2022-07-20 12:15:00', NULL, 14, 14, '2022-07-20 12:15:14', '2022-07-20 12:15:14'),
(24, NULL, 'logistics-transportation', 23, 1, '2022-07-20 12:29:00', NULL, 14, 14, '2022-07-20 12:30:00', '2022-07-21 09:19:21'),
(26, NULL, 'automotive-technology', 24, 1, '2022-07-20 13:51:00', NULL, 14, 14, '2022-07-20 13:51:21', '2022-07-20 13:51:21'),
(27, NULL, 'retails', 25, 1, '2022-07-20 14:11:00', NULL, 14, 14, '2022-07-20 14:11:18', '2022-07-20 14:11:18'),
(28, NULL, 'can-making-technology-equipment', 26, 1, '2022-07-20 14:13:00', NULL, 14, 14, '2022-07-20 14:13:32', '2022-07-21 09:18:57'),
(29, NULL, 'conference', 27, 1, '2022-07-20 14:22:00', NULL, 14, 14, '2022-07-20 14:22:55', '2022-07-20 14:22:55'),
(30, NULL, 'ophthalmology', 28, 1, '2022-07-20 15:03:00', NULL, 14, 14, '2022-07-20 15:03:37', '2022-07-20 15:03:37'),
(31, NULL, 'dentistry-2', 29, 1, '2022-07-20 15:10:00', NULL, 14, 14, '2022-07-20 15:10:31', '2022-07-20 15:10:31'),
(32, NULL, 'energy-power', 30, 1, '2022-07-20 15:31:00', NULL, 14, 14, '2022-07-20 15:31:19', '2022-07-21 09:18:49'),
(33, NULL, 'book-culture', 31, 1, '2022-07-20 15:49:00', NULL, 14, 14, '2022-07-20 15:49:09', '2022-07-21 09:16:21'),
(34, NULL, 'awards-ceremony', 32, 1, '2022-07-20 16:43:00', NULL, 14, 7, '2022-07-20 16:44:10', '2022-07-20 18:01:25'),
(35, NULL, 'road-show', 33, 1, '2022-07-20 16:57:00', NULL, 14, 7, '2022-07-20 16:57:56', '2022-07-20 18:05:11'),
(36, NULL, 'pop-up-store', 34, 1, '2022-07-25 14:21:00', NULL, 14, 14, '2022-07-25 14:21:26', '2022-07-25 14:21:26'),
(37, NULL, 'property-management', 35, 1, '2022-08-30 10:18:00', NULL, 17, 17, '2022-08-30 10:19:29', '2022-08-30 10:19:35'),
(38, NULL, 'animal-feed-and-health', 36, 1, '2022-09-07 08:56:00', NULL, 17, 17, '2022-09-07 08:58:05', '2022-09-07 08:58:05'),
(39, NULL, 'medical-health-services', 37, 1, '2022-09-09 07:24:00', NULL, 17, 17, '2022-09-09 07:25:38', '2022-09-09 07:25:56'),
(40, NULL, 'sport', 38, 1, '2022-09-13 07:35:00', NULL, 17, 17, '2022-09-13 07:36:11', '2022-09-13 07:36:21'),
(41, NULL, 'electric-vehicle', 39, 1, '2022-09-13 16:16:00', NULL, 17, 17, '2022-09-13 16:18:22', '2022-09-13 16:18:22'),
(42, NULL, 'textile-application', 40, 1, '2022-10-12 22:55:00', NULL, 17, 17, '2022-10-12 22:56:03', '2022-10-12 22:56:03'),
(43, NULL, 'finance', 41, 1, '2022-10-30 14:00:00', NULL, 17, 17, '2022-10-30 15:01:08', '2022-10-30 15:01:08'),
(44, NULL, 'fruit-logistic', 42, 1, '2022-11-06 06:05:00', NULL, 17, 17, '2022-11-06 06:05:59', '2022-11-06 06:07:06'),
(45, NULL, 'furniture-design', 43, 1, '2024-09-29 13:33:00', NULL, 17, 17, '2024-09-29 13:32:39', '2024-09-29 13:32:39'),
(46, NULL, 'toys-and-games', 44, 1, '2024-10-07 05:08:00', NULL, 17, 17, '2024-10-07 05:07:35', '2024-10-07 05:08:22');

-- --------------------------------------------------------

--
-- Table structure for table `industry_description`
--

CREATE TABLE `industry_description` (
  `description_id` int(11) NOT NULL,
  `language_id` int(11) NOT NULL,
  `title` varchar(191) COLLATE utf8mb4_unicode_ci DEFAULT NULL,
  `description` text COLLATE utf8mb4_unicode_ci
) ENGINE=InnoDB DEFAULT CHARSET=utf8mb4 COLLATE=utf8mb4_unicode_ci;

--
-- Dumping data for table `industry_description`
--

INSERT INTO `industry_description` (`description_id`, `language_id`, `title`, `description`) VALUES
(1, 1, 'Food & Beverage', NULL),
(1, 2, '食品与饮料', NULL),
(2, 1, 'Gambling', NULL),
(2, 2, '博彩娱乐', NULL),
(4, 1, 'Wine & Spirits', NULL),
(4, 2, '葡萄酒和烈酒', NULL),
(5, 1, 'Jewelry', NULL),
(5, 2, '珠宝', NULL),
(6, 1, 'Packing', NULL),
(6, 2, '包装', NULL),
(7, 1, 'Food & Baby Products', NULL),
(7, 2, '食品和婴儿用品', NULL),
(8, 1, 'Cosmetics', NULL),
(8, 2, '美容美妆', NULL),
(9, 1, 'Fashion & Costume', NULL),
(9, 2, '时尚与服装', NULL),
(10, 1, 'Construction Machinery', NULL),
(10, 2, '工程机械', NULL),
(13, 1, 'Marine Technology', NULL),
(13, 2, '国际海事', NULL),
(14, 1, 'Medical', NULL),
(14, 2, '医疗', NULL),
(15, 1, 'Dentistry', NULL),
(15, 2, '牙科学', NULL),
(17, 1, 'Travel/Attractions/Theme Park', NULL),
(17, 2, '旅游/景点/主题公园', NULL),
(18, 1, 'Lighting', NULL),
(18, 2, '灯饰', NULL),
(19, 1, 'Electronics Products', NULL),
(19, 2, '电子产品', NULL),
(20, 1, 'Nuclear Power & Electricity', NULL),
(20, 2, '核能和电力', NULL),
(21, 1, 'Cycling Technology', NULL),
(21, 2, '自行车技术', NULL),
(22, 1, 'Cinema Equipment', NULL),
(22, 2, '影院设备', NULL),
(23, 1, 'Textile Technology', NULL),
(23, 2, '纺织技术', NULL),
(24, 1, 'Logistics & Transportation', NULL),
(24, 2, '物流与运输', NULL),
(26, 1, 'Automotive Technology', NULL),
(26, 2, '汽车执照', NULL),
(27, 1, 'Retails', NULL),
(27, 2, '零售', NULL),
(28, 1, 'Can Making Technology & Equipment', NULL),
(28, 2, '产品制造', NULL),
(29, 1, 'Conference', NULL),
(29, 2, '研讨会', NULL),
(30, 1, 'Ophthalmology', NULL),
(30, 2, '眼科学', NULL),
(31, 1, 'Dentistry', NULL),
(31, 2, '牙科学', NULL),
(32, 1, 'Energy & Power', NULL),
(32, 2, '能源和电力', NULL),
(33, 1, 'Book Culture', NULL),
(33, 2, '书文化', NULL),
(34, 1, 'Awards Ceremony', NULL),
(34, 2, '颁奖典礼', NULL),
(35, 1, 'Road Show', NULL),
(35, 2, '主题路演', NULL),
(36, 1, 'Pop-up store', NULL),
(36, 2, '快闪店', NULL),
(37, 1, 'Property Management', NULL),
(37, 2, '物業管理', NULL),
(38, 1, 'Animal feed and Health', NULL),
(38, 2, '动物饲料加工', NULL),
(39, 1, 'Medical & Health Services', NULL),
(39, 2, '医疗及健康服务', NULL),
(40, 1, 'Sport', NULL),
(40, 2, '体育運動', NULL),
(41, 1, 'Electric Vehicle', NULL),
(41, 2, '电动车', NULL),
(42, 1, 'Textile Application', NULL),
(42, 2, '纺织应用', NULL),
(43, 1, 'Finance', NULL),
(43, 2, '金融', NULL),
(44, 1, 'Fruit & Logistic', NULL),
(44, 2, '水果与运输', NULL),
(45, 1, 'Furniture design', NULL),
(45, 2, '傢俱設計', NULL),
(46, 1, 'Toys and Games', NULL),
(46, 2, '玩俱', NULL);

-- --------------------------------------------------------

--
-- Table structure for table `language`
--

CREATE TABLE `language` (
  `id` int(11) NOT NULL,
  `name` varchar(50) NOT NULL,
  `display_name` varchar(50) NOT NULL,
  `code` varchar(10) NOT NULL,
  `arrange` int(11) NOT NULL,
  `active` tinyint(4) NOT NULL DEFAULT '1'
) ENGINE=MyISAM DEFAULT CHARSET=utf8;

--
-- Dumping data for table `language`
--

INSERT INTO `language` (`id`, `name`, `display_name`, `code`, `arrange`, `active`) VALUES
(1, 'English', 'EN', 'en', 3, 1),
(2, '简体中文', '中文', 'zh-hans', 2, 1),
(3, '繁體中文', '繁', 'zh-hant', 1, 0);

-- --------------------------------------------------------

--
-- Table structure for table `location`
--

CREATE TABLE `location` (
  `id` int(11) NOT NULL,
  `url` text COLLATE utf8mb4_unicode_ci,
  `url_slug` text COLLATE utf8mb4_unicode_ci,
  `arrange` int(11) DEFAULT NULL,
  `is_show` tinyint(1) NOT NULL DEFAULT '1',
  `publish_at` timestamp NULL DEFAULT NULL,
  `offline_at` timestamp NULL DEFAULT NULL,
  `created_by` int(11) DEFAULT NULL,
  `updated_by` int(11) DEFAULT NULL,
  `created_at` timestamp NULL DEFAULT NULL,
  `updated_at` timestamp NULL DEFAULT NULL
) ENGINE=InnoDB DEFAULT CHARSET=utf8mb4 COLLATE=utf8mb4_unicode_ci;

--
-- Dumping data for table `location`
--

INSERT INTO `location` (`id`, `url`, `url_slug`, `arrange`, `is_show`, `publish_at`, `offline_at`, `created_by`, `updated_by`, `created_at`, `updated_at`) VALUES
(2, NULL, 'italy', 2, 1, '2022-07-19 09:50:00', NULL, 7, 7, '2022-07-19 09:50:53', '2022-08-03 23:53:06'),
(3, NULL, 'united-states', 3, 1, '2022-07-19 17:04:00', NULL, 14, 7, '2022-07-19 17:06:16', '2022-08-03 23:53:06'),
(4, NULL, 'thailand', 4, 1, '2022-07-19 17:12:00', NULL, 14, 7, '2022-07-19 17:13:35', '2022-08-03 23:53:06'),
(5, NULL, 'germany', 5, 1, '2022-07-19 17:23:00', NULL, 14, 7, '2022-07-19 17:23:18', '2022-08-03 23:53:06'),
(6, NULL, 'dubai', 6, 1, '2022-07-19 17:28:00', NULL, 14, 7, '2022-07-19 17:28:25', '2022-08-03 23:53:06'),
(7, NULL, 'hong-kong', 7, 1, '2022-07-19 17:32:00', NULL, 14, 7, '2022-07-19 17:32:58', '2022-08-03 23:53:06'),
(10, NULL, 'philippines', 10, 1, '2022-07-20 09:58:00', NULL, 14, 7, '2022-07-20 09:58:55', '2022-08-03 23:53:06'),
(12, NULL, 'australia', 12, 1, '2022-07-20 10:34:00', NULL, 14, 7, '2022-07-20 10:34:39', '2022-08-03 23:53:06'),
(14, NULL, 'macau', 14, 1, '2022-07-20 10:46:00', NULL, 14, 7, '2022-07-20 10:46:39', '2022-08-03 23:53:06'),
(15, NULL, 'monaco', 15, 1, '2022-07-20 11:23:00', NULL, 14, 7, '2022-07-20 11:23:32', '2022-08-03 23:53:06'),
(19, NULL, 'singapore', 16, 1, '2022-07-20 13:49:00', NULL, 14, 7, '2022-07-20 13:49:47', '2022-08-03 23:53:06'),
(20, NULL, 'japan', 17, 1, '2022-07-20 14:10:00', NULL, 14, 7, '2022-07-20 14:11:01', '2022-08-03 23:53:06'),
(22, NULL, 'taiwan', 30, 1, '2022-07-20 15:13:00', NULL, 14, 7, '2022-07-20 15:14:03', '2022-08-03 23:53:06'),
(23, NULL, 'china', 33, 1, '2022-07-21 16:19:00', NULL, 14, 7, '2022-07-21 16:19:46', '2022-08-03 23:53:06'),
(25, NULL, 'malaysia', 32, 1, '2022-07-25 14:48:00', NULL, 14, 7, '2022-07-25 14:48:28', '2022-08-03 23:53:06'),
(26, NULL, 'south-korea', 31, 1, '2022-07-25 16:16:00', NULL, 14, 7, '2022-07-25 16:17:04', '2022-08-03 23:53:06'),
(28, NULL, 'paris', 21, 1, '2022-07-27 11:27:00', NULL, 14, 7, '2022-07-27 11:27:36', '2022-08-03 23:53:06'),
(29, NULL, 'mumbai', 22, 1, '2022-07-27 11:38:00', NULL, 14, 7, '2022-07-27 11:38:21', '2022-08-03 23:53:06'),
(33, NULL, 'malta', 26, 1, '2022-07-27 11:54:00', NULL, 14, 7, '2022-07-27 11:55:22', '2022-08-03 23:53:06'),
(34, NULL, 'toronto', 27, 1, '2022-07-27 11:55:00', NULL, 14, 7, '2022-07-27 11:56:17', '2022-08-03 23:53:06'),
(38, NULL, 'amsterdam', 34, 1, '2022-08-04 00:18:00', NULL, 7, 7, '2022-08-04 00:19:02', '2022-08-04 00:21:05'),
(39, NULL, 'shanghai', 35, 1, '2022-08-04 00:20:00', NULL, 7, 7, '2022-08-04 00:20:50', '2022-08-04 00:20:50'),
(42, NULL, 'united-kingdom', NULL, 1, '2022-08-04 08:46:00', NULL, 14, 14, '2022-08-04 08:47:36', '2022-08-04 08:47:36'),
(43, NULL, 'france', NULL, 1, '2022-09-09 07:33:00', NULL, 17, 17, '2022-09-09 07:33:48', '2022-09-09 07:33:48'),
(44, NULL, 'spain', NULL, 1, '2024-10-07 05:10:00', NULL, 17, 17, '2024-10-07 05:10:18', '2024-10-07 05:10:18');

-- --------------------------------------------------------

--
-- Table structure for table `location_description`
--

CREATE TABLE `location_description` (
  `description_id` int(11) NOT NULL,
  `language_id` int(11) NOT NULL,
  `title` varchar(191) COLLATE utf8mb4_unicode_ci DEFAULT NULL,
  `description` text COLLATE utf8mb4_unicode_ci
) ENGINE=InnoDB DEFAULT CHARSET=utf8mb4 COLLATE=utf8mb4_unicode_ci;

--
-- Dumping data for table `location_description`
--

INSERT INTO `location_description` (`description_id`, `language_id`, `title`, `description`) VALUES
(2, 1, 'Italy', NULL),
(2, 2, '意大利', NULL),
(3, 1, 'United States', NULL),
(3, 2, '美国', NULL),
(4, 1, 'Thailand', NULL),
(4, 2, '泰国', NULL),
(5, 1, 'Germany', NULL),
(5, 2, '德国', NULL),
(6, 1, 'Dubai', NULL),
(6, 2, '迪拜', NULL),
(7, 1, 'Hong Kong', NULL),
(7, 2, '中国香港', NULL),
(10, 1, 'Philippines', NULL),
(10, 2, '菲律宾', NULL),
(12, 1, 'Australia', NULL),
(12, 2, '澳大利亚', NULL),
(14, 1, 'Macau', NULL),
(14, 2, '澳门', NULL),
(15, 1, 'Monaco', NULL),
(15, 2, '摩纳哥', NULL),
(19, 1, 'Singapore', NULL),
(19, 2, '新加坡', NULL),
(20, 1, 'Japan', NULL),
(20, 2, '日本', NULL),
(22, 1, 'Taiwan', NULL),
(22, 2, '台湾地区', NULL),
(23, 1, 'China', NULL),
(23, 2, '中国', NULL),
(25, 1, 'Malaysia', NULL),
(25, 2, '马来西亚', NULL),
(26, 1, 'South Korea', NULL),
(26, 2, '首尔', NULL),
(28, 1, 'Paris', NULL),
(28, 2, '巴黎', NULL),
(29, 1, 'Mumbai', NULL),
(29, 2, '孟买', NULL),
(33, 1, 'Malta', NULL),
(33, 2, '马尔他', NULL),
(34, 1, 'Toronto', NULL),
(34, 2, '多伦多', NULL),
(38, 1, 'Amsterdam', NULL),
(38, 2, '阿姆斯特丹', NULL),
(39, 1, 'Shanghai', NULL),
(39, 2, '上海', NULL),
(42, 1, 'United Kingdom', NULL),
(42, 2, '英国', NULL),
(43, 1, 'France', NULL),
(43, 2, '法国', NULL),
(44, 1, 'Spain', NULL),
(44, 2, '西班牙', NULL);

-- --------------------------------------------------------

--
-- Table structure for table `locked`
--

CREATE TABLE `locked` (
  `id` int(11) NOT NULL,
  `path` varchar(191) COLLATE utf8mb4_unicode_ci NOT NULL
) ENGINE=InnoDB DEFAULT CHARSET=utf8mb4 COLLATE=utf8mb4_unicode_ci;

-- --------------------------------------------------------

--
-- Table structure for table `media`
--

CREATE TABLE `media` (
  `id` int(11) NOT NULL,
  `folder_id` int(11) NOT NULL DEFAULT '0',
  `title` text NOT NULL,
  `file_name` text NOT NULL,
  `extension` varchar(255) NOT NULL,
  `disk` varchar(255) NOT NULL,
  `size` int(11) NOT NULL,
  `width` int(11) DEFAULT NULL,
  `height` int(11) DEFAULT NULL,
  `mime_type` varchar(255) DEFAULT NULL,
  `created_by` int(11) NOT NULL,
  `updated_by` int(11) NOT NULL,
  `created_at` timestamp NOT NULL DEFAULT CURRENT_TIMESTAMP ON UPDATE CURRENT_TIMESTAMP,
  `updated_at` timestamp NOT NULL DEFAULT '0000-00-00 00:00:00'
) ENGINE=InnoDB DEFAULT CHARSET=utf8;

--
-- Dumping data for table `media`
--

INSERT INTO `media` (`id`, `folder_id`, `title`, `file_name`, `extension`, `disk`, `size`, `width`, `height`, `mime_type`, `created_by`, `updated_by`, `created_at`, `updated_at`) VALUES
(1, 2, 'about-img-012x', 'about-img-012x.jpg', 'jpg', 'public', 170496, 2048, 611, 'image/jpeg', 1, 1, '2022-07-13 16:45:12', '2022-07-13 16:45:12'),
(2, 2, 'about-img-022x', 'about-img-022x.jpg', 'jpg', 'public', 116644, 970, 1200, 'image/jpeg', 1, 1, '2022-07-13 16:45:31', '2022-07-13 16:45:31'),
(3, 3, 'news-012x', 'news-012x.jpg', 'jpg', 'public', 9526, 400, 400, 'image/jpeg', 1, 1, '2022-07-14 15:38:17', '2022-07-14 15:38:17'),
(4, 5, 'clients-logo-012x', 'clients-logo-012x.png', 'png', 'public', 5394, 456, 174, 'image/png', 1, 1, '2022-07-15 10:57:43', '2022-07-15 10:57:43'),
(5, 6, 'pin-china2x', 'pin-china2x.png', 'png', 'public', 1576, 108, 146, 'image/png', 1, 1, '2022-07-15 11:33:53', '2022-07-15 11:33:53'),
(6, 6, 'pin-hongkong2x', 'pin-hongkong2x.png', 'png', 'public', 1834, 108, 146, 'image/png', 1, 1, '2022-07-15 11:33:53', '2022-07-15 11:33:53'),
(7, 6, 'pin-japan2x', 'pin-japan2x.png', 'png', 'public', 1398, 108, 146, 'image/png', 1, 1, '2022-07-15 11:35:55', '2022-07-15 11:35:55'),
(8, 6, 'pin-malaysia2x', 'pin-malaysia2x.png', 'png', 'public', 1707, 108, 146, 'image/png', 1, 1, '2022-07-15 11:36:07', '2022-07-15 11:36:07'),
(9, 6, 'pin-singapore2x', 'pin-singapore2x.png', 'png', 'public', 1489, 108, 146, 'image/png', 1, 1, '2022-07-15 11:36:43', '2022-07-15 11:36:43'),
(11, 1, 'home-about-012x', 'home-about-012x.jpg', 'jpg', 'public', 49888, 900, 900, 'image/jpeg', 1, 1, '2022-07-15 12:33:33', '2022-07-15 12:33:33'),
(17, 5, 'classys', 'classys.jpg', 'jpg', 'public', 5591, 400, 152, 'image/jpeg', 14, 14, '2022-07-19 09:23:26', '2022-07-19 09:23:26'),
(18, 5, 'cnf', 'cnf.jpg', 'jpg', 'public', 6930, 400, 152, 'image/jpeg', 14, 14, '2022-07-19 09:23:26', '2022-07-19 09:23:26'),
(19, 5, 'continent8', 'continent8.jpg', 'jpg', 'public', 5212, 400, 152, 'image/jpeg', 14, 14, '2022-07-19 09:23:26', '2022-07-19 09:23:26'),
(20, 5, 'cpi', 'cpi.jpg', 'jpg', 'public', 4189, 400, 152, 'image/jpeg', 14, 14, '2022-07-19 09:23:26', '2022-07-19 09:23:26'),
(21, 5, 'danish', 'danish.jpg', 'jpg', 'public', 6266, 400, 152, 'image/jpeg', 14, 14, '2022-07-19 09:23:26', '2022-07-19 09:23:26'),
(22, 5, 'dates-of-jordan', 'dates-of-jordan.jpg', 'jpg', 'public', 4183, 400, 152, 'image/jpeg', 14, 14, '2022-07-19 09:23:26', '2022-07-19 09:23:26'),
(23, 5, 'dhl', 'dhl.jpg', 'jpg', 'public', 5582, 400, 152, 'image/jpeg', 14, 14, '2022-07-19 09:23:26', '2022-07-19 09:23:26'),
(24, 5, 'dole', 'dole.jpg', 'jpg', 'public', 5846, 400, 152, 'image/jpeg', 14, 14, '2022-07-19 09:23:26', '2022-07-19 09:23:26'),
(25, 5, 'dumel', 'dumel.jpg', 'jpg', 'public', 5276, 400, 152, 'image/jpeg', 14, 14, '2022-07-19 09:23:26', '2022-07-19 09:23:26'),
(26, 5, 'emarsys', 'emarsys.jpg', 'jpg', 'public', 5184, 400, 152, 'image/jpeg', 14, 14, '2022-07-19 09:23:27', '2022-07-19 09:23:27'),
(27, 5, 'emilia', 'emilia.jpg', 'jpg', 'public', 4037, 400, 152, 'image/jpeg', 14, 14, '2022-07-19 09:23:27', '2022-07-19 09:23:27'),
(28, 5, 'fbm', 'fbm.jpg', 'jpg', 'public', 6034, 400, 152, 'image/jpeg', 14, 14, '2022-07-19 09:23:27', '2022-07-19 09:23:27'),
(29, 5, 'fresenius-kabi', 'fresenius-kabi.jpg', 'jpg', 'public', 5914, 400, 152, 'image/jpeg', 14, 14, '2022-07-19 09:23:27', '2022-07-19 09:23:27'),
(30, 5, 'fresh-fresh', 'fresh-fresh.jpg', 'jpg', 'public', 3564, 400, 152, 'image/jpeg', 14, 14, '2022-07-19 09:23:27', '2022-07-19 09:23:27'),
(31, 5, 'gamshy', 'gamshy.jpg', 'jpg', 'public', 3374, 400, 152, 'image/jpeg', 14, 14, '2022-07-19 09:23:27', '2022-07-19 09:23:27'),
(32, 5, 'global-bet', 'global-bet.jpg', 'jpg', 'public', 6341, 400, 152, 'image/jpeg', 14, 14, '2022-07-19 09:23:27', '2022-07-19 09:23:27'),
(33, 5, 'global-cosmetics', 'global-cosmetics.jpg', 'jpg', 'public', 3099, 400, 152, 'image/jpeg', 14, 14, '2022-07-19 09:23:27', '2022-07-19 09:23:27'),
(34, 5, 'golden-link', 'golden-link.jpg', 'jpg', 'public', 10165, 400, 152, 'image/jpeg', 14, 14, '2022-07-19 09:23:27', '2022-07-19 09:23:27'),
(35, 5, 'golden-power', 'golden-power.jpg', 'jpg', 'public', 3660, 400, 152, 'image/jpeg', 14, 14, '2022-07-19 09:23:27', '2022-07-19 09:23:27'),
(36, 5, 'greenergy', 'greenergy.jpg', 'jpg', 'public', 3891, 400, 152, 'image/jpeg', 14, 14, '2022-07-19 09:23:27', '2022-07-19 09:23:27'),
(37, 5, 'guerbet', 'guerbet.jpg', 'jpg', 'public', 7136, 400, 152, 'image/jpeg', 14, 14, '2022-07-19 09:23:27', '2022-07-19 09:23:27'),
(38, 5, 'hsa', 'hsa.jpg', 'jpg', 'public', 4284, 400, 152, 'image/jpeg', 14, 14, '2022-07-19 09:23:27', '2022-07-19 09:23:27'),
(39, 5, 'hubble', 'hubble.jpg', 'jpg', 'public', 5852, 400, 152, 'image/jpeg', 14, 14, '2022-07-19 09:23:28', '2022-07-19 09:23:28'),
(40, 5, 'ics', 'ics.jpg', 'jpg', 'public', 4500, 400, 152, 'image/jpeg', 14, 14, '2022-07-19 09:23:28', '2022-07-19 09:23:28'),
(41, 5, 'iface', 'iface.jpg', 'jpg', 'public', 3106, 400, 152, 'image/jpeg', 14, 14, '2022-07-19 09:23:28', '2022-07-19 09:23:28'),
(42, 5, 'intel', 'intel.jpg', 'jpg', 'public', 7024, 400, 152, 'image/jpeg', 14, 14, '2022-07-19 09:23:28', '2022-07-19 09:23:28'),
(43, 5, 'inteplay', 'inteplay.jpg', 'jpg', 'public', 5500, 400, 152, 'image/jpeg', 14, 14, '2022-07-19 09:23:28', '2022-07-19 09:23:28'),
(44, 5, 'jollybaby', 'jollybaby.jpg', 'jpg', 'public', 6935, 400, 152, 'image/jpeg', 14, 14, '2022-07-19 09:23:28', '2022-07-19 09:23:28'),
(45, 5, 'kaco', 'kaco.jpg', 'jpg', 'public', 4992, 400, 152, 'image/jpeg', 14, 14, '2022-07-19 09:23:28', '2022-07-19 09:23:28'),
(46, 5, 'kamedis', 'kamedis.jpg', 'jpg', 'public', 7109, 400, 152, 'image/jpeg', 14, 14, '2022-07-19 09:23:28', '2022-07-19 09:23:28'),
(47, 5, 'kee-wah-bakery', 'kee-wah-bakery.jpg', 'jpg', 'public', 4679, 400, 152, 'image/jpeg', 14, 14, '2022-07-19 09:23:28', '2022-07-19 09:23:28'),
(48, 5, 'kodak', 'kodak.jpg', 'jpg', 'public', 5147, 400, 152, 'image/jpeg', 14, 14, '2022-07-19 09:23:28', '2022-07-19 09:23:28'),
(49, 5, 'la-mer', 'la-mer.jpg', 'jpg', 'public', 5167, 400, 152, 'image/jpeg', 14, 14, '2022-07-19 09:23:28', '2022-07-19 09:23:28'),
(50, 5, 'lockly', 'lockly.jpg', 'jpg', 'public', 5303, 400, 152, 'image/jpeg', 14, 14, '2022-07-19 09:23:28', '2022-07-19 09:23:28'),
(51, 5, 'loveramics', 'loveramics.jpg', 'jpg', 'public', 5675, 400, 152, 'image/jpeg', 14, 14, '2022-07-19 09:23:28', '2022-07-19 09:23:28'),
(52, 5, 'luxcear', 'luxcear.jpg', 'jpg', 'public', 3414, 400, 152, 'image/jpeg', 14, 14, '2022-07-19 09:23:28', '2022-07-19 09:23:28'),
(53, 5, 'matsui', 'matsui.jpg', 'jpg', 'public', 6912, 400, 152, 'image/jpeg', 14, 14, '2022-07-19 09:23:28', '2022-07-19 09:23:28'),
(54, 5, 'mb', 'mb.jpg', 'jpg', 'public', 6424, 400, 152, 'image/jpeg', 14, 14, '2022-07-19 09:23:29', '2022-07-19 09:23:29'),
(55, 5, 'mis', 'mis.jpg', 'jpg', 'public', 4609, 400, 152, 'image/jpeg', 14, 14, '2022-07-19 09:23:29', '2022-07-19 09:23:29'),
(56, 5, 'moptim', 'moptim.jpg', 'jpg', 'public', 4857, 400, 152, 'image/jpeg', 14, 14, '2022-07-19 09:23:29', '2022-07-19 09:23:29'),
(57, 5, 'mosmety', 'mosmety.jpg', 'jpg', 'public', 3696, 400, 152, 'image/jpeg', 14, 14, '2022-07-19 09:23:29', '2022-07-19 09:23:29'),
(58, 5, 'motorola', 'motorola.jpg', 'jpg', 'public', 3702, 400, 152, 'image/jpeg', 14, 14, '2022-07-19 09:23:29', '2022-07-19 09:23:29'),
(59, 5, 'navim-group', 'navim-group.jpg', 'jpg', 'public', 6037, 400, 152, 'image/jpeg', 14, 14, '2022-07-19 09:23:29', '2022-07-19 09:23:29'),
(60, 5, 'nidek', 'nidek.jpg', 'jpg', 'public', 5775, 400, 152, 'image/jpeg', 14, 14, '2022-07-19 09:23:29', '2022-07-19 09:23:29'),
(61, 5, 'octofrost', 'octofrost.jpg', 'jpg', 'public', 6046, 400, 152, 'image/jpeg', 14, 14, '2022-07-19 09:23:29', '2022-07-19 09:23:29'),
(62, 5, 'oocl', 'oocl.jpg', 'jpg', 'public', 7595, 400, 152, 'image/jpeg', 14, 14, '2022-07-19 09:23:29', '2022-07-19 09:23:29'),
(63, 5, 'oxygen', 'oxygen.jpg', 'jpg', 'public', 4492, 400, 152, 'image/jpeg', 14, 14, '2022-07-19 09:23:29', '2022-07-19 09:23:29'),
(64, 5, 'paradise-city', 'paradise-city.jpg', 'jpg', 'public', 3983, 400, 152, 'image/jpeg', 14, 14, '2022-07-19 09:23:29', '2022-07-19 09:23:29'),
(65, 5, 'patchworks', 'patchworks.jpg', 'jpg', 'public', 3049, 400, 152, 'image/jpeg', 14, 14, '2022-07-19 09:23:29', '2022-07-19 09:23:29'),
(66, 5, 'pharma-care', 'pharma-care.jpg', 'jpg', 'public', 4938, 400, 152, 'image/jpeg', 14, 14, '2022-07-19 09:23:29', '2022-07-19 09:23:29'),
(67, 5, 'port-gdansk', 'port-gdansk.jpg', 'jpg', 'public', 5562, 400, 152, 'image/jpeg', 14, 14, '2022-07-19 09:23:29', '2022-07-19 09:23:29'),
(68, 5, 'pragmatic-play', 'pragmatic-play.jpg', 'jpg', 'public', 5127, 400, 152, 'image/jpeg', 14, 14, '2022-07-19 09:23:30', '2022-07-19 09:23:30'),
(69, 5, 'prp', 'prp.jpg', 'jpg', 'public', 4205, 400, 152, 'image/jpeg', 14, 14, '2022-07-19 09:23:30', '2022-07-19 09:23:30'),
(70, 5, 'purina-institute', 'purina-institute.jpg', 'jpg', 'public', 7071, 400, 152, 'image/jpeg', 14, 14, '2022-07-19 09:23:30', '2022-07-19 09:23:30'),
(71, 5, 'quixant', 'quixant.jpg', 'jpg', 'public', 5713, 400, 152, 'image/jpeg', 14, 14, '2022-07-19 09:23:30', '2022-07-19 09:23:30'),
(72, 5, 'salentein', 'salentein.jpg', 'jpg', 'public', 5072, 400, 152, 'image/jpeg', 14, 14, '2022-07-19 09:23:30', '2022-07-19 09:23:30'),
(73, 5, 'seamless1', 'seamless1.jpg', 'jpg', 'public', 5246, 400, 152, 'image/jpeg', 14, 14, '2022-07-19 09:23:30', '2022-07-19 09:23:30'),
(74, 5, 'selmi', 'selmi.jpg', 'jpg', 'public', 5951, 400, 152, 'image/jpeg', 14, 14, '2022-07-19 09:23:30', '2022-07-19 09:23:30'),
(75, 5, 'sesderma', 'sesderma.jpg', 'jpg', 'public', 5372, 400, 152, 'image/jpeg', 14, 14, '2022-07-19 09:23:30', '2022-07-19 09:23:30'),
(76, 5, 'shancat', 'shancat.jpg', 'jpg', 'public', 5589, 400, 152, 'image/jpeg', 14, 14, '2022-07-19 09:23:30', '2022-07-19 09:23:30'),
(77, 5, 'snow-town', 'snow-town.jpg', 'jpg', 'public', 9578, 400, 152, 'image/jpeg', 14, 14, '2022-07-19 09:23:30', '2022-07-19 09:23:30'),
(78, 5, 'softgamings', 'softgamings.jpg', 'jpg', 'public', 5590, 400, 152, 'image/jpeg', 14, 14, '2022-07-19 09:23:30', '2022-07-19 09:23:30'),
(79, 5, 'solid', 'solid.jpg', 'jpg', 'public', 6560, 400, 152, 'image/jpeg', 14, 14, '2022-07-19 09:23:30', '2022-07-19 09:23:30'),
(80, 5, 'spectro-screen', 'spectro-screen.jpg', 'jpg', 'public', 4594, 400, 152, 'image/jpeg', 14, 14, '2022-07-19 09:23:30', '2022-07-19 09:23:30'),
(81, 5, 'spintec', 'spintec.jpg', 'jpg', 'public', 5218, 400, 152, 'image/jpeg', 14, 14, '2022-07-19 09:23:30', '2022-07-19 09:23:30'),
(82, 5, 'stryker', 'stryker.jpg', 'jpg', 'public', 4899, 400, 152, 'image/jpeg', 14, 14, '2022-07-19 09:23:31', '2022-07-19 09:23:31'),
(83, 5, 'sustech', 'sustech.jpg', 'jpg', 'public', 5488, 400, 152, 'image/jpeg', 14, 14, '2022-07-19 09:23:31', '2022-07-19 09:23:31'),
(84, 5, 'taeik', 'taeik.jpg', 'jpg', 'public', 4500, 400, 152, 'image/jpeg', 14, 14, '2022-07-19 09:23:31', '2022-07-19 09:23:31'),
(85, 5, 'taiki', 'taiki.jpg', 'jpg', 'public', 2899, 400, 152, 'image/jpeg', 14, 14, '2022-07-19 09:23:31', '2022-07-19 09:23:31'),
(86, 5, 'tannus', 'tannus.jpg', 'jpg', 'public', 5236, 400, 152, 'image/jpeg', 14, 14, '2022-07-19 09:23:31', '2022-07-19 09:23:31'),
(87, 5, 'the-green-olive', 'the-green-olive.jpg', 'jpg', 'public', 5094, 400, 152, 'image/jpeg', 14, 14, '2022-07-19 09:23:31', '2022-07-19 09:23:31'),
(88, 5, 'the-oozoo', 'the-oozoo.jpg', 'jpg', 'public', 6017, 400, 152, 'image/jpeg', 14, 14, '2022-07-19 09:23:31', '2022-07-19 09:23:31'),
(89, 5, 'thx', 'thx.jpg', 'jpg', 'public', 4586, 400, 152, 'image/jpeg', 14, 14, '2022-07-19 09:23:31', '2022-07-19 09:23:31'),
(90, 5, 'toly', 'toly.jpg', 'jpg', 'public', 5936, 400, 152, 'image/jpeg', 14, 14, '2022-07-19 09:23:31', '2022-07-19 09:23:31'),
(91, 5, 'touch-beauty', 'touch-beauty.jpg', 'jpg', 'public', 5070, 400, 152, 'image/jpeg', 14, 14, '2022-07-19 09:23:31', '2022-07-19 09:23:31'),
(92, 5, 'transact', 'transact.jpg', 'jpg', 'public', 5731, 400, 152, 'image/jpeg', 14, 14, '2022-07-19 09:23:31', '2022-07-19 09:23:31'),
(93, 5, 'turkish-cargo', 'turkish-cargo.jpg', 'jpg', 'public', 4737, 400, 152, 'image/jpeg', 14, 14, '2022-07-19 09:23:31', '2022-07-19 09:23:31'),
(94, 5, 'ulike', 'ulike.jpg', 'jpg', 'public', 4936, 400, 152, 'image/jpeg', 14, 14, '2022-07-19 09:23:31', '2022-07-19 09:23:31'),
(95, 5, 'under-armour', 'under-armour.jpg', 'jpg', 'public', 4919, 400, 152, 'image/jpeg', 14, 14, '2022-07-19 09:23:31', '2022-07-19 09:23:31'),
(96, 5, 'unitec', 'unitec.jpg', 'jpg', 'public', 7129, 400, 152, 'image/jpeg', 14, 14, '2022-07-19 09:23:31', '2022-07-19 09:23:31'),
(97, 5, 'vely-vely', 'vely-vely.jpg', 'jpg', 'public', 3552, 400, 152, 'image/jpeg', 14, 14, '2022-07-19 09:23:32', '2022-07-19 09:23:32'),
(98, 5, 'via-latvia', 'via-latvia.jpg', 'jpg', 'public', 4685, 400, 152, 'image/jpeg', 14, 14, '2022-07-19 09:23:32', '2022-07-19 09:23:32'),
(99, 5, 'viora', 'viora.jpg', 'jpg', 'public', 4013, 400, 152, 'image/jpeg', 14, 14, '2022-07-19 09:23:32', '2022-07-19 09:23:32'),
(100, 5, 'wan-hai-lines', 'wan-hai-lines.jpg', 'jpg', 'public', 6027, 400, 152, 'image/jpeg', 14, 14, '2022-07-19 09:23:32', '2022-07-19 09:23:32'),
(101, 5, 'yitu', 'yitu.jpg', 'jpg', 'public', 4300, 400, 152, 'image/jpeg', 14, 14, '2022-07-19 09:23:32', '2022-07-19 09:23:32'),
(102, 5, 'zambon', 'zambon.jpg', 'jpg', 'public', 4328, 400, 152, 'image/jpeg', 14, 14, '2022-07-19 09:23:32', '2022-07-19 09:23:32'),
(103, 5, 'zott', 'zott.jpg', 'jpg', 'public', 5153, 400, 152, 'image/jpeg', 14, 14, '2022-07-19 09:23:32', '2022-07-19 09:23:32'),
(104, 5, '3shape', '3shape.jpg', 'jpg', 'public', 4937, 400, 152, 'image/jpeg', 14, 14, '2022-07-19 09:23:32', '2022-07-19 09:23:32'),
(105, 5, 'african-blue', 'african-blue.jpg', 'jpg', 'public', 5475, 400, 152, 'image/jpeg', 14, 14, '2022-07-19 09:23:32', '2022-07-19 09:23:32'),
(106, 5, 'ams', 'ams.jpg', 'jpg', 'public', 5597, 400, 152, 'image/jpeg', 14, 14, '2022-07-19 09:23:32', '2022-07-19 09:23:32'),
(107, 5, 'arihant', 'arihant.jpg', 'jpg', 'public', 6759, 400, 152, 'image/jpeg', 14, 14, '2022-07-19 09:23:32', '2022-07-19 09:23:32'),
(108, 5, 'atelier', 'atelier.jpg', 'jpg', 'public', 4567, 400, 152, 'image/jpeg', 14, 14, '2022-07-19 09:23:32', '2022-07-19 09:23:32'),
(109, 5, 'ati', 'ati.jpg', 'jpg', 'public', 5461, 400, 152, 'image/jpeg', 14, 14, '2022-07-19 09:23:32', '2022-07-19 09:23:32'),
(110, 5, 'b&m', 'b&m.jpg', 'jpg', 'public', 5734, 400, 152, 'image/jpeg', 14, 14, '2022-07-19 09:23:33', '2022-07-19 09:23:33'),
(111, 5, 'baralan', 'baralan.jpg', 'jpg', 'public', 5212, 400, 152, 'image/jpeg', 14, 14, '2022-07-19 09:23:33', '2022-07-19 09:23:33'),
(112, 5, 'bevinov', 'bevinov.jpg', 'jpg', 'public', 3711, 400, 152, 'image/jpeg', 14, 14, '2022-07-19 09:23:33', '2022-07-19 09:23:33'),
(113, 5, 'bgi', 'bgi.jpg', 'jpg', 'public', 4675, 400, 152, 'image/jpeg', 14, 14, '2022-07-19 09:23:33', '2022-07-19 09:23:33'),
(114, 5, 'bionorica', 'bionorica.jpg', 'jpg', 'public', 6177, 400, 152, 'image/jpeg', 14, 14, '2022-07-19 09:23:33', '2022-07-19 09:23:33'),
(115, 5, 'biotop', 'biotop.jpg', 'jpg', 'public', 7658, 400, 152, 'image/jpeg', 14, 14, '2022-07-19 09:23:33', '2022-07-19 09:23:33'),
(116, 5, 'bloom-classic', 'bloom-classic.jpg', 'jpg', 'public', 6902, 400, 152, 'image/jpeg', 14, 14, '2022-07-19 09:23:33', '2022-07-19 09:23:33'),
(117, 5, 'bltc', 'bltc.jpg', 'jpg', 'public', 5811, 400, 152, 'image/jpeg', 14, 14, '2022-07-19 09:23:33', '2022-07-19 09:23:33'),
(118, 5, 'bunting', 'bunting.jpg', 'jpg', 'public', 6108, 400, 152, 'image/jpeg', 14, 14, '2022-07-19 09:23:33', '2022-07-19 09:23:33'),
(119, 5, 'callia', 'callia.jpg', 'jpg', 'public', 4808, 400, 152, 'image/jpeg', 14, 14, '2022-07-19 09:23:33', '2022-07-19 09:23:33'),
(120, 5, 'camelion', 'camelion.jpg', 'jpg', 'public', 5377, 400, 152, 'image/jpeg', 14, 14, '2022-07-19 09:23:33', '2022-07-19 09:23:33'),
(121, 5, 'capicolor', 'capicolor.jpg', 'jpg', 'public', 8454, 400, 152, 'image/jpeg', 14, 14, '2022-07-19 09:23:33', '2022-07-19 09:23:33'),
(122, 5, 'cea', 'cea.jpg', 'jpg', 'public', 4350, 400, 152, 'image/jpeg', 14, 14, '2022-07-19 09:23:34', '2022-07-19 09:23:34'),
(123, 5, 'cho-chuang', 'cho-chuang.jpg', 'jpg', 'public', 5360, 400, 152, 'image/jpeg', 14, 14, '2022-07-19 09:23:34', '2022-07-19 09:23:34'),
(125, 3, 'tokyo', 'tokyo.png', 'png', 'public', 408966, 1600, 600, 'image/png', 7, 7, '2022-07-19 09:38:27', '2022-07-19 09:38:27'),
(126, 3, 'tokyo-list', 'tokyo-list.png', 'png', 'public', 126544, 500, 488, 'image/png', 7, 7, '2022-07-19 09:41:50', '2022-07-19 09:41:50'),
(127, 7, 'WechatIMG2840 copy', 'WechatIMG2840 copy.jpg', 'jpg', 'public', 462343, 2048, 1364, 'image/jpeg', 7, 7, '2022-07-19 09:52:15', '2022-07-19 09:52:15'),
(128, 7, 'WechatIMG2840 copy', 'WechatIMG2840 copy.jpeg', 'jpeg', 'public', 468772, 2048, 1364, 'image/jpeg', 7, 7, '2022-07-19 09:52:16', '2022-07-19 09:52:16'),
(129, 3, 'image1', 'image1.png', 'png', 'public', 61438, 396, 375, 'image/png', 14, 14, '2022-07-19 10:31:17', '2022-07-19 10:31:17'),
(130, 3, 'image1 (1)', 'image1 (1).png', 'png', 'public', 104799, 1000, 375, 'image/png', 14, 14, '2022-07-19 10:31:55', '2022-07-19 10:31:55'),
(133, 3, 'image5', 'image5.png', 'png', 'public', 80581, 853, 480, 'image/png', 14, 14, '2022-07-19 10:37:44', '2022-07-19 10:37:44'),
(134, 3, 'image6', 'image6.png', 'png', 'public', 92093, 853, 480, 'image/png', 14, 14, '2022-07-19 10:37:55', '2022-07-19 10:37:55'),
(135, 3, 'image5 (1)', 'image5 (1).png', 'png', 'public', 17151, 346, 391, 'image/png', 14, 14, '2022-07-19 10:39:13', '2022-07-19 10:39:13'),
(136, 3, 'image5 (1)', 'image5 (1)-2.png', 'png', 'public', 19439, 394, 425, 'image/png', 14, 14, '2022-07-19 10:40:19', '2022-07-19 10:40:19'),
(137, 3, 'image4', 'image4.png', 'png', 'public', 433428, 1600, 1130, 'image/png', 14, 14, '2022-07-19 10:42:15', '2022-07-19 10:42:15'),
(138, 3, 'image4 (1)', 'image4 (1).png', 'png', 'public', 163433, 900, 635, 'image/png', 14, 14, '2022-07-19 10:49:09', '2022-07-19 10:49:09'),
(145, 1, 'home-about-02@2x', 'home-about-02@2x.jpg', 'jpg', 'public', 31464, 900, 900, 'image/jpeg', 14, 14, '2022-07-19 16:30:47', '2022-07-19 16:30:47'),
(146, 1, 'home-about-03@2x', 'home-about-03@2x.jpg', 'jpg', 'public', 38997, 900, 900, 'image/jpeg', 14, 14, '2022-07-19 16:31:04', '2022-07-19 16:31:04'),
(147, 1, 'home-about-04@2x', 'home-about-04@2x.jpg', 'jpg', 'public', 43678, 900, 900, 'image/jpeg', 14, 14, '2022-07-19 16:31:14', '2022-07-19 16:31:14'),
(148, 1, 'home-about-05@2x', 'home-about-05@2x.jpg', 'jpg', 'public', 138674, 900, 900, 'image/jpeg', 14, 14, '2022-07-19 16:31:22', '2022-07-19 16:31:22'),
(153, 13, 'what-we-do-01@2x', 'what-we-do-01@2x.jpg', 'jpg', 'public', 171825, 1210, 800, 'image/jpeg', 14, 14, '2022-07-19 16:46:30', '2022-07-19 16:46:30'),
(154, 13, 'what-we-do-02@2x', 'what-we-do-02@2x.jpg', 'jpg', 'public', 55569, 1210, 800, 'image/jpeg', 14, 14, '2022-07-19 16:46:37', '2022-07-19 16:46:37'),
(155, 13, 'what-we-do-03@2x', 'what-we-do-03@2x.jpg', 'jpg', 'public', 42197, 1210, 800, 'image/jpeg', 14, 14, '2022-07-19 16:46:44', '2022-07-19 16:46:44'),
(156, 13, 'what-we-do-04@2x', 'what-we-do-04@2x.jpg', 'jpg', 'public', 47784, 1210, 800, 'image/jpeg', 14, 14, '2022-07-19 16:46:50', '2022-07-19 16:46:50'),
(166, 14, 'WechatIMG2328', 'WechatIMG2328.jpg', 'jpg', 'public', 638761, 2048, 1152, 'image/jpeg', 14, 14, '2022-07-19 17:25:54', '2022-07-19 17:25:54'),
(167, 14, 'WechatIMG2327', 'WechatIMG2327.jpg', 'jpg', 'public', 648952, 2048, 1152, 'image/jpeg', 14, 14, '2022-07-19 17:25:54', '2022-07-19 17:25:54'),
(168, 14, 'WechatIMG2329', 'WechatIMG2329.jpeg', 'jpeg', 'public', 129876, 1280, 720, 'image/jpeg', 14, 14, '2022-07-19 17:25:54', '2022-07-19 17:25:54'),
(169, 15, '132403afbc1fc9d905325e831a16dce8', '132403afbc1fc9d905325e831a16dce8.jpg', 'jpg', 'public', 229070, 2016, 1512, 'image/jpeg', 14, 14, '2022-07-19 17:26:32', '2022-07-19 17:26:32'),
(170, 15, '26725543db245530cea9b26820b47e36', '26725543db245530cea9b26820b47e36.jpg', 'jpg', 'public', 237906, 2048, 1536, 'image/jpeg', 14, 14, '2022-07-19 17:26:32', '2022-07-19 17:26:32'),
(171, 15, '9bee9d20670952c51efcfe4a74310d76', '9bee9d20670952c51efcfe4a74310d76.jpg', 'jpg', 'public', 229070, 2016, 1512, 'image/jpeg', 14, 14, '2022-07-19 17:26:32', '2022-07-19 17:26:32'),
(172, 15, 'df9e5ccbc8e03069818e1f38312327e3', 'df9e5ccbc8e03069818e1f38312327e3.jpg', 'jpg', 'public', 252128, 2048, 1536, 'image/jpeg', 14, 14, '2022-07-19 17:26:32', '2022-07-19 17:26:32'),
(173, 15, 'f1fa3645ce639b441a72426055c72efe', 'f1fa3645ce639b441a72426055c72efe.jpg', 'jpg', 'public', 297344, 2016, 1512, 'image/jpeg', 14, 14, '2022-07-19 17:26:33', '2022-07-19 17:26:33'),
(174, 16, '0e2bda67fa4e9c2c8b5caf40d1a3c5df-1', '0e2bda67fa4e9c2c8b5caf40d1a3c5df-1.jpeg', 'jpeg', 'public', 511586, 1202, 903, 'image/jpeg', 14, 14, '2022-07-19 17:27:06', '2022-07-19 17:27:06'),
(175, 16, '0e2bda67fa4e9c2c8b5caf40d1a3c5df', '0e2bda67fa4e9c2c8b5caf40d1a3c5df.jpeg', 'jpeg', 'public', 511586, 1202, 903, 'image/jpeg', 14, 14, '2022-07-19 17:27:06', '2022-07-19 17:27:06'),
(176, 16, '18bc5f4b57bf92f21a5eb6d2999607c9', '18bc5f4b57bf92f21a5eb6d2999607c9.jpeg', 'jpeg', 'public', 924305, 2048, 1536, 'image/jpeg', 14, 14, '2022-07-19 17:27:07', '2022-07-19 17:27:07'),
(177, 16, '8bb10ed8370b8a5ef5b1af320604fcd4', '8bb10ed8370b8a5ef5b1af320604fcd4.jpeg', 'jpeg', 'public', 819474, 1600, 1200, 'image/jpeg', 14, 14, '2022-07-19 17:27:07', '2022-07-19 17:27:07'),
(178, 16, 'fc3006050b3e4131fbb4c690bfb5ab69', 'fc3006050b3e4131fbb4c690bfb5ab69.jpeg', 'jpeg', 'public', 443243, 1200, 900, 'image/jpeg', 14, 14, '2022-07-19 17:27:07', '2022-07-19 17:27:07'),
(179, 17, '05ffed553c95666360aa1a06d1e844df', '05ffed553c95666360aa1a06d1e844df.jpg', 'jpg', 'public', 782186, 2048, 1368, 'image/jpeg', 14, 14, '2022-07-19 17:29:45', '2022-07-19 17:29:45'),
(180, 17, '0a59498c1d81c1ed39636b0a26b06c27', '0a59498c1d81c1ed39636b0a26b06c27.jpg', 'jpg', 'public', 315998, 1368, 2048, 'image/jpeg', 14, 14, '2022-07-19 17:29:46', '2022-07-19 17:29:46'),
(181, 17, '5e85d6f9e8c9bc477ecd5dc7f72e20cf', '5e85d6f9e8c9bc477ecd5dc7f72e20cf.jpg', 'jpg', 'public', 774398, 2048, 1583, 'image/jpeg', 14, 14, '2022-07-19 17:29:47', '2022-07-19 17:29:47'),
(182, 17, '20caa83591f41d23acbd1f4eb95b2f48', '20caa83591f41d23acbd1f4eb95b2f48.jpg', 'jpg', 'public', 732044, 2048, 1365, 'image/jpeg', 14, 14, '2022-07-19 17:29:47', '2022-07-19 17:29:47'),
(183, 17, '8f6e4a5cf52e61671718d27fdada1a49', '8f6e4a5cf52e61671718d27fdada1a49.jpg', 'jpg', 'public', 550335, 2048, 1365, 'image/jpeg', 14, 14, '2022-07-19 17:29:48', '2022-07-19 17:29:48'),
(184, 17, 'dc8f67e9b0197d7bc9d654794ddbb61a', 'dc8f67e9b0197d7bc9d654794ddbb61a.jpg', 'jpg', 'public', 628860, 2048, 1583, 'image/jpeg', 14, 14, '2022-07-19 17:29:49', '2022-07-19 17:29:49'),
(185, 17, 'd821d182bc6554f4fa99b7d684cb6df5', 'd821d182bc6554f4fa99b7d684cb6df5.jpg', 'jpg', 'public', 628544, 2048, 1365, 'image/jpeg', 14, 14, '2022-07-19 17:29:49', '2022-07-19 17:29:49'),
(186, 21, '58b709b87656f1f9e955fd35abf949ba', '58b709b87656f1f9e955fd35abf949ba.jpeg', 'jpeg', 'public', 172428, 1440, 1080, 'image/jpeg', 14, 14, '2022-07-19 17:39:59', '2022-07-19 17:39:59'),
(187, 21, '86368b05c7fd25ab8da000862f0c2439', '86368b05c7fd25ab8da000862f0c2439.jpeg', 'jpeg', 'public', 242388, 1440, 1080, 'image/jpeg', 14, 14, '2022-07-19 17:40:00', '2022-07-19 17:40:00'),
(188, 21, '1a6a688fd5a2f8e554bb22e826555e26', '1a6a688fd5a2f8e554bb22e826555e26.jpg', 'jpg', 'public', 617072, 2048, 1365, 'image/jpeg', 14, 14, '2022-07-19 17:40:01', '2022-07-19 17:40:01'),
(189, 21, 'ca192f56414e85ccd485bb4046c7abb2', 'ca192f56414e85ccd485bb4046c7abb2.jpg', 'jpg', 'public', 649276, 2048, 1365, 'image/jpeg', 14, 14, '2022-07-19 17:40:02', '2022-07-19 17:40:02'),
(190, 21, 'de2910ddc578cf956d78573da37a2f64', 'de2910ddc578cf956d78573da37a2f64.jpg', 'jpg', 'public', 594426, 2048, 1365, 'image/jpeg', 14, 14, '2022-07-19 17:40:03', '2022-07-19 17:40:03'),
(191, 26, '0184448f8ffa852ac761ba2a68943791', '0184448f8ffa852ac761ba2a68943791.jpg', 'jpg', 'public', 832762, 2048, 1536, 'image/jpeg', 14, 14, '2022-07-19 17:49:32', '2022-07-19 17:49:32'),
(192, 26, '18b4fc64d52d8a7f7e2d9cb31442e529', '18b4fc64d52d8a7f7e2d9cb31442e529.jpg', 'jpg', 'public', 939475, 2048, 1712, 'image/jpeg', 14, 14, '2022-07-19 17:49:33', '2022-07-19 17:49:33'),
(193, 26, '368af49631c84e19f8f272a2d3134540', '368af49631c84e19f8f272a2d3134540.jpg', 'jpg', 'public', 746096, 2048, 1536, 'image/jpeg', 14, 14, '2022-07-19 17:49:33', '2022-07-19 17:49:33'),
(194, 26, '449982157bdbf6c78695f1270700b1bd', '449982157bdbf6c78695f1270700b1bd.jpg', 'jpg', 'public', 448023, 2048, 1536, 'image/jpeg', 14, 14, '2022-07-19 17:49:34', '2022-07-19 17:49:34'),
(195, 26, '9dbeec5a838d35ff26acc497970bee1c', '9dbeec5a838d35ff26acc497970bee1c.jpg', 'jpg', 'public', 736382, 2048, 1536, 'image/jpeg', 14, 14, '2022-07-19 17:49:35', '2022-07-19 17:49:35'),
(196, 26, 'e0db380bb5d558ab95f9953e0166d0a0', 'e0db380bb5d558ab95f9953e0166d0a0.jpg', 'jpg', 'public', 827873, 2048, 1617, 'image/jpeg', 14, 14, '2022-07-19 17:49:35', '2022-07-19 17:49:35'),
(197, 26, 'f36e0791874605a538520a998e4d451a', 'f36e0791874605a538520a998e4d451a.jpg', 'jpg', 'public', 832481, 2048, 1536, 'image/jpeg', 14, 14, '2022-07-19 17:49:36', '2022-07-19 17:49:36'),
(198, 27, '263990ed8da50217e896d3f27933a650', '263990ed8da50217e896d3f27933a650.jpg', 'jpg', 'public', 726716, 2048, 1536, 'image/jpeg', 14, 14, '2022-07-19 17:54:26', '2022-07-19 17:54:26'),
(199, 27, '4ef5e0c0b0e08799b311e7d56e78f2c3', '4ef5e0c0b0e08799b311e7d56e78f2c3.jpg', 'jpg', 'public', 750662, 2048, 1536, 'image/jpeg', 14, 14, '2022-07-19 17:54:26', '2022-07-19 17:54:26'),
(200, 27, '7bc06cf11d70f2377aa7e278492bd018', '7bc06cf11d70f2377aa7e278492bd018.jpg', 'jpg', 'public', 812493, 2048, 1536, 'image/jpeg', 14, 14, '2022-07-19 17:54:27', '2022-07-19 17:54:27'),
(201, 28, 'WechatIMG1221', 'WechatIMG1221.jpg', 'jpg', 'public', 572892, 2048, 1536, 'image/jpeg', 14, 14, '2022-07-19 17:57:57', '2022-07-19 17:57:57'),
(202, 28, 'WechatIMG1222', 'WechatIMG1222.jpg', 'jpg', 'public', 705298, 2048, 1536, 'image/jpeg', 14, 14, '2022-07-19 17:57:57', '2022-07-19 17:57:57'),
(203, 28, 'WechatIMG1228', 'WechatIMG1228.jpeg', 'jpeg', 'public', 196993, 1440, 1080, 'image/jpeg', 14, 14, '2022-07-19 17:57:57', '2022-07-19 17:57:57'),
(204, 28, 'WechatIMG1229', 'WechatIMG1229.jpeg', 'jpeg', 'public', 269077, 1440, 1080, 'image/jpeg', 14, 14, '2022-07-19 17:57:57', '2022-07-19 17:57:57'),
(205, 28, 'WechatIMG1223', 'WechatIMG1223.jpg', 'jpg', 'public', 619728, 2048, 1536, 'image/jpeg', 14, 14, '2022-07-19 17:57:58', '2022-07-19 17:57:58'),
(206, 29, 'WechatIMG1224', 'WechatIMG1224.jpg', 'jpg', 'public', 915744, 2048, 1536, 'image/jpeg', 14, 14, '2022-07-20 09:38:00', '2022-07-20 09:38:00'),
(207, 29, 'WechatIMG1225', 'WechatIMG1225.jpg', 'jpg', 'public', 897171, 2048, 1536, 'image/jpeg', 14, 14, '2022-07-20 09:38:00', '2022-07-20 09:38:00'),
(208, 29, 'WechatIMG1226', 'WechatIMG1226.jpg', 'jpg', 'public', 846995, 2048, 1536, 'image/jpeg', 14, 14, '2022-07-20 09:38:01', '2022-07-20 09:38:01'),
(209, 29, 'WechatIMG1227', 'WechatIMG1227.jpg', 'jpg', 'public', 938118, 2048, 1536, 'image/jpeg', 14, 14, '2022-07-20 09:38:01', '2022-07-20 09:38:01'),
(210, 31, '1', '1.jpg', 'jpg', 'public', 702658, 2048, 1536, 'image/jpeg', 14, 14, '2022-07-20 09:42:28', '2022-07-20 09:42:28'),
(211, 31, '2', '2.jpg', 'jpg', 'public', 628110, 2048, 1536, 'image/jpeg', 14, 14, '2022-07-20 09:42:28', '2022-07-20 09:42:28'),
(212, 31, '3', '3.jpg', 'jpg', 'public', 602226, 2048, 1536, 'image/jpeg', 14, 14, '2022-07-20 09:42:29', '2022-07-20 09:42:29'),
(213, 32, 'WechatIMG904', 'WechatIMG904.jpeg', 'jpeg', 'public', 124745, 1440, 1080, 'image/jpeg', 14, 14, '2022-07-20 09:44:36', '2022-07-20 09:44:36'),
(214, 32, 'WechatIMG905', 'WechatIMG905.jpeg', 'jpeg', 'public', 127098, 1440, 1080, 'image/jpeg', 14, 14, '2022-07-20 09:44:36', '2022-07-20 09:44:36'),
(215, 32, 'WechatIMG906', 'WechatIMG906.jpeg', 'jpeg', 'public', 108705, 1440, 1080, 'image/jpeg', 14, 14, '2022-07-20 09:44:36', '2022-07-20 09:44:36'),
(216, 32, 'WechatIMG907', 'WechatIMG907.jpeg', 'jpeg', 'public', 68255, 1440, 1080, 'image/jpeg', 14, 14, '2022-07-20 09:44:36', '2022-07-20 09:44:36'),
(217, 33, '78a4207e5f78f342236a2f334ea6bfbf', '78a4207e5f78f342236a2f334ea6bfbf.jpg', 'jpg', 'public', 112495, 800, 450, 'image/jpeg', 14, 14, '2022-07-20 09:47:40', '2022-07-20 09:47:40'),
(218, 33, '2922656df3ea0b39bac2d15c179463a6', '2922656df3ea0b39bac2d15c179463a6.jpg', 'jpg', 'public', 145791, 800, 600, 'image/jpeg', 14, 14, '2022-07-20 09:47:40', '2022-07-20 09:47:40'),
(219, 33, 'IMG_4703', 'IMG_4703.jpg', 'jpg', 'public', 430335, 2048, 1365, 'image/jpeg', 14, 14, '2022-07-20 09:47:43', '2022-07-20 09:47:43'),
(220, 33, 'IMG_4677', 'IMG_4677.jpg', 'jpg', 'public', 537008, 2048, 1365, 'image/jpeg', 14, 14, '2022-07-20 09:47:45', '2022-07-20 09:47:45'),
(221, 33, 'IMG_4720', 'IMG_4720.jpg', 'jpg', 'public', 427356, 2048, 1365, 'image/jpeg', 14, 14, '2022-07-20 09:47:47', '2022-07-20 09:47:47'),
(222, 33, 'IMG_4733', 'IMG_4733.jpg', 'jpg', 'public', 314786, 1365, 2048, 'image/jpeg', 14, 14, '2022-07-20 09:47:49', '2022-07-20 09:47:49'),
(223, 34, 'WechatIMG6315', 'WechatIMG6315.jpeg', 'jpeg', 'public', 544640, 2048, 1365, 'image/jpeg', 14, 14, '2022-07-20 09:59:44', '2022-07-20 09:59:44'),
(224, 34, 'WechatIMG6321', 'WechatIMG6321.jpeg', 'jpeg', 'public', 477588, 2048, 1365, 'image/jpeg', 14, 14, '2022-07-20 09:59:45', '2022-07-20 09:59:45'),
(225, 34, 'WechatIMG6325', 'WechatIMG6325.jpeg', 'jpeg', 'public', 620069, 2048, 1365, 'image/jpeg', 14, 14, '2022-07-20 09:59:46', '2022-07-20 09:59:46'),
(226, 34, 'WechatIMG6328', 'WechatIMG6328.jpeg', 'jpeg', 'public', 767553, 2048, 1365, 'image/jpeg', 14, 14, '2022-07-20 09:59:46', '2022-07-20 09:59:46'),
(227, 35, '1-191204163623', '1-191204163623.jpg', 'jpg', 'public', 553441, 933, 700, 'image/jpeg', 14, 14, '2022-07-20 10:03:08', '2022-07-20 10:03:08'),
(228, 35, '1-191204163624-50', '1-191204163624-50.jpg', 'jpg', 'public', 525403, 933, 700, 'image/jpeg', 14, 14, '2022-07-20 10:03:08', '2022-07-20 10:03:08'),
(229, 35, '1-191204163627', '1-191204163627.jpg', 'jpg', 'public', 280476, 525, 700, 'image/jpeg', 14, 14, '2022-07-20 10:03:09', '2022-07-20 10:03:09'),
(230, 35, '1-191204163624', '1-191204163624.jpg', 'jpg', 'public', 516543, 933, 700, 'image/jpeg', 14, 14, '2022-07-20 10:03:09', '2022-07-20 10:03:09'),
(235, 37, 'WechatIMG504', 'WechatIMG504.jpeg', 'jpeg', 'public', 765849, 2048, 1536, 'image/jpeg', 14, 14, '2022-07-20 10:15:39', '2022-07-20 10:15:39'),
(236, 37, 'WechatIMG505', 'WechatIMG505.jpeg', 'jpeg', 'public', 618309, 2048, 1536, 'image/jpeg', 14, 14, '2022-07-20 10:15:39', '2022-07-20 10:15:39'),
(237, 37, 'WechatIMG506', 'WechatIMG506.jpeg', 'jpeg', 'public', 575468, 2048, 1536, 'image/jpeg', 14, 14, '2022-07-20 10:15:40', '2022-07-20 10:15:40'),
(238, 37, 'WechatIMG507', 'WechatIMG507.jpeg', 'jpeg', 'public', 663568, 2048, 1536, 'image/jpeg', 14, 14, '2022-07-20 10:15:40', '2022-07-20 10:15:40'),
(239, 39, 'DSC_2487', 'DSC_2487.JPG', 'JPG', 'public', 605024, 2048, 1365, 'image/jpeg', 14, 14, '2022-07-20 10:18:26', '2022-07-20 10:18:26'),
(240, 39, 'DSC_2492', 'DSC_2492.JPG', 'JPG', 'public', 641976, 2048, 1365, 'image/jpeg', 14, 14, '2022-07-20 10:18:26', '2022-07-20 10:18:26'),
(241, 39, 'DSC_2494', 'DSC_2494.jpg', 'jpg', 'public', 635858, 2048, 1375, 'image/jpeg', 14, 14, '2022-07-20 10:18:27', '2022-07-20 10:18:27'),
(242, 39, 'DSC_2509', 'DSC_2509.JPG', 'JPG', 'public', 416999, 2048, 1365, 'image/jpeg', 14, 14, '2022-07-20 10:18:27', '2022-07-20 10:18:27'),
(243, 39, 'DSC_2518', 'DSC_2518.JPG', 'JPG', 'public', 429614, 2048, 1365, 'image/jpeg', 14, 14, '2022-07-20 10:18:28', '2022-07-20 10:18:28'),
(244, 40, '04a8d72a9632b720e50cb5d520153331', '04a8d72a9632b720e50cb5d520153331.jpg', 'jpg', 'public', 122796, 800, 533, 'image/jpeg', 14, 14, '2022-07-20 10:21:15', '2022-07-20 10:21:15'),
(245, 40, '0bad1ab9c96716ce7eb1eac6b0b24774', '0bad1ab9c96716ce7eb1eac6b0b24774.jpg', 'jpg', 'public', 113645, 800, 533, 'image/jpeg', 14, 14, '2022-07-20 10:21:15', '2022-07-20 10:21:15'),
(246, 40, '10fe89351e899912d6934fb33beffb5e', '10fe89351e899912d6934fb33beffb5e.jpg', 'jpg', 'public', 117489, 800, 533, 'image/jpeg', 14, 14, '2022-07-20 10:21:15', '2022-07-20 10:21:15'),
(247, 40, '111835714d47bb00b54ccb5db29cbda6', '111835714d47bb00b54ccb5db29cbda6.jpg', 'jpg', 'public', 109159, 800, 533, 'image/jpeg', 14, 14, '2022-07-20 10:21:15', '2022-07-20 10:21:15'),
(248, 40, '1fb51e04031aeac908ecaa07637d37ed', '1fb51e04031aeac908ecaa07637d37ed.jpg', 'jpg', 'public', 114414, 800, 533, 'image/jpeg', 14, 14, '2022-07-20 10:21:15', '2022-07-20 10:21:15'),
(249, 40, '21c9d8c69904083507b463082f9a0189', '21c9d8c69904083507b463082f9a0189.jpg', 'jpg', 'public', 117793, 800, 533, 'image/jpeg', 14, 14, '2022-07-20 10:21:15', '2022-07-20 10:21:15'),
(250, 40, '2c1f74c922e961b9ac09aa33bdf5d60d', '2c1f74c922e961b9ac09aa33bdf5d60d.jpg', 'jpg', 'public', 95835, 800, 533, 'image/jpeg', 14, 14, '2022-07-20 10:21:15', '2022-07-20 10:21:15'),
(251, 40, '3163611efdfed976c09cc20446b41f8e', '3163611efdfed976c09cc20446b41f8e.jpg', 'jpg', 'public', 115626, 800, 533, 'image/jpeg', 14, 14, '2022-07-20 10:21:15', '2022-07-20 10:21:15'),
(252, 40, '361f82357e8406d5da3b40238a92a462', '361f82357e8406d5da3b40238a92a462.jpg', 'jpg', 'public', 136851, 800, 533, 'image/jpeg', 14, 14, '2022-07-20 10:21:16', '2022-07-20 10:21:16'),
(253, 40, '3d16e617d0c2ba699b11d5ff8f9e18d8', '3d16e617d0c2ba699b11d5ff8f9e18d8.jpg', 'jpg', 'public', 113901, 800, 533, 'image/jpeg', 14, 14, '2022-07-20 10:21:16', '2022-07-20 10:21:16'),
(254, 40, '41751e331b4a174cc9e84716ea7e5ed5', '41751e331b4a174cc9e84716ea7e5ed5.jpg', 'jpg', 'public', 126637, 800, 533, 'image/jpeg', 14, 14, '2022-07-20 10:21:16', '2022-07-20 10:21:16'),
(255, 40, '4997ef0266356c8b866e1c4b6709ab30', '4997ef0266356c8b866e1c4b6709ab30.jpg', 'jpg', 'public', 133251, 800, 533, 'image/jpeg', 14, 14, '2022-07-20 10:21:16', '2022-07-20 10:21:16'),
(256, 40, '4a85d67e5cff2cb0e17ee3f9029e3ad6', '4a85d67e5cff2cb0e17ee3f9029e3ad6.jpg', 'jpg', 'public', 101374, 800, 533, 'image/jpeg', 14, 14, '2022-07-20 10:21:16', '2022-07-20 10:21:16'),
(257, 40, '4c763f259cae7a2dc8632e23ed24ea84', '4c763f259cae7a2dc8632e23ed24ea84.jpg', 'jpg', 'public', 128331, 800, 533, 'image/jpeg', 14, 14, '2022-07-20 10:21:16', '2022-07-20 10:21:16'),
(258, 40, '52da47cee4924546b7cf10db4944cb52', '52da47cee4924546b7cf10db4944cb52.jpg', 'jpg', 'public', 146373, 800, 533, 'image/jpeg', 14, 14, '2022-07-20 10:21:16', '2022-07-20 10:21:16'),
(259, 40, '57f214c6081f7b4f4908974b588e54fb', '57f214c6081f7b4f4908974b588e54fb.jpg', 'jpg', 'public', 138363, 800, 533, 'image/jpeg', 14, 14, '2022-07-20 10:21:16', '2022-07-20 10:21:16'),
(260, 40, '5bd87470c887809952fa16b13ed101c2', '5bd87470c887809952fa16b13ed101c2.jpg', 'jpg', 'public', 125555, 800, 533, 'image/jpeg', 14, 14, '2022-07-20 10:21:16', '2022-07-20 10:21:16'),
(261, 40, '5f430921b7fed9c1b6d02e431248650a', '5f430921b7fed9c1b6d02e431248650a.jpg', 'jpg', 'public', 138337, 800, 533, 'image/jpeg', 14, 14, '2022-07-20 10:21:16', '2022-07-20 10:21:16'),
(262, 40, '5f7b51ac9f86115fbbe6e0ddcd0e824a', '5f7b51ac9f86115fbbe6e0ddcd0e824a.jpg', 'jpg', 'public', 134775, 800, 533, 'image/jpeg', 14, 14, '2022-07-20 10:21:17', '2022-07-20 10:21:17'),
(263, 40, '5fa69756a07905c7f7ba5c6b53a2fad4', '5fa69756a07905c7f7ba5c6b53a2fad4.jpg', 'jpg', 'public', 107196, 800, 533, 'image/jpeg', 14, 14, '2022-07-20 10:21:17', '2022-07-20 10:21:17'),
(264, 40, '6c4da793da985722bf5310e7121c7cb3', '6c4da793da985722bf5310e7121c7cb3.jpg', 'jpg', 'public', 119967, 800, 533, 'image/jpeg', 14, 14, '2022-07-20 10:21:17', '2022-07-20 10:21:17'),
(265, 40, '6d00e3d101f891888f8cde2f12babe3a', '6d00e3d101f891888f8cde2f12babe3a.jpg', 'jpg', 'public', 111088, 800, 533, 'image/jpeg', 14, 14, '2022-07-20 10:21:17', '2022-07-20 10:21:17'),
(266, 40, '6d30a7034579f30fb1d6b162a68b3c10', '6d30a7034579f30fb1d6b162a68b3c10.jpg', 'jpg', 'public', 147720, 800, 533, 'image/jpeg', 14, 14, '2022-07-20 10:21:17', '2022-07-20 10:21:17'),
(267, 40, '73e2427747b4e07f85a4aea44f69c817', '73e2427747b4e07f85a4aea44f69c817.jpg', 'jpg', 'public', 158595, 800, 533, 'image/jpeg', 14, 14, '2022-07-20 10:21:17', '2022-07-20 10:21:17'),
(268, 40, '77422e67405054922b5d4a8cf81df0b1', '77422e67405054922b5d4a8cf81df0b1.jpg', 'jpg', 'public', 96423, 800, 533, 'image/jpeg', 14, 14, '2022-07-20 10:21:17', '2022-07-20 10:21:17'),
(269, 40, '7c38a5ac0215e725c33023b85760ea69', '7c38a5ac0215e725c33023b85760ea69.jpg', 'jpg', 'public', 128267, 800, 533, 'image/jpeg', 14, 14, '2022-07-20 10:21:17', '2022-07-20 10:21:17'),
(270, 40, '7e7753342b111cfc2ca5a354fb65873f', '7e7753342b111cfc2ca5a354fb65873f.jpg', 'jpg', 'public', 159360, 800, 533, 'image/jpeg', 14, 14, '2022-07-20 10:21:18', '2022-07-20 10:21:18'),
(271, 40, '84b88639f4719ce40cb5d5b4150c55f4', '84b88639f4719ce40cb5d5b4150c55f4.jpg', 'jpg', 'public', 130926, 800, 533, 'image/jpeg', 14, 14, '2022-07-20 10:21:18', '2022-07-20 10:21:18'),
(272, 40, '85522d08c83cf2412280733e6534bc12', '85522d08c83cf2412280733e6534bc12.jpg', 'jpg', 'public', 126941, 800, 533, 'image/jpeg', 14, 14, '2022-07-20 10:21:18', '2022-07-20 10:21:18'),
(273, 40, '88f33286908bd6f10a025e3da7a4e810', '88f33286908bd6f10a025e3da7a4e810.jpg', 'jpg', 'public', 130159, 800, 533, 'image/jpeg', 14, 14, '2022-07-20 10:21:18', '2022-07-20 10:21:18'),
(274, 40, '8f057b9c549cbfde8a6b4002c6fc101f', '8f057b9c549cbfde8a6b4002c6fc101f.jpg', 'jpg', 'public', 69413, 532, 800, 'image/jpeg', 14, 14, '2022-07-20 10:21:18', '2022-07-20 10:21:18'),
(275, 40, '8f2d90fb8b6cd0d175b06640b776663e', '8f2d90fb8b6cd0d175b06640b776663e.jpg', 'jpg', 'public', 157034, 800, 533, 'image/jpeg', 14, 14, '2022-07-20 10:21:18', '2022-07-20 10:21:18'),
(276, 40, '9136c5b3eaa77df9261b1e3d8cea382c', '9136c5b3eaa77df9261b1e3d8cea382c.jpg', 'jpg', 'public', 111122, 532, 800, 'image/jpeg', 14, 14, '2022-07-20 10:21:18', '2022-07-20 10:21:18'),
(277, 40, '92cdbc7552bed09d0c1993844ace0ad5', '92cdbc7552bed09d0c1993844ace0ad5.jpg', 'jpg', 'public', 137422, 800, 533, 'image/jpeg', 14, 14, '2022-07-20 10:21:18', '2022-07-20 10:21:18'),
(278, 40, '9538b78dd6ae16b5b2fa86011555957c', '9538b78dd6ae16b5b2fa86011555957c.jpg', 'jpg', 'public', 98986, 800, 533, 'image/jpeg', 14, 14, '2022-07-20 10:21:18', '2022-07-20 10:21:18'),
(279, 40, '98768f0a8beb9c2ab70bd6aefb36a4a5', '98768f0a8beb9c2ab70bd6aefb36a4a5.jpg', 'jpg', 'public', 147577, 800, 533, 'image/jpeg', 14, 14, '2022-07-20 10:21:18', '2022-07-20 10:21:18'),
(280, 40, '999c8f3793bc5b8b45e59ef80567aae4', '999c8f3793bc5b8b45e59ef80567aae4.jpg', 'jpg', 'public', 118669, 600, 800, 'image/jpeg', 14, 14, '2022-07-20 10:21:19', '2022-07-20 10:21:19'),
(281, 40, 'a0f45e42a1d186090faddb5824f486e0', 'a0f45e42a1d186090faddb5824f486e0.jpg', 'jpg', 'public', 118436, 800, 533, 'image/jpeg', 14, 14, '2022-07-20 10:21:19', '2022-07-20 10:21:19'),
(282, 40, 'a948bb2f51cd4d4e4060faba034922b2', 'a948bb2f51cd4d4e4060faba034922b2.jpg', 'jpg', 'public', 108656, 800, 533, 'image/jpeg', 14, 14, '2022-07-20 10:21:19', '2022-07-20 10:21:19'),
(283, 40, 'a2ddabac076ac7be217a2eb9d6047d46', 'a2ddabac076ac7be217a2eb9d6047d46.jpg', 'jpg', 'public', 144987, 800, 533, 'image/jpeg', 14, 14, '2022-07-20 10:21:19', '2022-07-20 10:21:19'),
(284, 40, 'ac2261d27c91728576920e09a2380566', 'ac2261d27c91728576920e09a2380566.jpg', 'jpg', 'public', 92609, 532, 800, 'image/jpeg', 14, 14, '2022-07-20 10:21:19', '2022-07-20 10:21:19'),
(285, 40, 'ac9a665754eb3e3ec34fbb39ad846e8e', 'ac9a665754eb3e3ec34fbb39ad846e8e.jpg', 'jpg', 'public', 129296, 800, 533, 'image/jpeg', 14, 14, '2022-07-20 10:21:19', '2022-07-20 10:21:19'),
(286, 40, 'acdf42f1053eb58d98b33c3280ce28c8', 'acdf42f1053eb58d98b33c3280ce28c8.jpg', 'jpg', 'public', 99373, 800, 533, 'image/jpeg', 14, 14, '2022-07-20 10:21:19', '2022-07-20 10:21:19'),
(287, 40, 'af638eb96a8fb64d490362ee7210fc15', 'af638eb96a8fb64d490362ee7210fc15.jpg', 'jpg', 'public', 133895, 800, 533, 'image/jpeg', 14, 14, '2022-07-20 10:21:19', '2022-07-20 10:21:19'),
(288, 40, 'b008241671643a26f0f2b7bbb9e89697', 'b008241671643a26f0f2b7bbb9e89697.jpg', 'jpg', 'public', 149458, 800, 533, 'image/jpeg', 14, 14, '2022-07-20 10:21:19', '2022-07-20 10:21:19'),
(289, 40, 'b045eb4cffbb531cad3253b34692292e-1', 'b045eb4cffbb531cad3253b34692292e-1.jpg', 'jpg', 'public', 126764, 800, 533, 'image/jpeg', 14, 14, '2022-07-20 10:21:19', '2022-07-20 10:21:19'),
(290, 40, 'b2d6eea7d6f8285499d6bf8501b048df', 'b2d6eea7d6f8285499d6bf8501b048df.jpg', 'jpg', 'public', 124209, 800, 533, 'image/jpeg', 14, 14, '2022-07-20 10:21:20', '2022-07-20 10:21:20'),
(291, 40, 'b045eb4cffbb531cad3253b34692292e', 'b045eb4cffbb531cad3253b34692292e.jpg', 'jpg', 'public', 126764, 800, 533, 'image/jpeg', 14, 14, '2022-07-20 10:21:20', '2022-07-20 10:21:20'),
(292, 40, 'b45f221750db7aebdfc9e649ba1de6d7', 'b45f221750db7aebdfc9e649ba1de6d7.jpg', 'jpg', 'public', 108458, 800, 533, 'image/jpeg', 14, 14, '2022-07-20 10:21:20', '2022-07-20 10:21:20'),
(293, 40, 'c61e876e0e243216cd1ed9b9a14ee821', 'c61e876e0e243216cd1ed9b9a14ee821.jpg', 'jpg', 'public', 148655, 800, 533, 'image/jpeg', 14, 14, '2022-07-20 10:21:20', '2022-07-20 10:21:20'),
(294, 40, 'd08b57624b110e14fde2626d128e591b', 'd08b57624b110e14fde2626d128e591b.jpg', 'jpg', 'public', 106919, 800, 533, 'image/jpeg', 14, 14, '2022-07-20 10:21:20', '2022-07-20 10:21:20'),
(295, 40, 'd134c41298db20f0a69f02bc99fb7f56', 'd134c41298db20f0a69f02bc99fb7f56.jpg', 'jpg', 'public', 119374, 800, 533, 'image/jpeg', 14, 14, '2022-07-20 10:21:20', '2022-07-20 10:21:20'),
(296, 40, 'd898dbf623b9ff2d33be6544e639439e', 'd898dbf623b9ff2d33be6544e639439e.jpg', 'jpg', 'public', 149549, 800, 530, 'image/jpeg', 14, 14, '2022-07-20 10:21:20', '2022-07-20 10:21:20'),
(297, 40, 'da7ef5fb0cb7db0eedc997f56ea61a34', 'da7ef5fb0cb7db0eedc997f56ea61a34.jpg', 'jpg', 'public', 156398, 800, 533, 'image/jpeg', 14, 14, '2022-07-20 10:21:20', '2022-07-20 10:21:20'),
(298, 40, 'db502da4c989fe80a84435c0d440d5e4', 'db502da4c989fe80a84435c0d440d5e4.jpg', 'jpg', 'public', 125025, 800, 533, 'image/jpeg', 14, 14, '2022-07-20 10:21:20', '2022-07-20 10:21:20'),
(299, 40, 'e1a6e9ddf366f46f9aaf71e720838805', 'e1a6e9ddf366f46f9aaf71e720838805.jpg', 'jpg', 'public', 118796, 532, 800, 'image/jpeg', 14, 14, '2022-07-20 10:21:21', '2022-07-20 10:21:21'),
(300, 40, 'e7b4e02391f56e1eff246029c9b8ae97', 'e7b4e02391f56e1eff246029c9b8ae97.jpg', 'jpg', 'public', 101505, 532, 800, 'image/jpeg', 14, 14, '2022-07-20 10:21:21', '2022-07-20 10:21:21'),
(301, 40, 'e8e5698f12c443dac22c45fe7acfe3b1', 'e8e5698f12c443dac22c45fe7acfe3b1.jpg', 'jpg', 'public', 144511, 800, 533, 'image/jpeg', 14, 14, '2022-07-20 10:21:21', '2022-07-20 10:21:21'),
(302, 40, 'ea9be5a0bc10009519443feea8f44cdc', 'ea9be5a0bc10009519443feea8f44cdc.jpg', 'jpg', 'public', 146123, 800, 533, 'image/jpeg', 14, 14, '2022-07-20 10:21:21', '2022-07-20 10:21:21'),
(303, 40, 'ec4aeeb15beb74f6b40867efeb6acf5d', 'ec4aeeb15beb74f6b40867efeb6acf5d.jpg', 'jpg', 'public', 127580, 800, 533, 'image/jpeg', 14, 14, '2022-07-20 10:21:21', '2022-07-20 10:21:21'),
(304, 40, 'f5a9a048089f4c0449c4573101d6bf8b', 'f5a9a048089f4c0449c4573101d6bf8b.jpg', 'jpg', 'public', 122665, 800, 533, 'image/jpeg', 14, 14, '2022-07-20 10:21:21', '2022-07-20 10:21:21'),
(305, 40, 'ecf93d221e5d1c8a0a72fd9b4c9ec295', 'ecf93d221e5d1c8a0a72fd9b4c9ec295.jpg', 'jpg', 'public', 108206, 532, 800, 'image/jpeg', 14, 14, '2022-07-20 10:21:21', '2022-07-20 10:21:21'),
(306, 40, 'f893c34aee14ba71130062eb36c61b2e', 'f893c34aee14ba71130062eb36c61b2e.jpg', 'jpg', 'public', 128213, 800, 533, 'image/jpeg', 14, 14, '2022-07-20 10:21:21', '2022-07-20 10:21:21'),
(307, 40, 'fa5fe8f557dfc1a104e8ddd8abb66a3c', 'fa5fe8f557dfc1a104e8ddd8abb66a3c.jpg', 'jpg', 'public', 120368, 800, 533, 'image/jpeg', 14, 14, '2022-07-20 10:21:21', '2022-07-20 10:21:21'),
(308, 40, 'fdae3067fd6b7d09cb0300651d714e82', 'fdae3067fd6b7d09cb0300651d714e82.jpg', 'jpg', 'public', 106714, 800, 533, 'image/jpeg', 14, 14, '2022-07-20 10:21:22', '2022-07-20 10:21:22'),
(309, 41, 'bfc1c3eb8484e3741afa29b21a6eef1a', 'bfc1c3eb8484e3741afa29b21a6eef1a.jpg', 'jpg', 'public', 139101, 640, 800, 'image/jpeg', 14, 14, '2022-07-20 10:28:30', '2022-07-20 10:28:30'),
(310, 41, '6bbfd1eab89646544fa719a8a2fb7fd9', '6bbfd1eab89646544fa719a8a2fb7fd9.jpg', 'jpg', 'public', 139214, 800, 600, 'image/jpeg', 14, 14, '2022-07-20 10:28:30', '2022-07-20 10:28:30'),
(311, 41, 'cf7735e5fb4ff1d8b50da54cca02a9d9', 'cf7735e5fb4ff1d8b50da54cca02a9d9.jpg', 'jpg', 'public', 146024, 800, 600, 'image/jpeg', 14, 14, '2022-07-20 10:28:30', '2022-07-20 10:28:30'),
(312, 42, '0cecdd002ad73fdfb53917c1455ad9b7', '0cecdd002ad73fdfb53917c1455ad9b7.jpg', 'jpg', 'public', 140108, 800, 533, 'image/jpeg', 14, 14, '2022-07-20 10:31:02', '2022-07-20 10:31:02'),
(313, 42, 'a00fda3be2cfa3cbf5f55f42ce9257e5', 'a00fda3be2cfa3cbf5f55f42ce9257e5.jpg', 'jpg', 'public', 124358, 800, 533, 'image/jpeg', 14, 14, '2022-07-20 10:31:02', '2022-07-20 10:31:02'),
(314, 42, 'af1da51ba19bf6aead66c8fbd767ec52', 'af1da51ba19bf6aead66c8fbd767ec52.jpg', 'jpg', 'public', 135107, 800, 533, 'image/jpeg', 14, 14, '2022-07-20 10:31:02', '2022-07-20 10:31:02'),
(315, 42, 'd0e38d4562dccbfcc18d2c730e4302e8', 'd0e38d4562dccbfcc18d2c730e4302e8.jpg', 'jpg', 'public', 141033, 800, 600, 'image/jpeg', 14, 14, '2022-07-20 10:31:02', '2022-07-20 10:31:02'),
(316, 42, 'f4c1bc21dda8d7df7d02441d9dae9027', 'f4c1bc21dda8d7df7d02441d9dae9027.jpg', 'jpg', 'public', 83109, 800, 533, 'image/jpeg', 14, 14, '2022-07-20 10:31:02', '2022-07-20 10:31:02'),
(317, 44, '3043e1f9db0886856a4e687be8da7019', '3043e1f9db0886856a4e687be8da7019.jpg', 'jpg', 'public', 141575, 800, 533, 'image/jpeg', 14, 14, '2022-07-20 10:33:09', '2022-07-20 10:33:09'),
(318, 44, '038e096dcd62930bdfeff4cd4e1c5dee', '038e096dcd62930bdfeff4cd4e1c5dee.jpg', 'jpg', 'public', 153710, 800, 533, 'image/jpeg', 14, 14, '2022-07-20 10:33:09', '2022-07-20 10:33:09'),
(319, 44, '325ac4b89651fe23dcc7da14e0dd0a3e', '325ac4b89651fe23dcc7da14e0dd0a3e.jpg', 'jpg', 'public', 139700, 800, 533, 'image/jpeg', 14, 14, '2022-07-20 10:33:09', '2022-07-20 10:33:09'),
(320, 44, '3d085ffcd3ef6578ba93636507516cfd', '3d085ffcd3ef6578ba93636507516cfd.jpg', 'jpg', 'public', 153995, 800, 533, 'image/jpeg', 14, 14, '2022-07-20 10:33:09', '2022-07-20 10:33:09'),
(321, 44, '82b963bd514c717fb4f82a30d0a0d68e', '82b963bd514c717fb4f82a30d0a0d68e.jpg', 'jpg', 'public', 157228, 800, 533, 'image/jpeg', 14, 14, '2022-07-20 10:33:10', '2022-07-20 10:33:10'),
(322, 44, '9335477a6c8839f32643f3b951e26869', '9335477a6c8839f32643f3b951e26869.jpg', 'jpg', 'public', 145845, 800, 533, 'image/jpeg', 14, 14, '2022-07-20 10:33:10', '2022-07-20 10:33:10'),
(323, 44, '96ec3de09c07111a462e107a55b3b3d4', '96ec3de09c07111a462e107a55b3b3d4.jpg', 'jpg', 'public', 159077, 800, 533, 'image/jpeg', 14, 14, '2022-07-20 10:33:10', '2022-07-20 10:33:10'),
(324, 44, '97d61185d58c8b246da44375ae5a397f', '97d61185d58c8b246da44375ae5a397f.jpg', 'jpg', 'public', 133708, 800, 533, 'image/jpeg', 14, 14, '2022-07-20 10:33:10', '2022-07-20 10:33:10'),
(325, 44, '9b82e6fa937e459bb732e909a5f2e7eb', '9b82e6fa937e459bb732e909a5f2e7eb.jpg', 'jpg', 'public', 144625, 800, 533, 'image/jpeg', 14, 14, '2022-07-20 10:33:10', '2022-07-20 10:33:10'),
(326, 44, 'a9e06eedc1d70e842979b7c7d6ad2a32', 'a9e06eedc1d70e842979b7c7d6ad2a32.jpg', 'jpg', 'public', 157979, 800, 533, 'image/jpeg', 14, 14, '2022-07-20 10:33:10', '2022-07-20 10:33:10'),
(327, 44, 'b4362a523e38126406acc01929e9dcc3', 'b4362a523e38126406acc01929e9dcc3.jpg', 'jpg', 'public', 138017, 800, 533, 'image/jpeg', 14, 14, '2022-07-20 10:33:10', '2022-07-20 10:33:10'),
(328, 44, 'b4e5f6d2fea2d0d723d82dd82e419f91', 'b4e5f6d2fea2d0d723d82dd82e419f91.jpg', 'jpg', 'public', 160903, 800, 533, 'image/jpeg', 14, 14, '2022-07-20 10:33:10', '2022-07-20 10:33:10'),
(329, 44, 'bfbbc7cc48f35bf1f47abe7230c41075', 'bfbbc7cc48f35bf1f47abe7230c41075.jpg', 'jpg', 'public', 134593, 800, 533, 'image/jpeg', 14, 14, '2022-07-20 10:33:10', '2022-07-20 10:33:10'),
(330, 44, 'c6068069d36e8490fea1f03744d9ca65', 'c6068069d36e8490fea1f03744d9ca65.jpg', 'jpg', 'public', 120425, 800, 533, 'image/jpeg', 14, 14, '2022-07-20 10:33:10', '2022-07-20 10:33:10'),
(331, 44, 'e82b8afccc16b37161974eff15374fda', 'e82b8afccc16b37161974eff15374fda.jpg', 'jpg', 'public', 150026, 532, 800, 'image/jpeg', 14, 14, '2022-07-20 10:33:11', '2022-07-20 10:33:11'),
(332, 44, 'f7fe9265e733ac7d75e792d005ccfa2d', 'f7fe9265e733ac7d75e792d005ccfa2d.jpg', 'jpg', 'public', 132829, 800, 533, 'image/jpeg', 14, 14, '2022-07-20 10:33:11', '2022-07-20 10:33:11'),
(333, 44, 'e9dae85ae49f0ab66f0a3fea42b64506', 'e9dae85ae49f0ab66f0a3fea42b64506.jpeg', 'jpeg', 'public', 2103572, 1800, 1200, 'image/jpeg', 14, 14, '2022-07-20 10:33:11', '2022-07-20 10:33:11'),
(334, 44, 'fab1adf80aa6e641bb18e88f3158f7d0', 'fab1adf80aa6e641bb18e88f3158f7d0.jpg', 'jpg', 'public', 140389, 800, 533, 'image/jpeg', 14, 14, '2022-07-20 10:33:11', '2022-07-20 10:33:11'),
(335, 44, 'feeb526983176e10e721555382f94f97', 'feeb526983176e10e721555382f94f97.jpg', 'jpg', 'public', 142003, 800, 533, 'image/jpeg', 14, 14, '2022-07-20 10:33:11', '2022-07-20 10:33:11'),
(336, 44, 'ffe666bfa90a168b1168b7bd6c2fa4b3', 'ffe666bfa90a168b1168b7bd6c2fa4b3.jpg', 'jpg', 'public', 130015, 800, 533, 'image/jpeg', 14, 14, '2022-07-20 10:33:11', '2022-07-20 10:33:11'),
(337, 45, '979e6720c9908579e92276c28efbbc95', '979e6720c9908579e92276c28efbbc95.jpg', 'jpg', 'public', 132685, 800, 533, 'image/jpeg', 14, 14, '2022-07-20 10:35:01', '2022-07-20 10:35:01'),
(338, 45, '8d7baca2d40fb479c5dd50815c456bd9', '8d7baca2d40fb479c5dd50815c456bd9.jpg', 'jpg', 'public', 150489, 800, 600, 'image/jpeg', 14, 14, '2022-07-20 10:35:01', '2022-07-20 10:35:01'),
(339, 45, 'df00f03d391e6dc84db25e72db97d532', 'df00f03d391e6dc84db25e72db97d532.jpg', 'jpg', 'public', 143330, 800, 533, 'image/jpeg', 14, 14, '2022-07-20 10:35:01', '2022-07-20 10:35:01'),
(340, 45, 'fac96f9b3c2c4d91517bc4c0dbf822f4', 'fac96f9b3c2c4d91517bc4c0dbf822f4.jpg', 'jpg', 'public', 100931, 800, 533, 'image/jpeg', 14, 14, '2022-07-20 10:35:01', '2022-07-20 10:35:01'),
(341, 46, '023ce8a77644aa8e88b1e319c5a87652', '023ce8a77644aa8e88b1e319c5a87652.jpg', 'jpg', 'public', 154073, 800, 533, 'image/jpeg', 14, 14, '2022-07-20 10:38:28', '2022-07-20 10:38:28');
INSERT INTO `media` (`id`, `folder_id`, `title`, `file_name`, `extension`, `disk`, `size`, `width`, `height`, `mime_type`, `created_by`, `updated_by`, `created_at`, `updated_at`) VALUES
(342, 46, '2c69c49c781b8dfa83a0d648ce373e4a', '2c69c49c781b8dfa83a0d648ce373e4a.jpg', 'jpg', 'public', 171130, 800, 600, 'image/jpeg', 14, 14, '2022-07-20 10:38:28', '2022-07-20 10:38:28'),
(343, 46, '9c65b33b746359a7473390f2452ecb86', '9c65b33b746359a7473390f2452ecb86.jpg', 'jpg', 'public', 152957, 800, 533, 'image/jpeg', 14, 14, '2022-07-20 10:38:28', '2022-07-20 10:38:28'),
(344, 46, '9f320ec4c3b74c45ceecde2f09c50e83', '9f320ec4c3b74c45ceecde2f09c50e83.jpg', 'jpg', 'public', 165430, 800, 533, 'image/jpeg', 14, 14, '2022-07-20 10:38:28', '2022-07-20 10:38:28'),
(345, 47, '36a27674421d0a9990de2bf8bd394886', '36a27674421d0a9990de2bf8bd394886.jpg', 'jpg', 'public', 174006, 800, 600, 'image/jpeg', 14, 14, '2022-07-20 10:42:26', '2022-07-20 10:42:26'),
(346, 47, '13397a89d65589dd637b475ebc6e9540', '13397a89d65589dd637b475ebc6e9540.jpg', 'jpg', 'public', 201561, 800, 600, 'image/jpeg', 14, 14, '2022-07-20 10:42:26', '2022-07-20 10:42:26'),
(347, 47, '6ea1fbc080d799145d03334cf74f96cd', '6ea1fbc080d799145d03334cf74f96cd.jpg', 'jpg', 'public', 201834, 800, 600, 'image/jpeg', 14, 14, '2022-07-20 10:42:26', '2022-07-20 10:42:26'),
(348, 47, '74c23668000869cfc4f0a2225444588c', '74c23668000869cfc4f0a2225444588c.jpg', 'jpg', 'public', 110873, 800, 600, 'image/jpeg', 14, 14, '2022-07-20 10:42:26', '2022-07-20 10:42:26'),
(349, 47, '7cd1384e7dfebf4fa7d7d3ff4431d4c5', '7cd1384e7dfebf4fa7d7d3ff4431d4c5.jpg', 'jpg', 'public', 217884, 800, 600, 'image/jpeg', 14, 14, '2022-07-20 10:42:26', '2022-07-20 10:42:26'),
(350, 47, '90c374809140300919eb1cee5f725512', '90c374809140300919eb1cee5f725512.jpg', 'jpg', 'public', 182560, 800, 600, 'image/jpeg', 14, 14, '2022-07-20 10:42:26', '2022-07-20 10:42:26'),
(351, 47, '9d1fb77ba246b0bc17d0fd3b5b47be56', '9d1fb77ba246b0bc17d0fd3b5b47be56.jpg', 'jpg', 'public', 193006, 800, 600, 'image/jpeg', 14, 14, '2022-07-20 10:42:27', '2022-07-20 10:42:27'),
(352, 47, 'e83b895dbb2bac8df459fcc31cbb741f', 'e83b895dbb2bac8df459fcc31cbb741f.jpg', 'jpg', 'public', 144484, 800, 600, 'image/jpeg', 14, 14, '2022-07-20 10:42:27', '2022-07-20 10:42:27'),
(353, 48, '7ce62aeeabbcafbec5cbb930b8f44306', '7ce62aeeabbcafbec5cbb930b8f44306.jpg', 'jpg', 'public', 115327, 800, 600, 'image/jpeg', 14, 14, '2022-07-20 10:45:26', '2022-07-20 10:45:26'),
(354, 48, '6b147a690731699e8b60cab1292a8588', '6b147a690731699e8b60cab1292a8588.jpg', 'jpg', 'public', 117438, 800, 600, 'image/jpeg', 14, 14, '2022-07-20 10:45:26', '2022-07-20 10:45:26'),
(355, 48, '972b2a68b1c5be1cbc429c2b1dd6cab1', '972b2a68b1c5be1cbc429c2b1dd6cab1.jpg', 'jpg', 'public', 149178, 800, 600, 'image/jpeg', 14, 14, '2022-07-20 10:45:26', '2022-07-20 10:45:26'),
(356, 48, 'b51c0f03337731821f1ebcb77be79c0a', 'b51c0f03337731821f1ebcb77be79c0a.jpg', 'jpg', 'public', 140867, 800, 600, 'image/jpeg', 14, 14, '2022-07-20 10:45:26', '2022-07-20 10:45:26'),
(357, 48, 'c7f9bd5b008c011a7fc6f6444413a75f', 'c7f9bd5b008c011a7fc6f6444413a75f.jpg', 'jpg', 'public', 119983, 800, 600, 'image/jpeg', 14, 14, '2022-07-20 10:45:26', '2022-07-20 10:45:26'),
(358, 48, 'cf410ad0b369b611d27e81d5877838ec', 'cf410ad0b369b611d27e81d5877838ec.jpg', 'jpg', 'public', 123230, 800, 600, 'image/jpeg', 14, 14, '2022-07-20 10:45:26', '2022-07-20 10:45:26'),
(359, 48, 'fadf86a2ceefbbb151fb6e3cd7f4da07', 'fadf86a2ceefbbb151fb6e3cd7f4da07.jpg', 'jpg', 'public', 142525, 800, 600, 'image/jpeg', 14, 14, '2022-07-20 10:45:27', '2022-07-20 10:45:27'),
(360, 49, '0ecf6a0350feefacfe2922fc7f4a19e4', '0ecf6a0350feefacfe2922fc7f4a19e4.jpg', 'jpg', 'public', 208344, 800, 533, 'image/jpeg', 14, 14, '2022-07-20 10:47:23', '2022-07-20 10:47:23'),
(361, 49, '08ad1415ff9053a67b578b3b7f94e491', '08ad1415ff9053a67b578b3b7f94e491.jpg', 'jpg', 'public', 143744, 800, 533, 'image/jpeg', 14, 14, '2022-07-20 10:47:24', '2022-07-20 10:47:24'),
(362, 49, '1564f8f8811e4a3fd024fe8041ef3ffa', '1564f8f8811e4a3fd024fe8041ef3ffa.jpg', 'jpg', 'public', 180420, 800, 533, 'image/jpeg', 14, 14, '2022-07-20 10:47:24', '2022-07-20 10:47:24'),
(363, 49, '1ac057b5592e95ed86bd6bd0f4b79f67', '1ac057b5592e95ed86bd6bd0f4b79f67.jpg', 'jpg', 'public', 151136, 800, 533, 'image/jpeg', 14, 14, '2022-07-20 10:47:24', '2022-07-20 10:47:24'),
(364, 49, '4057946b7b7935cd1e0e4c633826a191', '4057946b7b7935cd1e0e4c633826a191.jpg', 'jpg', 'public', 186345, 800, 533, 'image/jpeg', 14, 14, '2022-07-20 10:47:24', '2022-07-20 10:47:24'),
(365, 49, '48c2418b81b44d03c3c3268d6ec607e2', '48c2418b81b44d03c3c3268d6ec607e2.jpg', 'jpg', 'public', 163068, 800, 533, 'image/jpeg', 14, 14, '2022-07-20 10:47:24', '2022-07-20 10:47:24'),
(366, 49, '512bbac619a03a9e0e79d78f1b1af9b5', '512bbac619a03a9e0e79d78f1b1af9b5.jpg', 'jpg', 'public', 134871, 800, 533, 'image/jpeg', 14, 14, '2022-07-20 10:47:25', '2022-07-20 10:47:25'),
(367, 49, '513fc907715ecd5209676aef960b83b5', '513fc907715ecd5209676aef960b83b5.jpg', 'jpg', 'public', 175257, 800, 533, 'image/jpeg', 14, 14, '2022-07-20 10:47:25', '2022-07-20 10:47:25'),
(368, 49, '5bf1fab3f35794a60acfdd264faddfc2', '5bf1fab3f35794a60acfdd264faddfc2.jpg', 'jpg', 'public', 194943, 800, 533, 'image/jpeg', 14, 14, '2022-07-20 10:47:25', '2022-07-20 10:47:25'),
(369, 49, '676c31cbbcbf2a33d43620fc1b529993', '676c31cbbcbf2a33d43620fc1b529993.jpg', 'jpg', 'public', 146209, 800, 600, 'image/jpeg', 14, 14, '2022-07-20 10:47:25', '2022-07-20 10:47:25'),
(370, 49, '76085833e3f4907c3b898ca5042125f9', '76085833e3f4907c3b898ca5042125f9.jpg', 'jpg', 'public', 208918, 800, 533, 'image/jpeg', 14, 14, '2022-07-20 10:47:25', '2022-07-20 10:47:25'),
(371, 49, '7c70b8bcebb8b883d785acc849099c80', '7c70b8bcebb8b883d785acc849099c80.jpg', 'jpg', 'public', 133174, 800, 533, 'image/jpeg', 14, 14, '2022-07-20 10:47:25', '2022-07-20 10:47:25'),
(372, 49, '980691601ab6958554bfaa586b4b7b6c', '980691601ab6958554bfaa586b4b7b6c.jpg', 'jpg', 'public', 222245, 800, 600, 'image/jpeg', 14, 14, '2022-07-20 10:47:26', '2022-07-20 10:47:26'),
(373, 49, 'abb2e89f0075946aeeb736eccbeb5556', 'abb2e89f0075946aeeb736eccbeb5556.jpg', 'jpg', 'public', 144976, 800, 600, 'image/jpeg', 14, 14, '2022-07-20 10:47:26', '2022-07-20 10:47:26'),
(374, 49, 'd976e9bcc92d53f35a4b1bb4c9d8842f', 'd976e9bcc92d53f35a4b1bb4c9d8842f.jpg', 'jpg', 'public', 153320, 800, 533, 'image/jpeg', 14, 14, '2022-07-20 10:47:26', '2022-07-20 10:47:26'),
(375, 49, 'db50cb449c87a3c7eb130d53944f3590', 'db50cb449c87a3c7eb130d53944f3590.jpg', 'jpg', 'public', 155286, 800, 533, 'image/jpeg', 14, 14, '2022-07-20 10:47:26', '2022-07-20 10:47:26'),
(376, 49, 'e501b6fe29a30218658093b197302439', 'e501b6fe29a30218658093b197302439.jpg', 'jpg', 'public', 158018, 800, 533, 'image/jpeg', 14, 14, '2022-07-20 10:47:26', '2022-07-20 10:47:26'),
(377, 49, 'e6cc7c33d4f6fbbefd6a0ae430b7e72e', 'e6cc7c33d4f6fbbefd6a0ae430b7e72e.jpg', 'jpg', 'public', 155457, 800, 533, 'image/jpeg', 14, 14, '2022-07-20 10:47:26', '2022-07-20 10:47:26'),
(378, 49, 'ebe1c77e35d382d55bdd0174564acace', 'ebe1c77e35d382d55bdd0174564acace.jpg', 'jpg', 'public', 137007, 800, 533, 'image/jpeg', 14, 14, '2022-07-20 10:47:26', '2022-07-20 10:47:26'),
(379, 49, 'fc0cfabb7c93392f98116c437e057e61', 'fc0cfabb7c93392f98116c437e057e61.jpg', 'jpg', 'public', 161484, 800, 533, 'image/jpeg', 14, 14, '2022-07-20 10:47:26', '2022-07-20 10:47:26'),
(380, 50, '20c07da4e8bd4bd15cb7dc2e0f00ccf7', '20c07da4e8bd4bd15cb7dc2e0f00ccf7.jpg', 'jpg', 'public', 140384, 800, 533, 'image/jpeg', 14, 14, '2022-07-20 10:50:01', '2022-07-20 10:50:01'),
(381, 50, '1b46d38c0b64473040b0c4e7eb294a80', '1b46d38c0b64473040b0c4e7eb294a80.jpg', 'jpg', 'public', 153917, 800, 533, 'image/jpeg', 14, 14, '2022-07-20 10:50:01', '2022-07-20 10:50:01'),
(382, 50, '2347e52c1d576b88bc08c61d9a905b8c', '2347e52c1d576b88bc08c61d9a905b8c.jpg', 'jpg', 'public', 141117, 800, 533, 'image/jpeg', 14, 14, '2022-07-20 10:50:01', '2022-07-20 10:50:01'),
(383, 50, '369203dd1d552b9c441b913ca1b8378e', '369203dd1d552b9c441b913ca1b8378e.jpg', 'jpg', 'public', 132487, 800, 533, 'image/jpeg', 14, 14, '2022-07-20 10:50:01', '2022-07-20 10:50:01'),
(384, 50, '71a89a8253eb77ded695ed132bada5de', '71a89a8253eb77ded695ed132bada5de.jpg', 'jpg', 'public', 138479, 800, 533, 'image/jpeg', 14, 14, '2022-07-20 10:50:01', '2022-07-20 10:50:01'),
(385, 50, '4347249626c6f89c42c700bc457a2d12', '4347249626c6f89c42c700bc457a2d12.jpg', 'jpg', 'public', 157931, 800, 533, 'image/jpeg', 14, 14, '2022-07-20 10:50:01', '2022-07-20 10:50:01'),
(386, 50, 'bf1de3ce5f2bff74d761b04938c46566', 'bf1de3ce5f2bff74d761b04938c46566.jpg', 'jpg', 'public', 172574, 800, 600, 'image/jpeg', 14, 14, '2022-07-20 10:50:01', '2022-07-20 10:50:01'),
(387, 50, 'ade65645097fda8e24a461846dbef3fa', 'ade65645097fda8e24a461846dbef3fa.jpg', 'jpg', 'public', 183413, 800, 600, 'image/jpeg', 14, 14, '2022-07-20 10:50:01', '2022-07-20 10:50:01'),
(388, 50, 'cdccd806d1d7d34c8e95ae74733e7661', 'cdccd806d1d7d34c8e95ae74733e7661.jpg', 'jpg', 'public', 181796, 800, 630, 'image/jpeg', 14, 14, '2022-07-20 10:50:02', '2022-07-20 10:50:02'),
(389, 50, 'cb9cc21093527bcb57962a1e35772656', 'cb9cc21093527bcb57962a1e35772656.jpg', 'jpg', 'public', 139713, 800, 533, 'image/jpeg', 14, 14, '2022-07-20 10:50:02', '2022-07-20 10:50:02'),
(390, 50, 'e73acd64b2a7b8f99675503edebbe97f', 'e73acd64b2a7b8f99675503edebbe97f.jpg', 'jpg', 'public', 86612, 800, 533, 'image/jpeg', 14, 14, '2022-07-20 10:50:02', '2022-07-20 10:50:02'),
(391, 50, 'f25d3ee3a129d1a1cb39c7da6ce817bb', 'f25d3ee3a129d1a1cb39c7da6ce817bb.jpg', 'jpg', 'public', 98629, 800, 600, 'image/jpeg', 14, 14, '2022-07-20 10:50:02', '2022-07-20 10:50:02'),
(392, 51, '1a82a0306b7b1a09d2a43ad52475c219', '1a82a0306b7b1a09d2a43ad52475c219.jpg', 'jpg', 'public', 163924, 800, 533, 'image/jpeg', 14, 14, '2022-07-20 10:59:07', '2022-07-20 10:59:07'),
(393, 51, '115f6723b9521df91d48bef19faff06b', '115f6723b9521df91d48bef19faff06b.jpg', 'jpg', 'public', 169647, 800, 533, 'image/jpeg', 14, 14, '2022-07-20 10:59:07', '2022-07-20 10:59:07'),
(394, 51, '2eeda4b61fabd64e3162b3f6f1415331', '2eeda4b61fabd64e3162b3f6f1415331.jpg', 'jpg', 'public', 147848, 800, 533, 'image/jpeg', 14, 14, '2022-07-20 10:59:08', '2022-07-20 10:59:08'),
(395, 51, '4d1f763b71c25aac7fb471446174a527', '4d1f763b71c25aac7fb471446174a527.jpg', 'jpg', 'public', 158684, 800, 533, 'image/jpeg', 14, 14, '2022-07-20 10:59:08', '2022-07-20 10:59:08'),
(396, 51, '528f9f3cf06ff94ee7c43337140b1447', '528f9f3cf06ff94ee7c43337140b1447.jpg', 'jpg', 'public', 127439, 800, 533, 'image/jpeg', 14, 14, '2022-07-20 10:59:08', '2022-07-20 10:59:08'),
(397, 51, '627f8f892e6d927800d5c6c25d282b10', '627f8f892e6d927800d5c6c25d282b10.jpg', 'jpg', 'public', 172940, 800, 533, 'image/jpeg', 14, 14, '2022-07-20 10:59:08', '2022-07-20 10:59:08'),
(398, 51, '64bbfd0c70736c6b3c4594485471c4b8', '64bbfd0c70736c6b3c4594485471c4b8.jpg', 'jpg', 'public', 133677, 800, 533, 'image/jpeg', 14, 14, '2022-07-20 10:59:08', '2022-07-20 10:59:08'),
(399, 51, '73bde659de73d74eafe41f3640ca8606', '73bde659de73d74eafe41f3640ca8606.jpg', 'jpg', 'public', 124588, 800, 533, 'image/jpeg', 14, 14, '2022-07-20 10:59:08', '2022-07-20 10:59:08'),
(400, 51, '77f385b928fdc007c0e8eedf78b89790', '77f385b928fdc007c0e8eedf78b89790.jpg', 'jpg', 'public', 147166, 800, 600, 'image/jpeg', 14, 14, '2022-07-20 10:59:08', '2022-07-20 10:59:08'),
(401, 51, '7fa61b8b2f3caf75ef5388db8398e9b7', '7fa61b8b2f3caf75ef5388db8398e9b7.jpg', 'jpg', 'public', 167611, 800, 533, 'image/jpeg', 14, 14, '2022-07-20 10:59:08', '2022-07-20 10:59:08'),
(402, 51, '8a8418ed9f6415db19a1a5f36548399c', '8a8418ed9f6415db19a1a5f36548399c.jpg', 'jpg', 'public', 164611, 800, 533, 'image/jpeg', 14, 14, '2022-07-20 10:59:08', '2022-07-20 10:59:08'),
(403, 51, '9cebe7992e8b424acc0a209885f08a4d', '9cebe7992e8b424acc0a209885f08a4d.jpg', 'jpg', 'public', 170041, 800, 533, 'image/jpeg', 14, 14, '2022-07-20 10:59:08', '2022-07-20 10:59:08'),
(404, 51, 'b289b5d4959d1c1cbecabc1e9c0d324b', 'b289b5d4959d1c1cbecabc1e9c0d324b.jpg', 'jpg', 'public', 130016, 800, 533, 'image/jpeg', 14, 14, '2022-07-20 10:59:09', '2022-07-20 10:59:09'),
(405, 51, 'b32d68dbe3f1cd4ac040d5381b35c3c4', 'b32d68dbe3f1cd4ac040d5381b35c3c4.jpg', 'jpg', 'public', 132837, 800, 600, 'image/jpeg', 14, 14, '2022-07-20 10:59:09', '2022-07-20 10:59:09'),
(406, 51, 'dc8a4dc0eeb48d1529d2eed2203527d7', 'dc8a4dc0eeb48d1529d2eed2203527d7.jpg', 'jpg', 'public', 149620, 800, 533, 'image/jpeg', 14, 14, '2022-07-20 10:59:09', '2022-07-20 10:59:09'),
(407, 52, '2780b0df55265bf0ce428343f68c824f', '2780b0df55265bf0ce428343f68c824f.jpg', 'jpg', 'public', 99167, 800, 533, 'image/jpeg', 14, 14, '2022-07-20 11:00:49', '2022-07-20 11:00:49'),
(408, 52, '1658576c1790cef69ad5118a718b5583', '1658576c1790cef69ad5118a718b5583.jpg', 'jpg', 'public', 136603, 800, 533, 'image/jpeg', 14, 14, '2022-07-20 11:00:49', '2022-07-20 11:00:49'),
(409, 52, '7ec7a91964dd1402f5aa273f50bcc8e1', '7ec7a91964dd1402f5aa273f50bcc8e1.jpg', 'jpg', 'public', 149277, 800, 533, 'image/jpeg', 14, 14, '2022-07-20 11:00:49', '2022-07-20 11:00:49'),
(410, 52, '9359fe5a985f82296f34fcd4ea44b21b', '9359fe5a985f82296f34fcd4ea44b21b.jpg', 'jpg', 'public', 150860, 800, 600, 'image/jpeg', 14, 14, '2022-07-20 11:00:49', '2022-07-20 11:00:49'),
(411, 52, 'becc6722402ab294d887b8f6c6a43e4a', 'becc6722402ab294d887b8f6c6a43e4a.jpg', 'jpg', 'public', 169390, 800, 533, 'image/jpeg', 14, 14, '2022-07-20 11:00:49', '2022-07-20 11:00:49'),
(412, 52, 'f9778f001e9cfba5b604489cb3fdf8b4', 'f9778f001e9cfba5b604489cb3fdf8b4.jpg', 'jpg', 'public', 141173, 800, 533, 'image/jpeg', 14, 14, '2022-07-20 11:00:49', '2022-07-20 11:00:49'),
(413, 53, '5378f152014a7b9cb7771720bbee5bf3', '5378f152014a7b9cb7771720bbee5bf3.jpg', 'jpg', 'public', 132530, 800, 533, 'image/jpeg', 14, 14, '2022-07-20 11:21:27', '2022-07-20 11:21:27'),
(414, 53, '1c87486828064fd69bfe0fdd0fff7a7c', '1c87486828064fd69bfe0fdd0fff7a7c.jpg', 'jpg', 'public', 138999, 800, 533, 'image/jpeg', 14, 14, '2022-07-20 11:21:27', '2022-07-20 11:21:27'),
(415, 53, 'b9d4aaba29b3700a69e606daf97362d3', 'b9d4aaba29b3700a69e606daf97362d3.jpg', 'jpg', 'public', 109999, 532, 800, 'image/jpeg', 14, 14, '2022-07-20 11:21:27', '2022-07-20 11:21:27'),
(416, 53, 'c398f48d58d3295d663cf0dc5cedd8b1', 'c398f48d58d3295d663cf0dc5cedd8b1.jpg', 'jpg', 'public', 158344, 800, 533, 'image/jpeg', 14, 14, '2022-07-20 11:21:27', '2022-07-20 11:21:27'),
(417, 53, 'd0c2c69e61933c1e88eed05c1ed9d15e', 'd0c2c69e61933c1e88eed05c1ed9d15e.jpg', 'jpg', 'public', 129555, 800, 533, 'image/jpeg', 14, 14, '2022-07-20 11:21:27', '2022-07-20 11:21:27'),
(418, 54, '7f5aa263b495ec8626c961c53bd6052e', '7f5aa263b495ec8626c961c53bd6052e.jpg', 'jpg', 'public', 112115, 800, 600, 'image/jpeg', 14, 14, '2022-07-20 11:24:07', '2022-07-20 11:24:07'),
(419, 54, '7e32fd40892f702c99d1aadb5326e095', '7e32fd40892f702c99d1aadb5326e095.jpg', 'jpg', 'public', 108937, 800, 600, 'image/jpeg', 14, 14, '2022-07-20 11:24:07', '2022-07-20 11:24:07'),
(420, 54, 'e18aeec7ab35da91d8f2316572593e41', 'e18aeec7ab35da91d8f2316572593e41.jpg', 'jpg', 'public', 117588, 800, 600, 'image/jpeg', 14, 14, '2022-07-20 11:24:07', '2022-07-20 11:24:07'),
(421, 55, '0d91def0af5abf70c3d87057fa65f8e1', '0d91def0af5abf70c3d87057fa65f8e1.jpg', 'jpg', 'public', 131576, 800, 533, 'image/jpeg', 14, 14, '2022-07-20 11:28:06', '2022-07-20 11:28:06'),
(422, 55, '7590bae7c171931d3df0f79ca7ad08e6', '7590bae7c171931d3df0f79ca7ad08e6.jpg', 'jpg', 'public', 154521, 800, 533, 'image/jpeg', 14, 14, '2022-07-20 11:28:06', '2022-07-20 11:28:06'),
(423, 55, 'c8db9bf21d36207f1a9348cd82a4a3f9', 'c8db9bf21d36207f1a9348cd82a4a3f9.jpg', 'jpg', 'public', 146807, 800, 533, 'image/jpeg', 14, 14, '2022-07-20 11:28:07', '2022-07-20 11:28:07'),
(424, 55, 'ea18a34e54ac4a9dc33240d53fff5076', 'ea18a34e54ac4a9dc33240d53fff5076.jpg', 'jpg', 'public', 104643, 800, 533, 'image/jpeg', 14, 14, '2022-07-20 11:28:07', '2022-07-20 11:28:07'),
(425, 55, 'f8eb031594e192a74ac4cd4606e19616', 'f8eb031594e192a74ac4cd4606e19616.jpg', 'jpg', 'public', 149673, 800, 533, 'image/jpeg', 14, 14, '2022-07-20 11:28:07', '2022-07-20 11:28:07'),
(426, 56, '2c6b15dd6e54c439af888c2cd0de145c', '2c6b15dd6e54c439af888c2cd0de145c.jpg', 'jpg', 'public', 159070, 800, 680, 'image/jpeg', 14, 14, '2022-07-20 11:29:31', '2022-07-20 11:29:31'),
(427, 57, '8d24e0ff7d5149331d0e97c5152fcf1d', '8d24e0ff7d5149331d0e97c5152fcf1d.jpg', 'jpg', 'public', 137783, 800, 600, 'image/jpeg', 14, 14, '2022-07-20 11:34:28', '2022-07-20 11:34:28'),
(428, 57, '42ee773cf287bc6012eeb24917ca0b17', '42ee773cf287bc6012eeb24917ca0b17.jpg', 'jpg', 'public', 147845, 800, 600, 'image/jpeg', 14, 14, '2022-07-20 11:34:28', '2022-07-20 11:34:28'),
(429, 57, 'dd0610cf7077216b55710e93c9cfc690', 'dd0610cf7077216b55710e93c9cfc690.jpg', 'jpg', 'public', 142302, 800, 600, 'image/jpeg', 14, 14, '2022-07-20 11:34:28', '2022-07-20 11:34:28'),
(430, 57, 'fc8df137f6d6904643cd0f1402e5c9c7', 'fc8df137f6d6904643cd0f1402e5c9c7.jpg', 'jpg', 'public', 134999, 800, 600, 'image/jpeg', 14, 14, '2022-07-20 11:34:28', '2022-07-20 11:34:28'),
(431, 58, '4026afdacc2bed04f2f731bd0c80aa4e', '4026afdacc2bed04f2f731bd0c80aa4e.jpg', 'jpg', 'public', 111091, 600, 800, 'image/jpeg', 14, 14, '2022-07-20 11:43:50', '2022-07-20 11:43:50'),
(432, 58, '6f2905b085390ed0d278b9f15212d0dc', '6f2905b085390ed0d278b9f15212d0dc.jpg', 'jpg', 'public', 168868, 600, 800, 'image/jpeg', 14, 14, '2022-07-20 11:43:50', '2022-07-20 11:43:50'),
(433, 58, '989a77544500cc7aa4534b1d1b0fcb2a', '989a77544500cc7aa4534b1d1b0fcb2a.jpg', 'jpg', 'public', 165953, 800, 600, 'image/jpeg', 14, 14, '2022-07-20 11:43:50', '2022-07-20 11:43:50'),
(434, 58, 'a91f8a222fbe46f01e067313566e2f11', 'a91f8a222fbe46f01e067313566e2f11.jpg', 'jpg', 'public', 175197, 800, 600, 'image/jpeg', 14, 14, '2022-07-20 11:43:50', '2022-07-20 11:43:50'),
(435, 59, '72688762b15c3c67dbcc630b37cafd94', '72688762b15c3c67dbcc630b37cafd94.jpg', 'jpg', 'public', 123360, 800, 599, 'image/jpeg', 14, 14, '2022-07-20 12:01:12', '2022-07-20 12:01:12'),
(436, 59, 'afa108acfd4ba73a9bc18fa60ebe15ec', 'afa108acfd4ba73a9bc18fa60ebe15ec.jpg', 'jpg', 'public', 131139, 800, 600, 'image/jpeg', 14, 14, '2022-07-20 12:01:12', '2022-07-20 12:01:12'),
(437, 59, 'cc23cf2636ceaeb22ee4af227e4064d4', 'cc23cf2636ceaeb22ee4af227e4064d4.jpg', 'jpg', 'public', 113413, 800, 600, 'image/jpeg', 14, 14, '2022-07-20 12:01:13', '2022-07-20 12:01:13'),
(438, 61, '239c3573d97dd7bab0d68be828d0de06', '239c3573d97dd7bab0d68be828d0de06.jpg', 'jpg', 'public', 140475, 800, 533, 'image/jpeg', 14, 14, '2022-07-20 12:03:25', '2022-07-20 12:03:25'),
(439, 61, '3261fdc238cbab652152dc44ffe0fe22', '3261fdc238cbab652152dc44ffe0fe22.jpg', 'jpg', 'public', 136982, 800, 533, 'image/jpeg', 14, 14, '2022-07-20 12:03:25', '2022-07-20 12:03:25'),
(440, 61, '4617ff7dbd1f09c9c70bac0f0470fcce', '4617ff7dbd1f09c9c70bac0f0470fcce.jpg', 'jpg', 'public', 132988, 800, 533, 'image/jpeg', 14, 14, '2022-07-20 12:03:25', '2022-07-20 12:03:25'),
(441, 61, '49f2a6cc475845820947739310cf07ed', '49f2a6cc475845820947739310cf07ed.jpg', 'jpg', 'public', 110576, 800, 533, 'image/jpeg', 14, 14, '2022-07-20 12:03:25', '2022-07-20 12:03:25'),
(442, 61, '540c42dc02c101891deb1083b0e4afa0', '540c42dc02c101891deb1083b0e4afa0.jpg', 'jpg', 'public', 163986, 800, 600, 'image/jpeg', 14, 14, '2022-07-20 12:03:25', '2022-07-20 12:03:25'),
(443, 61, '6b99e566ed156235f858d1b437fdd0e2', '6b99e566ed156235f858d1b437fdd0e2.jpg', 'jpg', 'public', 158356, 800, 533, 'image/jpeg', 14, 14, '2022-07-20 12:03:26', '2022-07-20 12:03:26'),
(444, 61, '8c58daa44afccf34f4ea7442d85bd124', '8c58daa44afccf34f4ea7442d85bd124.jpg', 'jpg', 'public', 151177, 800, 533, 'image/jpeg', 14, 14, '2022-07-20 12:03:26', '2022-07-20 12:03:26'),
(445, 62, '18bd707e1cdb8b3043969a1849c2c7f3', '18bd707e1cdb8b3043969a1849c2c7f3.jpg', 'jpg', 'public', 137118, 800, 533, 'image/jpeg', 14, 14, '2022-07-20 12:15:49', '2022-07-20 12:15:49'),
(446, 62, '18bd707e1cdb8b3043969a1849c2c7f3-1', '18bd707e1cdb8b3043969a1849c2c7f3-1.jpg', 'jpg', 'public', 137118, 800, 533, 'image/jpeg', 14, 14, '2022-07-20 12:15:49', '2022-07-20 12:15:49'),
(447, 62, '595bdcdd0b9b8a07c1509f1b12450a92', '595bdcdd0b9b8a07c1509f1b12450a92.jpg', 'jpg', 'public', 137642, 800, 533, 'image/jpeg', 14, 14, '2022-07-20 12:15:49', '2022-07-20 12:15:49'),
(448, 62, '7a66f59085c7c015177a264fdedcd972', '7a66f59085c7c015177a264fdedcd972.jpg', 'jpg', 'public', 84922, 800, 533, 'image/jpeg', 14, 14, '2022-07-20 12:15:49', '2022-07-20 12:15:49'),
(449, 62, 'dbefdc6940bd74d95389dcbb3872d4ae', 'dbefdc6940bd74d95389dcbb3872d4ae.jpg', 'jpg', 'public', 147753, 800, 533, 'image/jpeg', 14, 14, '2022-07-20 12:15:50', '2022-07-20 12:15:50'),
(450, 62, 'ef72bb56f1940bf170a21a2a836fb77a', 'ef72bb56f1940bf170a21a2a836fb77a.jpg', 'jpg', 'public', 132483, 800, 533, 'image/jpeg', 14, 14, '2022-07-20 12:15:50', '2022-07-20 12:15:50'),
(451, 62, 'ffa4842e4f591eb40bae222d16f8dc65', 'ffa4842e4f591eb40bae222d16f8dc65.jpg', 'jpg', 'public', 170597, 800, 600, 'image/jpeg', 14, 14, '2022-07-20 12:15:50', '2022-07-20 12:15:50'),
(452, 63, '3bf07ea54d10f28523f274f2000bd9d9-1', '3bf07ea54d10f28523f274f2000bd9d9-1.jpg', 'jpg', 'public', 126046, 800, 600, 'image/jpeg', 14, 14, '2022-07-20 12:18:55', '2022-07-20 12:18:55'),
(453, 63, '2de2835e3f4a5829e9cf62c8eda7a9f8', '2de2835e3f4a5829e9cf62c8eda7a9f8.jpg', 'jpg', 'public', 170389, 800, 600, 'image/jpeg', 14, 14, '2022-07-20 12:18:55', '2022-07-20 12:18:55'),
(454, 63, '3bf07ea54d10f28523f274f2000bd9d9', '3bf07ea54d10f28523f274f2000bd9d9.jpg', 'jpg', 'public', 126046, 800, 600, 'image/jpeg', 14, 14, '2022-07-20 12:18:55', '2022-07-20 12:18:55'),
(455, 64, '56fc262bb56b1f3fe1dc2382ef2e8a62', '56fc262bb56b1f3fe1dc2382ef2e8a62.jpg', 'jpg', 'public', 147447, 800, 600, 'image/jpeg', 14, 14, '2022-07-20 12:30:36', '2022-07-20 12:30:36'),
(456, 64, '400fc72971ab0027f9b2b7f0172f9b74', '400fc72971ab0027f9b2b7f0172f9b74.jpg', 'jpg', 'public', 169205, 800, 600, 'image/jpeg', 14, 14, '2022-07-20 12:30:36', '2022-07-20 12:30:36'),
(457, 64, '9b312887e16f9aef6dfe056b9a1f37fc', '9b312887e16f9aef6dfe056b9a1f37fc.jpg', 'jpg', 'public', 175209, 800, 600, 'image/jpeg', 14, 14, '2022-07-20 12:30:36', '2022-07-20 12:30:36'),
(458, 65, '3265c12ed34a3191f2043e676275c5ef', '3265c12ed34a3191f2043e676275c5ef.jpg', 'jpg', 'public', 177510, 800, 600, 'image/jpeg', 14, 14, '2022-07-20 12:38:23', '2022-07-20 12:38:23'),
(459, 65, '08f8869b1d9213d75c0e6cd90f5bdffa', '08f8869b1d9213d75c0e6cd90f5bdffa.jpg', 'jpg', 'public', 145824, 800, 533, 'image/jpeg', 14, 14, '2022-07-20 12:38:23', '2022-07-20 12:38:23'),
(460, 65, '57992c29d97cd9f868f669161828737a-1', '57992c29d97cd9f868f669161828737a-1.jpg', 'jpg', 'public', 139180, 800, 533, 'image/jpeg', 14, 14, '2022-07-20 12:38:24', '2022-07-20 12:38:24'),
(461, 65, '57992c29d97cd9f868f669161828737a', '57992c29d97cd9f868f669161828737a.jpg', 'jpg', 'public', 139180, 800, 533, 'image/jpeg', 14, 14, '2022-07-20 12:38:24', '2022-07-20 12:38:24'),
(462, 65, '82397f5b0c2a14da73b48037654492ff', '82397f5b0c2a14da73b48037654492ff.jpg', 'jpg', 'public', 122157, 800, 451, 'image/jpeg', 14, 14, '2022-07-20 12:38:24', '2022-07-20 12:38:24'),
(463, 65, '8cbd71d67cf17084b7761db13e44829e', '8cbd71d67cf17084b7761db13e44829e.jpg', 'jpg', 'public', 147774, 800, 533, 'image/jpeg', 14, 14, '2022-07-20 12:38:24', '2022-07-20 12:38:24'),
(464, 65, 'b9dc52bd790dcf0579001e11c7ac771f', 'b9dc52bd790dcf0579001e11c7ac771f.jpg', 'jpg', 'public', 132914, 800, 533, 'image/jpeg', 14, 14, '2022-07-20 12:38:24', '2022-07-20 12:38:24'),
(465, 65, 'e0f80fa6e6b57d27cebe34546a5063a2', 'e0f80fa6e6b57d27cebe34546a5063a2.jpg', 'jpg', 'public', 154339, 800, 533, 'image/jpeg', 14, 14, '2022-07-20 12:38:24', '2022-07-20 12:38:24'),
(466, 65, 'ec4e361be61bb961842dc872e37e4db2', 'ec4e361be61bb961842dc872e37e4db2.jpg', 'jpg', 'public', 114480, 800, 533, 'image/jpeg', 14, 14, '2022-07-20 12:38:24', '2022-07-20 12:38:24'),
(467, 66, '39fd4557b277befb3838c63ef0fe07e9', '39fd4557b277befb3838c63ef0fe07e9.jpg', 'jpg', 'public', 155753, 800, 533, 'image/jpeg', 14, 14, '2022-07-20 13:48:58', '2022-07-20 13:48:58'),
(468, 66, '8e079aa86f586041a6da404968094db8-1', '8e079aa86f586041a6da404968094db8-1.jpg', 'jpg', 'public', 142743, 800, 533, 'image/jpeg', 14, 14, '2022-07-20 13:48:58', '2022-07-20 13:48:58'),
(469, 66, '8e079aa86f586041a6da404968094db8', '8e079aa86f586041a6da404968094db8.jpg', 'jpg', 'public', 142743, 800, 533, 'image/jpeg', 14, 14, '2022-07-20 13:48:58', '2022-07-20 13:48:58'),
(470, 66, 'a5d7b6dfbc9375b5b3b76055eb529973', 'a5d7b6dfbc9375b5b3b76055eb529973.jpg', 'jpg', 'public', 98904, 532, 800, 'image/jpeg', 14, 14, '2022-07-20 13:48:58', '2022-07-20 13:48:58'),
(471, 67, '1dcda741923862e964b23ac42ee98b26', '1dcda741923862e964b23ac42ee98b26.jpg', 'jpg', 'public', 114969, 800, 600, 'image/jpeg', 14, 14, '2022-07-20 13:52:13', '2022-07-20 13:52:13'),
(472, 67, '1dcda741923862e964b23ac42ee98b26-1', '1dcda741923862e964b23ac42ee98b26-1.jpg', 'jpg', 'public', 114969, 800, 600, 'image/jpeg', 14, 14, '2022-07-20 13:52:13', '2022-07-20 13:52:13'),
(473, 67, 'd3f4ba1ca26004ea75ff53c2b55553be', 'd3f4ba1ca26004ea75ff53c2b55553be.jpg', 'jpg', 'public', 129967, 800, 600, 'image/jpeg', 14, 14, '2022-07-20 13:52:14', '2022-07-20 13:52:14'),
(474, 67, 'e90179d4a0deb93f4bc2422f6338bf7c', 'e90179d4a0deb93f4bc2422f6338bf7c.jpg', 'jpg', 'public', 121890, 800, 600, 'image/jpeg', 14, 14, '2022-07-20 13:52:14', '2022-07-20 13:52:14'),
(475, 68, '1aa7d84a9b29854a2d1ea57a5bfbd8fb', '1aa7d84a9b29854a2d1ea57a5bfbd8fb.jpg', 'jpg', 'public', 154308, 800, 533, 'image/jpeg', 14, 14, '2022-07-20 13:55:40', '2022-07-20 13:55:40'),
(476, 68, '1a6a48daa3823d060df16d94f3b3cb7a', '1a6a48daa3823d060df16d94f3b3cb7a.jpg', 'jpg', 'public', 157606, 800, 533, 'image/jpeg', 14, 14, '2022-07-20 13:55:40', '2022-07-20 13:55:40'),
(477, 68, '1bcdd7e0eac877eb60d25dff4f0795dd', '1bcdd7e0eac877eb60d25dff4f0795dd.jpg', 'jpg', 'public', 146294, 800, 533, 'image/jpeg', 14, 14, '2022-07-20 13:55:40', '2022-07-20 13:55:40'),
(478, 68, '257ce18b6a811d70bf9e5ea85fd5401a', '257ce18b6a811d70bf9e5ea85fd5401a.jpg', 'jpg', 'public', 132779, 800, 600, 'image/jpeg', 14, 14, '2022-07-20 13:55:40', '2022-07-20 13:55:40'),
(479, 68, '29bdd7d3780ad5510e05d5f40a843ab2', '29bdd7d3780ad5510e05d5f40a843ab2.jpg', 'jpg', 'public', 111231, 800, 533, 'image/jpeg', 14, 14, '2022-07-20 13:55:40', '2022-07-20 13:55:40'),
(480, 68, '5081b769fa05f334bc2c73b54bb06be5', '5081b769fa05f334bc2c73b54bb06be5.jpg', 'jpg', 'public', 116814, 800, 533, 'image/jpeg', 14, 14, '2022-07-20 13:55:40', '2022-07-20 13:55:40'),
(481, 68, '5e2034176d6fc3d3ca92009d64f6de70', '5e2034176d6fc3d3ca92009d64f6de70.jpg', 'jpg', 'public', 153329, 800, 600, 'image/jpeg', 14, 14, '2022-07-20 13:55:40', '2022-07-20 13:55:40'),
(482, 68, '83d3cff8610a528d54e82e113d73d784', '83d3cff8610a528d54e82e113d73d784.jpg', 'jpg', 'public', 154020, 800, 600, 'image/jpeg', 14, 14, '2022-07-20 13:55:40', '2022-07-20 13:55:40'),
(483, 68, '93832a1dff12e0a2a9b00f88088c540c', '93832a1dff12e0a2a9b00f88088c540c.jpg', 'jpg', 'public', 126317, 800, 600, 'image/jpeg', 14, 14, '2022-07-20 13:55:41', '2022-07-20 13:55:41'),
(484, 68, 'aad1652f2b2c66ff9495872b822505e7', 'aad1652f2b2c66ff9495872b822505e7.jpg', 'jpg', 'public', 134237, 800, 533, 'image/jpeg', 14, 14, '2022-07-20 13:55:41', '2022-07-20 13:55:41'),
(485, 68, 'e900c29e3f76cf38a6671e0f532e850c', 'e900c29e3f76cf38a6671e0f532e850c.jpg', 'jpg', 'public', 125760, 800, 533, 'image/jpeg', 14, 14, '2022-07-20 13:55:41', '2022-07-20 13:55:41'),
(486, 68, 'f7b7f60ec492bcc22491c08f982e15c0', 'f7b7f60ec492bcc22491c08f982e15c0.jpg', 'jpg', 'public', 165298, 800, 600, 'image/jpeg', 14, 14, '2022-07-20 13:55:41', '2022-07-20 13:55:41'),
(487, 69, '3bd362e1de741450c0caed5be712f21e', '3bd362e1de741450c0caed5be712f21e.jpg', 'jpg', 'public', 150411, 800, 600, 'image/jpeg', 14, 14, '2022-07-20 14:05:34', '2022-07-20 14:05:34'),
(488, 69, '5814c9b15f969a040d7d7fc7b7aa9586', '5814c9b15f969a040d7d7fc7b7aa9586.jpg', 'jpg', 'public', 137394, 800, 600, 'image/jpeg', 14, 14, '2022-07-20 14:05:34', '2022-07-20 14:05:34'),
(489, 69, 'aabfa8fe39771de148f33e1dda7990c5', 'aabfa8fe39771de148f33e1dda7990c5.jpg', 'jpg', 'public', 123020, 800, 600, 'image/jpeg', 14, 14, '2022-07-20 14:05:34', '2022-07-20 14:05:34'),
(490, 69, 'c6d4ee8be7e3b287d61fc42f98557a4a', 'c6d4ee8be7e3b287d61fc42f98557a4a.jpg', 'jpg', 'public', 98371, 600, 800, 'image/jpeg', 14, 14, '2022-07-20 14:05:34', '2022-07-20 14:05:34'),
(491, 70, '47c29d1980ce8a333d2ddae5c865f762', '47c29d1980ce8a333d2ddae5c865f762.jpg', 'jpg', 'public', 145339, 800, 533, 'image/jpeg', 14, 14, '2022-07-20 14:08:18', '2022-07-20 14:08:18'),
(492, 70, '31c818bfb82d8616d4469c6c72d0ca3f', '31c818bfb82d8616d4469c6c72d0ca3f.jpg', 'jpg', 'public', 150043, 800, 533, 'image/jpeg', 14, 14, '2022-07-20 14:08:18', '2022-07-20 14:08:18'),
(493, 70, '61cc4fcb3b7cc2c4670b5e7cd623a9fa', '61cc4fcb3b7cc2c4670b5e7cd623a9fa.jpg', 'jpg', 'public', 182308, 800, 600, 'image/jpeg', 14, 14, '2022-07-20 14:08:18', '2022-07-20 14:08:18'),
(494, 70, '6bcd644e7d3787c8e603bb6a6519c9e5-1', '6bcd644e7d3787c8e603bb6a6519c9e5-1.jpg', 'jpg', 'public', 139018, 800, 533, 'image/jpeg', 14, 14, '2022-07-20 14:08:18', '2022-07-20 14:08:18'),
(495, 70, '6bcd644e7d3787c8e603bb6a6519c9e5', '6bcd644e7d3787c8e603bb6a6519c9e5.jpg', 'jpg', 'public', 139018, 800, 533, 'image/jpeg', 14, 14, '2022-07-20 14:08:19', '2022-07-20 14:08:19'),
(496, 70, 'ed4b461a8f547b4f603a45e541fedd0a', 'ed4b461a8f547b4f603a45e541fedd0a.jpg', 'jpg', 'public', 144826, 800, 533, 'image/jpeg', 14, 14, '2022-07-20 14:08:19', '2022-07-20 14:08:19'),
(497, 71, '56277a4dbe7fc0e911f31d1a7a48a466', '56277a4dbe7fc0e911f31d1a7a48a466.jpg', 'jpg', 'public', 100892, 800, 533, 'image/jpeg', 14, 14, '2022-07-20 14:11:56', '2022-07-20 14:11:56'),
(498, 71, '26cc4d8a068d5eaa4b259250fc1f3590', '26cc4d8a068d5eaa4b259250fc1f3590.jpg', 'jpg', 'public', 85357, 532, 800, 'image/jpeg', 14, 14, '2022-07-20 14:11:56', '2022-07-20 14:11:56'),
(499, 71, 'f5982c77708a61780d4e0fd6a50127cc', 'f5982c77708a61780d4e0fd6a50127cc.jpg', 'jpg', 'public', 102208, 800, 533, 'image/jpeg', 14, 14, '2022-07-20 14:11:56', '2022-07-20 14:11:56'),
(500, 72, '9991f60939eb027375bb25202750f45e', '9991f60939eb027375bb25202750f45e.jpg', 'jpg', 'public', 132727, 800, 600, 'image/jpeg', 14, 14, '2022-07-20 14:14:13', '2022-07-20 14:14:13'),
(501, 72, '4fc878b6612a486ccc3231054cd8d594', '4fc878b6612a486ccc3231054cd8d594.jpg', 'jpg', 'public', 137043, 800, 600, 'image/jpeg', 14, 14, '2022-07-20 14:14:13', '2022-07-20 14:14:13'),
(502, 73, '4741bade8bf27f9554bc9213201a9085', '4741bade8bf27f9554bc9213201a9085.jpg', 'jpg', 'public', 178402, 800, 600, 'image/jpeg', 14, 14, '2022-07-20 14:16:40', '2022-07-20 14:16:40'),
(503, 73, '5d8d599546dd847aa926064087086811', '5d8d599546dd847aa926064087086811.jpg', 'jpg', 'public', 118940, 800, 600, 'image/jpeg', 14, 14, '2022-07-20 14:16:40', '2022-07-20 14:16:40'),
(504, 73, '74367df68e512f4f94ac1c3e07682c3f', '74367df68e512f4f94ac1c3e07682c3f.jpg', 'jpg', 'public', 141398, 800, 600, 'image/jpeg', 14, 14, '2022-07-20 14:16:40', '2022-07-20 14:16:40'),
(505, 73, '7a45de75d1af0ac4c3edd1f3d189da32', '7a45de75d1af0ac4c3edd1f3d189da32.jpg', 'jpg', 'public', 184739, 800, 600, 'image/jpeg', 14, 14, '2022-07-20 14:16:40', '2022-07-20 14:16:40'),
(506, 73, '9a89af3652875c8d5e278ee64b083553', '9a89af3652875c8d5e278ee64b083553.jpg', 'jpg', 'public', 176123, 600, 800, 'image/jpeg', 14, 14, '2022-07-20 14:16:40', '2022-07-20 14:16:40'),
(507, 73, 'c7593f7c88c57e6c85b845ce5ae6db40', 'c7593f7c88c57e6c85b845ce5ae6db40.jpg', 'jpg', 'public', 186451, 800, 600, 'image/jpeg', 14, 14, '2022-07-20 14:16:40', '2022-07-20 14:16:40'),
(508, 73, 'e20fe49f9d3e73502765f73805b22175', 'e20fe49f9d3e73502765f73805b22175.jpg', 'jpg', 'public', 124945, 800, 600, 'image/jpeg', 14, 14, '2022-07-20 14:16:41', '2022-07-20 14:16:41'),
(509, 73, 'e8d53cfe43bf0f5df36d6f076d63d928', 'e8d53cfe43bf0f5df36d6f076d63d928.jpg', 'jpg', 'public', 105313, 800, 600, 'image/jpeg', 14, 14, '2022-07-20 14:16:41', '2022-07-20 14:16:41'),
(510, 74, '18f412a6bd22b43636ed1322343c77bd', '18f412a6bd22b43636ed1322343c77bd.jpg', 'jpg', 'public', 158043, 800, 533, 'image/jpeg', 14, 14, '2022-07-20 14:23:39', '2022-07-20 14:23:39'),
(511, 74, '9866151a99c14fef539fad6073093d85', '9866151a99c14fef539fad6073093d85.jpg', 'jpg', 'public', 141974, 800, 533, 'image/jpeg', 14, 14, '2022-07-20 14:23:39', '2022-07-20 14:23:39'),
(512, 74, 'c13f55435e49b7b8315f890c5e7d2411', 'c13f55435e49b7b8315f890c5e7d2411.jpg', 'jpg', 'public', 143797, 800, 533, 'image/jpeg', 14, 14, '2022-07-20 14:23:39', '2022-07-20 14:23:39'),
(513, 75, 'b7b95c917945b690bfaf958bf209e2e9', 'b7b95c917945b690bfaf958bf209e2e9.jpg', 'jpg', 'public', 78478, 800, 533, 'image/jpeg', 14, 14, '2022-07-20 14:25:18', '2022-07-20 14:25:18'),
(514, 75, '16eecc5524e436108e274eadb9b8994c', '16eecc5524e436108e274eadb9b8994c.jpg', 'jpg', 'public', 126632, 800, 533, 'image/jpeg', 14, 14, '2022-07-20 14:25:18', '2022-07-20 14:25:18'),
(515, 75, 'bf3de6a957f46addb57543706be908ef', 'bf3de6a957f46addb57543706be908ef.jpg', 'jpg', 'public', 113807, 800, 533, 'image/jpeg', 14, 14, '2022-07-20 14:25:18', '2022-07-20 14:25:18'),
(516, 76, '01eef875d8671f95aedb3c34df6c9a37-1', '01eef875d8671f95aedb3c34df6c9a37-1.jpg', 'jpg', 'public', 149066, 800, 533, 'image/jpeg', 14, 14, '2022-07-20 14:27:08', '2022-07-20 14:27:08'),
(517, 76, '01eef875d8671f95aedb3c34df6c9a37', '01eef875d8671f95aedb3c34df6c9a37.jpg', 'jpg', 'public', 149066, 800, 533, 'image/jpeg', 14, 14, '2022-07-20 14:27:08', '2022-07-20 14:27:08'),
(518, 76, '4b074fee7d3030a7ce87686aab53ac4d', '4b074fee7d3030a7ce87686aab53ac4d.jpg', 'jpg', 'public', 102451, 800, 533, 'image/jpeg', 14, 14, '2022-07-20 14:27:08', '2022-07-20 14:27:08'),
(519, 76, 'c1cac6b2aa7a9c5c6491d6cdbddd465f', 'c1cac6b2aa7a9c5c6491d6cdbddd465f.jpg', 'jpg', 'public', 179264, 800, 533, 'image/jpeg', 14, 14, '2022-07-20 14:27:08', '2022-07-20 14:27:08'),
(520, 76, 'e9fe5f6960ca5ed049f60b664e2afb02-1', 'e9fe5f6960ca5ed049f60b664e2afb02-1.jpg', 'jpg', 'public', 104441, 800, 533, 'image/jpeg', 14, 14, '2022-07-20 14:27:09', '2022-07-20 14:27:09'),
(521, 76, 'e9fe5f6960ca5ed049f60b664e2afb02', 'e9fe5f6960ca5ed049f60b664e2afb02.jpg', 'jpg', 'public', 104441, 800, 533, 'image/jpeg', 14, 14, '2022-07-20 14:27:09', '2022-07-20 14:27:09'),
(522, 77, '40f066e7a76f85854a9b5d469d93cfa2-1', '40f066e7a76f85854a9b5d469d93cfa2-1.jpg', 'jpg', 'public', 117286, 800, 533, 'image/jpeg', 14, 14, '2022-07-20 14:34:19', '2022-07-20 14:34:19'),
(523, 77, '113a1353ace6e441fa3d0ad11dd0cc5e', '113a1353ace6e441fa3d0ad11dd0cc5e.jpg', 'jpg', 'public', 106878, 800, 533, 'image/jpeg', 14, 14, '2022-07-20 14:34:19', '2022-07-20 14:34:19'),
(524, 77, '40f066e7a76f85854a9b5d469d93cfa2', '40f066e7a76f85854a9b5d469d93cfa2.jpg', 'jpg', 'public', 117286, 800, 533, 'image/jpeg', 14, 14, '2022-07-20 14:34:20', '2022-07-20 14:34:20'),
(525, 77, '909164939c13c4d33815a9b19d2c7f00', '909164939c13c4d33815a9b19d2c7f00.jpg', 'jpg', 'public', 137646, 800, 533, 'image/jpeg', 14, 14, '2022-07-20 14:34:20', '2022-07-20 14:34:20'),
(526, 77, 'cc0e76193d57ac36ed39eaab5d224127', 'cc0e76193d57ac36ed39eaab5d224127.jpg', 'jpg', 'public', 134640, 800, 533, 'image/jpeg', 14, 14, '2022-07-20 14:34:20', '2022-07-20 14:34:20'),
(527, 77, 'dec8de1690d63f119e584b67fe60588e-1', 'dec8de1690d63f119e584b67fe60588e-1.jpg', 'jpg', 'public', 144946, 800, 533, 'image/jpeg', 14, 14, '2022-07-20 14:34:20', '2022-07-20 14:34:20'),
(528, 77, 'dec8de1690d63f119e584b67fe60588e', 'dec8de1690d63f119e584b67fe60588e.jpg', 'jpg', 'public', 144946, 800, 533, 'image/jpeg', 14, 14, '2022-07-20 14:34:20', '2022-07-20 14:34:20'),
(529, 78, 'cbb9171eec9a7edeb9810b8ac825268a-1', 'cbb9171eec9a7edeb9810b8ac825268a-1.jpg', 'jpg', 'public', 167190, 800, 600, 'image/jpeg', 14, 14, '2022-07-20 14:42:54', '2022-07-20 14:42:54'),
(530, 78, '8ba5ea158e116ed4cc0070ffe1268b78', '8ba5ea158e116ed4cc0070ffe1268b78.jpg', 'jpg', 'public', 161829, 800, 600, 'image/jpeg', 14, 14, '2022-07-20 14:42:54', '2022-07-20 14:42:54'),
(531, 78, 'cbb9171eec9a7edeb9810b8ac825268a', 'cbb9171eec9a7edeb9810b8ac825268a.jpg', 'jpg', 'public', 167190, 800, 600, 'image/jpeg', 14, 14, '2022-07-20 14:42:54', '2022-07-20 14:42:54'),
(532, 78, 'WechatIMG15468', 'WechatIMG15468.jpeg', 'jpeg', 'public', 319390, 1440, 1080, 'image/jpeg', 14, 14, '2022-07-20 14:42:54', '2022-07-20 14:42:54'),
(533, 79, '843a9e92160aa70aa719b34f8a10b411', '843a9e92160aa70aa719b34f8a10b411.jpg', 'jpg', 'public', 164734, 800, 600, 'image/jpeg', 14, 14, '2022-07-20 14:54:38', '2022-07-20 14:54:38'),
(534, 79, 'a83f08f540f4a4c11b8402cb7acc027b-1', 'a83f08f540f4a4c11b8402cb7acc027b-1.jpg', 'jpg', 'public', 162606, 800, 600, 'image/jpeg', 14, 14, '2022-07-20 14:54:38', '2022-07-20 14:54:38'),
(535, 79, 'a83f08f540f4a4c11b8402cb7acc027b', 'a83f08f540f4a4c11b8402cb7acc027b.jpg', 'jpg', 'public', 162606, 800, 600, 'image/jpeg', 14, 14, '2022-07-20 14:54:38', '2022-07-20 14:54:38'),
(536, 80, '9d7cb5dbf60be5bd8a9fd9f63788f2b2', '9d7cb5dbf60be5bd8a9fd9f63788f2b2.jpg', 'jpg', 'public', 141938, 800, 600, 'image/jpeg', 14, 14, '2022-07-20 14:57:08', '2022-07-20 14:57:08'),
(537, 80, '06e0bb410a7873e6a807cdf2e429cee3', '06e0bb410a7873e6a807cdf2e429cee3.jpg', 'jpg', 'public', 126375, 800, 600, 'image/jpeg', 14, 14, '2022-07-20 14:57:08', '2022-07-20 14:57:08'),
(538, 82, '3b7250665b6b25f52339e2533196c843', '3b7250665b6b25f52339e2533196c843.jpg', 'jpg', 'public', 108446, 800, 600, 'image/jpeg', 14, 14, '2022-07-20 14:59:26', '2022-07-20 14:59:26'),
(539, 82, '0aca320c553e22fa4b8ab13f46e1d34f', '0aca320c553e22fa4b8ab13f46e1d34f.jpg', 'jpg', 'public', 167869, 800, 600, 'image/jpeg', 14, 14, '2022-07-20 14:59:26', '2022-07-20 14:59:26'),
(540, 83, 'd24590eec95da40f2a525a89e180d66b', 'd24590eec95da40f2a525a89e180d66b.jpg', 'jpg', 'public', 78605, 800, 450, 'image/jpeg', 14, 14, '2022-07-20 15:01:40', '2022-07-20 15:01:40'),
(541, 83, '84ca568088aac1cee375b0d10321c872', '84ca568088aac1cee375b0d10321c872.jpg', 'jpg', 'public', 77736, 800, 450, 'image/jpeg', 14, 14, '2022-07-20 15:01:40', '2022-07-20 15:01:40'),
(542, 84, '122dfaa4e2f823a76640950b155757c3', '122dfaa4e2f823a76640950b155757c3.jpg', 'jpg', 'public', 84683, 532, 800, 'image/jpeg', 14, 14, '2022-07-20 15:04:10', '2022-07-20 15:04:10'),
(543, 84, '0c4ad57e57d70602a481a69a3944224a', '0c4ad57e57d70602a481a69a3944224a.jpg', 'jpg', 'public', 125767, 800, 533, 'image/jpeg', 14, 14, '2022-07-20 15:04:10', '2022-07-20 15:04:10'),
(544, 84, '23794b9d68b2eebb2608d0f5f613ce01-1', '23794b9d68b2eebb2608d0f5f613ce01-1.jpg', 'jpg', 'public', 147489, 800, 533, 'image/jpeg', 14, 14, '2022-07-20 15:04:10', '2022-07-20 15:04:10'),
(545, 84, '23794b9d68b2eebb2608d0f5f613ce01', '23794b9d68b2eebb2608d0f5f613ce01.jpg', 'jpg', 'public', 147489, 800, 533, 'image/jpeg', 14, 14, '2022-07-20 15:04:10', '2022-07-20 15:04:10'),
(546, 84, '54b504f8561b34dc0ca83111c0797452', '54b504f8561b34dc0ca83111c0797452.jpg', 'jpg', 'public', 111930, 800, 533, 'image/jpeg', 14, 14, '2022-07-20 15:04:11', '2022-07-20 15:04:11'),
(547, 84, '6b0c49be490ab29afbedd543e8edbfe9', '6b0c49be490ab29afbedd543e8edbfe9.jpg', 'jpg', 'public', 135223, 800, 533, 'image/jpeg', 14, 14, '2022-07-20 15:04:11', '2022-07-20 15:04:11'),
(548, 84, '6cef5ce4d537199a4035146ca9486d27', '6cef5ce4d537199a4035146ca9486d27.jpg', 'jpg', 'public', 83780, 532, 800, 'image/jpeg', 14, 14, '2022-07-20 15:04:11', '2022-07-20 15:04:11'),
(549, 84, '87741bc33d8b6814d9f50d67b945536c', '87741bc33d8b6814d9f50d67b945536c.jpg', 'jpg', 'public', 143998, 800, 533, 'image/jpeg', 14, 14, '2022-07-20 15:04:11', '2022-07-20 15:04:11'),
(550, 84, 'a029b42f6f3dfb61946a082c35578fd1', 'a029b42f6f3dfb61946a082c35578fd1.jpg', 'jpg', 'public', 116866, 800, 533, 'image/jpeg', 14, 14, '2022-07-20 15:04:11', '2022-07-20 15:04:11'),
(551, 84, 'fb75f5bfd77af4497ddda743f4f35740', 'fb75f5bfd77af4497ddda743f4f35740.jpg', 'jpg', 'public', 92198, 800, 533, 'image/jpeg', 14, 14, '2022-07-20 15:04:11', '2022-07-20 15:04:11'),
(552, 85, '8c5098003677c82d88c30cda4eae7f78', '8c5098003677c82d88c30cda4eae7f78.jpg', 'jpg', 'public', 130166, 800, 600, 'image/jpeg', 14, 14, '2022-07-20 15:12:40', '2022-07-20 15:12:40'),
(553, 86, '9d0cc29d5bf17c54e2a72f96d684a755', '9d0cc29d5bf17c54e2a72f96d684a755.jpg', 'jpg', 'public', 95781, 449, 800, 'image/jpeg', 14, 14, '2022-07-20 15:14:31', '2022-07-20 15:14:31'),
(554, 86, '446ee75ed963dde6a6c230b38f00118e', '446ee75ed963dde6a6c230b38f00118e.jpg', 'jpg', 'public', 107095, 800, 450, 'image/jpeg', 14, 14, '2022-07-20 15:14:31', '2022-07-20 15:14:31'),
(555, 86, 'e982a99745be81906782cef9810be274', 'e982a99745be81906782cef9810be274.jpg', 'jpg', 'public', 95597, 800, 450, 'image/jpeg', 14, 14, '2022-07-20 15:14:31', '2022-07-20 15:14:31'),
(556, 86, 'eb27f93b0b294d75e199a1a13655b209', 'eb27f93b0b294d75e199a1a13655b209.jpg', 'jpg', 'public', 94158, 800, 450, 'image/jpeg', 14, 14, '2022-07-20 15:14:31', '2022-07-20 15:14:31'),
(557, 87, '06b4d92f62d79bb3017ccf6dd5177d81', '06b4d92f62d79bb3017ccf6dd5177d81.jpg', 'jpg', 'public', 101867, 800, 450, 'image/jpeg', 14, 14, '2022-07-20 15:20:26', '2022-07-20 15:20:26'),
(558, 87, '6b755d364a78ddc740f3d3707e74a1ff', '6b755d364a78ddc740f3d3707e74a1ff.jpg', 'jpg', 'public', 133028, 800, 450, 'image/jpeg', 14, 14, '2022-07-20 15:20:26', '2022-07-20 15:20:26'),
(559, 87, '80d14d9e06ccd57976a16b6e60f5bc90', '80d14d9e06ccd57976a16b6e60f5bc90.jpg', 'jpg', 'public', 123462, 800, 450, 'image/jpeg', 14, 14, '2022-07-20 15:20:26', '2022-07-20 15:20:26'),
(560, 87, '883f837ceecea060b6c42d62d31c856b', '883f837ceecea060b6c42d62d31c856b.jpg', 'jpg', 'public', 110690, 800, 450, 'image/jpeg', 14, 14, '2022-07-20 15:20:26', '2022-07-20 15:20:26'),
(561, 87, '98425c7fd14bb706ecb2973df33dfe72', '98425c7fd14bb706ecb2973df33dfe72.jpg', 'jpg', 'public', 122380, 800, 450, 'image/jpeg', 14, 14, '2022-07-20 15:20:26', '2022-07-20 15:20:26'),
(562, 87, 'b2e25fa6ab01e3fe96dd3ae112f2567e', 'b2e25fa6ab01e3fe96dd3ae112f2567e.jpg', 'jpg', 'public', 121587, 800, 450, 'image/jpeg', 14, 14, '2022-07-20 15:20:27', '2022-07-20 15:20:27'),
(563, 87, 'c9604538c457016db087433a514c26ef', 'c9604538c457016db087433a514c26ef.jpg', 'jpg', 'public', 122947, 800, 450, 'image/jpeg', 14, 14, '2022-07-20 15:20:27', '2022-07-20 15:20:27'),
(564, 87, 'd6b78928ed4ffb844be38aebeafea1ee', 'd6b78928ed4ffb844be38aebeafea1ee.jpg', 'jpg', 'public', 143192, 800, 450, 'image/jpeg', 14, 14, '2022-07-20 15:20:27', '2022-07-20 15:20:27'),
(565, 87, 'e10e34eb3d840ba93386dcb1b6a8a972', 'e10e34eb3d840ba93386dcb1b6a8a972.jpg', 'jpg', 'public', 131400, 800, 450, 'image/jpeg', 14, 14, '2022-07-20 15:20:27', '2022-07-20 15:20:27'),
(566, 87, 'e8aae074cf60583c060ab0129782f1c1', 'e8aae074cf60583c060ab0129782f1c1.jpg', 'jpg', 'public', 89813, 800, 450, 'image/jpeg', 14, 14, '2022-07-20 15:20:27', '2022-07-20 15:20:27'),
(567, 87, 'ee066a2319ae2cffc810a67101b5b28f', 'ee066a2319ae2cffc810a67101b5b28f.jpg', 'jpg', 'public', 93594, 800, 450, 'image/jpeg', 14, 14, '2022-07-20 15:20:27', '2022-07-20 15:20:27'),
(568, 88, '6720b4860983bcb18beb184d1707263c', '6720b4860983bcb18beb184d1707263c.jpg', 'jpg', 'public', 124025, 800, 450, 'image/jpeg', 14, 14, '2022-07-20 15:32:10', '2022-07-20 15:32:10'),
(569, 88, '1c315babdca9e2ca9992cde64fb67008', '1c315babdca9e2ca9992cde64fb67008.jpg', 'jpg', 'public', 116821, 800, 450, 'image/jpeg', 14, 14, '2022-07-20 15:32:10', '2022-07-20 15:32:10'),
(570, 88, '95a4f7624776f22e292a5a9f82e2cd40', '95a4f7624776f22e292a5a9f82e2cd40.jpg', 'jpg', 'public', 102297, 800, 450, 'image/jpeg', 14, 14, '2022-07-20 15:32:11', '2022-07-20 15:32:11'),
(571, 89, '2b2a230748daf6c089cbcad574b52006', '2b2a230748daf6c089cbcad574b52006.jpg', 'jpg', 'public', 129520, 800, 451, 'image/jpeg', 14, 14, '2022-07-20 15:34:52', '2022-07-20 15:34:52'),
(572, 89, '07ad9bafb39fffac1f576764af5eec23', '07ad9bafb39fffac1f576764af5eec23.jpg', 'jpg', 'public', 87786, 800, 451, 'image/jpeg', 14, 14, '2022-07-20 15:34:52', '2022-07-20 15:34:52'),
(573, 89, '365d5b3f59028c8caa910f6f0b3aa968', '365d5b3f59028c8caa910f6f0b3aa968.jpg', 'jpg', 'public', 115051, 800, 451, 'image/jpeg', 14, 14, '2022-07-20 15:34:52', '2022-07-20 15:34:52'),
(574, 89, '60f3bae887f51083d112d204768b904e', '60f3bae887f51083d112d204768b904e.jpg', 'jpg', 'public', 129183, 800, 451, 'image/jpeg', 14, 14, '2022-07-20 15:34:52', '2022-07-20 15:34:52'),
(575, 89, '731c716e684c241654ac8ab68868cbb0', '731c716e684c241654ac8ab68868cbb0.jpg', 'jpg', 'public', 117749, 800, 451, 'image/jpeg', 14, 14, '2022-07-20 15:34:52', '2022-07-20 15:34:52'),
(576, 89, '8134560e700c4f88b34670bc06fbfe9d', '8134560e700c4f88b34670bc06fbfe9d.jpg', 'jpg', 'public', 91609, 800, 451, 'image/jpeg', 14, 14, '2022-07-20 15:34:52', '2022-07-20 15:34:52'),
(577, 89, 'a2545cefd9dbbf7883ed459123b9060d', 'a2545cefd9dbbf7883ed459123b9060d.jpg', 'jpg', 'public', 107463, 800, 451, 'image/jpeg', 14, 14, '2022-07-20 15:34:52', '2022-07-20 15:34:52'),
(578, 89, 'fe99969b3e728fc14e6e3519a3cd4fb0', 'fe99969b3e728fc14e6e3519a3cd4fb0.jpg', 'jpg', 'public', 130771, 800, 451, 'image/jpeg', 14, 14, '2022-07-20 15:34:53', '2022-07-20 15:34:53'),
(579, 90, '0a7789438fcbe8b8c286270473a5ba18', '0a7789438fcbe8b8c286270473a5ba18.jpg', 'jpg', 'public', 133196, 800, 451, 'image/jpeg', 14, 14, '2022-07-20 15:42:14', '2022-07-20 15:42:14'),
(580, 90, '5aa3a31d1802cbf2240fd4e50fe230b2', '5aa3a31d1802cbf2240fd4e50fe230b2.jpg', 'jpg', 'public', 125535, 800, 451, 'image/jpeg', 14, 14, '2022-07-20 15:42:14', '2022-07-20 15:42:14'),
(581, 90, 'd22a7566436d8d3065a04936db78560d', 'd22a7566436d8d3065a04936db78560d.jpg', 'jpg', 'public', 121800, 800, 451, 'image/jpeg', 14, 14, '2022-07-20 15:42:14', '2022-07-20 15:42:14'),
(582, 90, 'd743d52ab21a19713f601e84b8a62177', 'd743d52ab21a19713f601e84b8a62177.jpg', 'jpg', 'public', 132753, 800, 451, 'image/jpeg', 14, 14, '2022-07-20 15:42:14', '2022-07-20 15:42:14'),
(583, 91, '4230e65f33fc0bf41206ea613c138e88', '4230e65f33fc0bf41206ea613c138e88.jpg', 'jpg', 'public', 119114, 800, 451, 'image/jpeg', 14, 14, '2022-07-20 15:45:12', '2022-07-20 15:45:12'),
(584, 91, '60f6f44171ac375cb066a3fd1a384f1b', '60f6f44171ac375cb066a3fd1a384f1b.jpg', 'jpg', 'public', 116410, 800, 451, 'image/jpeg', 14, 14, '2022-07-20 15:45:12', '2022-07-20 15:45:12'),
(585, 91, '6f51c7a3eb30177f4927282d20abeeec', '6f51c7a3eb30177f4927282d20abeeec.jpg', 'jpg', 'public', 138953, 800, 451, 'image/jpeg', 14, 14, '2022-07-20 15:45:12', '2022-07-20 15:45:12'),
(586, 91, '76f1b9a6a3a48b4d326346f2097e416c', '76f1b9a6a3a48b4d326346f2097e416c.jpg', 'jpg', 'public', 87765, 800, 451, 'image/jpeg', 14, 14, '2022-07-20 15:45:12', '2022-07-20 15:45:12'),
(587, 91, '783db30cd0c65047bfb70c98e48cf8d9', '783db30cd0c65047bfb70c98e48cf8d9.jpg', 'jpg', 'public', 121542, 800, 451, 'image/jpeg', 14, 14, '2022-07-20 15:45:12', '2022-07-20 15:45:12'),
(588, 91, '93ad6b286a0e89d3b2d9c579bc60ab3b', '93ad6b286a0e89d3b2d9c579bc60ab3b.jpg', 'jpg', 'public', 114489, 800, 451, 'image/jpeg', 14, 14, '2022-07-20 15:45:12', '2022-07-20 15:45:12'),
(589, 91, 'a95df7979b76059196a27484ec794c44', 'a95df7979b76059196a27484ec794c44.jpg', 'jpg', 'public', 135774, 800, 451, 'image/jpeg', 14, 14, '2022-07-20 15:45:12', '2022-07-20 15:45:12'),
(590, 91, 'fe87fbeb01d94a273d8bc2078dab1c5c', 'fe87fbeb01d94a273d8bc2078dab1c5c.jpg', 'jpg', 'public', 83611, 800, 451, 'image/jpeg', 14, 14, '2022-07-20 15:45:12', '2022-07-20 15:45:12'),
(591, 92, '27f40626c4dfec40fb02ebb18312c3a8', '27f40626c4dfec40fb02ebb18312c3a8.jpg', 'jpg', 'public', 137368, 800, 451, 'image/jpeg', 14, 14, '2022-07-20 15:51:33', '2022-07-20 15:51:33'),
(592, 92, '11ad25752255a97056a593ec82ef8970', '11ad25752255a97056a593ec82ef8970.jpg', 'jpg', 'public', 169422, 800, 451, 'image/jpeg', 14, 14, '2022-07-20 15:51:33', '2022-07-20 15:51:33'),
(593, 92, '641420bd45b3b7e7e0140865b107efc0', '641420bd45b3b7e7e0140865b107efc0.jpg', 'jpg', 'public', 133352, 800, 451, 'image/jpeg', 14, 14, '2022-07-20 15:51:33', '2022-07-20 15:51:33'),
(594, 93, '0a13e237c9e18dab51eaa12b6872e0f5', '0a13e237c9e18dab51eaa12b6872e0f5.jpg', 'jpg', 'public', 149209, 800, 600, 'image/jpeg', 14, 14, '2022-07-20 15:57:06', '2022-07-20 15:57:06'),
(595, 93, '4533f7b6544aa362194d01669b7bfdd4', '4533f7b6544aa362194d01669b7bfdd4.jpg', 'jpg', 'public', 132280, 800, 600, 'image/jpeg', 14, 14, '2022-07-20 15:57:06', '2022-07-20 15:57:06'),
(596, 93, '86e9abe80f7d2301372936609bca9f8b', '86e9abe80f7d2301372936609bca9f8b.jpg', 'jpg', 'public', 131421, 800, 600, 'image/jpeg', 14, 14, '2022-07-20 15:57:06', '2022-07-20 15:57:06'),
(597, 93, 'a2b57ed38599e1578eac8f743a3b1e6c', 'a2b57ed38599e1578eac8f743a3b1e6c.jpg', 'jpg', 'public', 135929, 800, 600, 'image/jpeg', 14, 14, '2022-07-20 15:57:06', '2022-07-20 15:57:06'),
(598, 93, 'f1ea9f83aecc4e4f530c561def5e0688', 'f1ea9f83aecc4e4f530c561def5e0688.jpg', 'jpg', 'public', 146378, 800, 600, 'image/jpeg', 14, 14, '2022-07-20 15:57:06', '2022-07-20 15:57:06'),
(599, 94, 'c1d8d6057e3c67090a5b282f7afe60b8', 'c1d8d6057e3c67090a5b282f7afe60b8.jpg', 'jpg', 'public', 106648, 800, 451, 'image/jpeg', 14, 14, '2022-07-20 15:59:51', '2022-07-20 15:59:51'),
(600, 94, '909122af02ed5e17cc27c7f8a76300fe', '909122af02ed5e17cc27c7f8a76300fe.jpg', 'jpg', 'public', 106654, 800, 451, 'image/jpeg', 14, 14, '2022-07-20 15:59:51', '2022-07-20 15:59:51'),
(601, 95, '0e8ffa085c179a896357e55628aaaf5b', '0e8ffa085c179a896357e55628aaaf5b.jpg', 'jpg', 'public', 105665, 800, 450, 'image/jpeg', 14, 14, '2022-07-20 16:01:57', '2022-07-20 16:01:57'),
(602, 95, '01f3265ba85a52398cf872c508a1d305', '01f3265ba85a52398cf872c508a1d305.jpg', 'jpg', 'public', 116506, 800, 450, 'image/jpeg', 14, 14, '2022-07-20 16:01:57', '2022-07-20 16:01:57'),
(603, 95, '26c8fed8b90126612047c68978a70dea', '26c8fed8b90126612047c68978a70dea.jpg', 'jpg', 'public', 112420, 800, 451, 'image/jpeg', 14, 14, '2022-07-20 16:01:57', '2022-07-20 16:01:57'),
(604, 95, '4da2b18850f08dc309036cc9e198acf8', '4da2b18850f08dc309036cc9e198acf8.jpg', 'jpg', 'public', 124452, 800, 450, 'image/jpeg', 14, 14, '2022-07-20 16:01:57', '2022-07-20 16:01:57'),
(605, 95, '734233eaf2df480ffe17037e18cea636', '734233eaf2df480ffe17037e18cea636.jpg', 'jpg', 'public', 116609, 800, 450, 'image/jpeg', 14, 14, '2022-07-20 16:01:58', '2022-07-20 16:01:58');
INSERT INTO `media` (`id`, `folder_id`, `title`, `file_name`, `extension`, `disk`, `size`, `width`, `height`, `mime_type`, `created_by`, `updated_by`, `created_at`, `updated_at`) VALUES
(606, 95, '963b73970509a0bf3ee35d7be0fb3933', '963b73970509a0bf3ee35d7be0fb3933.jpg', 'jpg', 'public', 136544, 800, 600, 'image/jpeg', 14, 14, '2022-07-20 16:01:58', '2022-07-20 16:01:58'),
(607, 95, '9e69ab3fc3c5bbdd0312db1249b46f26', '9e69ab3fc3c5bbdd0312db1249b46f26.jpg', 'jpg', 'public', 110958, 800, 450, 'image/jpeg', 14, 14, '2022-07-20 16:01:58', '2022-07-20 16:01:58'),
(608, 95, 'd91e782add69450ec7ae12fa5811c36a', 'd91e782add69450ec7ae12fa5811c36a.jpg', 'jpg', 'public', 107583, 800, 450, 'image/jpeg', 14, 14, '2022-07-20 16:01:58', '2022-07-20 16:01:58'),
(609, 95, 'ebd2d4b87695e89501a963f4556bc9c1', 'ebd2d4b87695e89501a963f4556bc9c1.jpg', 'jpg', 'public', 101486, 800, 450, 'image/jpeg', 14, 14, '2022-07-20 16:01:58', '2022-07-20 16:01:58'),
(610, 95, 'f0aa95f524753896ef5f7e66dd0bfdca', 'f0aa95f524753896ef5f7e66dd0bfdca.jpg', 'jpg', 'public', 120354, 800, 450, 'image/jpeg', 14, 14, '2022-07-20 16:01:58', '2022-07-20 16:01:58'),
(611, 96, '3029b2577a4d21a564ffa374a7e1abca', '3029b2577a4d21a564ffa374a7e1abca.jpg', 'jpg', 'public', 140711, 800, 619, 'image/jpeg', 14, 14, '2022-07-20 16:15:49', '2022-07-20 16:15:49'),
(612, 96, '84e7794c142d574fbdce47b7f188bbf8', '84e7794c142d574fbdce47b7f188bbf8.jpg', 'jpg', 'public', 133822, 800, 600, 'image/jpeg', 14, 14, '2022-07-20 16:15:49', '2022-07-20 16:15:49'),
(613, 96, '8bd6e412dbcdaa6999633aea5b26078b', '8bd6e412dbcdaa6999633aea5b26078b.jpg', 'jpg', 'public', 103885, 800, 600, 'image/jpeg', 14, 14, '2022-07-20 16:15:50', '2022-07-20 16:15:50'),
(614, 96, 'c583b7cac806dccd377b567ecdbf1ea7', 'c583b7cac806dccd377b567ecdbf1ea7.jpg', 'jpg', 'public', 125004, 800, 600, 'image/jpeg', 14, 14, '2022-07-20 16:15:50', '2022-07-20 16:15:50'),
(615, 97, 'e6c4c8fa0d2361b53ab87d1d7e01fcdc', 'e6c4c8fa0d2361b53ab87d1d7e01fcdc.jpg', 'jpg', 'public', 39863, 800, 450, 'image/jpeg', 14, 14, '2022-07-20 16:17:50', '2022-07-20 16:17:50'),
(616, 97, '7391429c5f7e6822de6f2d0479023853', '7391429c5f7e6822de6f2d0479023853.jpg', 'jpg', 'public', 53158, 800, 450, 'image/jpeg', 14, 14, '2022-07-20 16:17:50', '2022-07-20 16:17:50'),
(617, 98, '123a3fe304f3f6d33ab914ff3b3d24d2', '123a3fe304f3f6d33ab914ff3b3d24d2.jpg', 'jpg', 'public', 144746, 800, 533, 'image/jpeg', 14, 14, '2022-07-20 16:20:14', '2022-07-20 16:20:14'),
(618, 98, '06ca7659ef783cb981cdbb18ec9afefa', '06ca7659ef783cb981cdbb18ec9afefa.jpg', 'jpg', 'public', 128542, 800, 533, 'image/jpeg', 14, 14, '2022-07-20 16:20:14', '2022-07-20 16:20:14'),
(619, 98, '28cff2ef085352d2ff6c9fec25f6d1b0', '28cff2ef085352d2ff6c9fec25f6d1b0.jpg', 'jpg', 'public', 129270, 532, 800, 'image/jpeg', 14, 14, '2022-07-20 16:20:14', '2022-07-20 16:20:14'),
(620, 98, '53573f4906eab5f5f4ff056092b61531', '53573f4906eab5f5f4ff056092b61531.jpg', 'jpg', 'public', 151506, 800, 533, 'image/jpeg', 14, 14, '2022-07-20 16:20:14', '2022-07-20 16:20:14'),
(621, 98, '7d7701f8e76040daae8d6ed40d58d00b', '7d7701f8e76040daae8d6ed40d58d00b.jpg', 'jpg', 'public', 158940, 800, 533, 'image/jpeg', 14, 14, '2022-07-20 16:20:15', '2022-07-20 16:20:15'),
(622, 98, 'a0de65c1767c45e7c5f29b851ba0df36', 'a0de65c1767c45e7c5f29b851ba0df36.jpg', 'jpg', 'public', 167275, 800, 600, 'image/jpeg', 14, 14, '2022-07-20 16:20:15', '2022-07-20 16:20:15'),
(623, 98, 'a108f767a5fb714f76fd9f85f86c5abf', 'a108f767a5fb714f76fd9f85f86c5abf.jpg', 'jpg', 'public', 137927, 800, 533, 'image/jpeg', 14, 14, '2022-07-20 16:20:15', '2022-07-20 16:20:15'),
(624, 98, 'b0c097af82a7159aea8b64b5520dcb74', 'b0c097af82a7159aea8b64b5520dcb74.jpg', 'jpg', 'public', 121853, 800, 533, 'image/jpeg', 14, 14, '2022-07-20 16:20:15', '2022-07-20 16:20:15'),
(625, 98, 'd9360ed6db99a569d4f75114777dd638', 'd9360ed6db99a569d4f75114777dd638.jpg', 'jpg', 'public', 119902, 800, 533, 'image/jpeg', 14, 14, '2022-07-20 16:20:15', '2022-07-20 16:20:15'),
(626, 98, 'e459a9489e84a425fa3f68d30c3869ad', 'e459a9489e84a425fa3f68d30c3869ad.jpg', 'jpg', 'public', 144826, 800, 533, 'image/jpeg', 14, 14, '2022-07-20 16:20:15', '2022-07-20 16:20:15'),
(627, 99, '00383140f6cdc59a7759cc61308cf6a1', '00383140f6cdc59a7759cc61308cf6a1.jpg', 'jpg', 'public', 56024, 450, 800, 'image/jpeg', 14, 14, '2022-07-20 16:25:03', '2022-07-20 16:25:03'),
(628, 99, '654ec332be2a9ac67432b347397d753f', '654ec332be2a9ac67432b347397d753f.jpg', 'jpg', 'public', 113873, 800, 450, 'image/jpeg', 14, 14, '2022-07-20 16:25:03', '2022-07-20 16:25:03'),
(629, 99, '6e1e299c2986680268fde393b1e9e282', '6e1e299c2986680268fde393b1e9e282.jpg', 'jpg', 'public', 58970, 450, 800, 'image/jpeg', 14, 14, '2022-07-20 16:25:03', '2022-07-20 16:25:03'),
(630, 99, '7176e57bed39e87df120ea2f6837607d-1', '7176e57bed39e87df120ea2f6837607d-1.jpg', 'jpg', 'public', 78834, 450, 800, 'image/jpeg', 14, 14, '2022-07-20 16:25:03', '2022-07-20 16:25:03'),
(631, 99, '7176e57bed39e87df120ea2f6837607d', '7176e57bed39e87df120ea2f6837607d.jpg', 'jpg', 'public', 78834, 450, 800, 'image/jpeg', 14, 14, '2022-07-20 16:25:03', '2022-07-20 16:25:03'),
(632, 99, 'a6cba7eb2a5510bcfe1db2f5dc0a7fb8', 'a6cba7eb2a5510bcfe1db2f5dc0a7fb8.jpg', 'jpg', 'public', 110286, 800, 450, 'image/jpeg', 14, 14, '2022-07-20 16:25:03', '2022-07-20 16:25:03'),
(633, 99, 'a7c56664b08583567055bd376cdf6c7f', 'a7c56664b08583567055bd376cdf6c7f.jpg', 'jpg', 'public', 119023, 800, 450, 'image/jpeg', 14, 14, '2022-07-20 16:25:03', '2022-07-20 16:25:03'),
(634, 99, 'aa427c24d55d260019227327abafb693', 'aa427c24d55d260019227327abafb693.jpg', 'jpg', 'public', 70354, 450, 800, 'image/jpeg', 14, 14, '2022-07-20 16:25:04', '2022-07-20 16:25:04'),
(635, 99, 'eae73bac28806f9051b4506b579a582c', 'eae73bac28806f9051b4506b579a582c.jpg', 'jpg', 'public', 120908, 800, 450, 'image/jpeg', 14, 14, '2022-07-20 16:25:04', '2022-07-20 16:25:04'),
(636, 100, '6b85e44468f54ff3bef03944e8c5f1a0', '6b85e44468f54ff3bef03944e8c5f1a0.jpg', 'jpg', 'public', 145672, 800, 600, 'image/jpeg', 14, 14, '2022-07-20 16:28:04', '2022-07-20 16:28:04'),
(637, 100, '65522f605871df629653e8cb9a440edf', '65522f605871df629653e8cb9a440edf.jpg', 'jpg', 'public', 132809, 800, 600, 'image/jpeg', 14, 14, '2022-07-20 16:28:04', '2022-07-20 16:28:04'),
(638, 100, '86f2b18cf210e81c12b4b207a6c2c55a', '86f2b18cf210e81c12b4b207a6c2c55a.jpg', 'jpg', 'public', 158783, 800, 600, 'image/jpeg', 14, 14, '2022-07-20 16:28:04', '2022-07-20 16:28:04'),
(639, 100, 'b66cf4ec6e954da768d0bd7e23dd60ca', 'b66cf4ec6e954da768d0bd7e23dd60ca.jpg', 'jpg', 'public', 132311, 800, 600, 'image/jpeg', 14, 14, '2022-07-20 16:28:04', '2022-07-20 16:28:04'),
(640, 101, '068eb1e0de51f537d514c2d34bc7d59a', '068eb1e0de51f537d514c2d34bc7d59a.jpeg', 'jpeg', 'public', 304620, 1920, 1280, 'image/jpeg', 14, 14, '2022-07-20 16:34:04', '2022-07-20 16:34:04'),
(641, 101, 'b1b160fe1907b5bc8f1434886578aee5', 'b1b160fe1907b5bc8f1434886578aee5.jpg', 'jpg', 'public', 624781, 2048, 1366, 'image/jpeg', 14, 14, '2022-07-20 16:34:07', '2022-07-20 16:34:07'),
(642, 101, 'bf4de293be146c98fbd553fa05163be9', 'bf4de293be146c98fbd553fa05163be9.jpeg', 'jpeg', 'public', 266816, 1920, 1280, 'image/jpeg', 14, 14, '2022-07-20 16:34:08', '2022-07-20 16:34:08'),
(643, 101, '8a38bd527b43e9f20ad671747ff0e4e7', '8a38bd527b43e9f20ad671747ff0e4e7.jpg', 'jpg', 'public', 541965, 2048, 1365, 'image/jpeg', 14, 14, '2022-07-20 16:34:08', '2022-07-20 16:34:08'),
(644, 102, '7cde3b02f6276c61b2e1defb209c4796', '7cde3b02f6276c61b2e1defb209c4796.jpg', 'jpg', 'public', 238195, 2048, 1536, 'image/jpeg', 14, 14, '2022-07-20 16:44:53', '2022-07-20 16:44:53'),
(645, 102, 'a1882a138d9c93f7d61b7f4c4883538c', 'a1882a138d9c93f7d61b7f4c4883538c.jpg', 'jpg', 'public', 374098, 2048, 1536, 'image/jpeg', 14, 14, '2022-07-20 16:44:53', '2022-07-20 16:44:53'),
(646, 102, 'cc0b1ef98102b97d025707ce9e0177b2', 'cc0b1ef98102b97d025707ce9e0177b2.jpg', 'jpg', 'public', 245725, 2048, 1536, 'image/jpeg', 14, 14, '2022-07-20 16:44:55', '2022-07-20 16:44:55'),
(647, 102, 'e3c7fef63290eb29a92ffbb7cba4888f', 'e3c7fef63290eb29a92ffbb7cba4888f.jpg', 'jpg', 'public', 380932, 2048, 1536, 'image/jpeg', 14, 14, '2022-07-20 16:44:55', '2022-07-20 16:44:55'),
(648, 102, 'f0d594ae6e0b88f883723f8895ab9f47', 'f0d594ae6e0b88f883723f8895ab9f47.jpg', 'jpg', 'public', 438965, 2048, 1536, 'image/jpeg', 14, 14, '2022-07-20 16:44:56', '2022-07-20 16:44:56'),
(649, 102, 'f517c04e147c0345ac8b802a1c9c6a80', 'f517c04e147c0345ac8b802a1c9c6a80.jpg', 'jpg', 'public', 286830, 2048, 1536, 'image/jpeg', 14, 14, '2022-07-20 16:44:56', '2022-07-20 16:44:56'),
(651, 106, '5d0948fc56243f2d40f449b7a314f38b', '5d0948fc56243f2d40f449b7a314f38b.jpg', 'jpg', 'public', 289235, 2048, 1365, 'image/jpeg', 14, 14, '2022-07-21 10:48:45', '2022-07-21 10:48:45'),
(652, 106, '61db5c1d7263c7f7bc8d5f05f01e4226', '61db5c1d7263c7f7bc8d5f05f01e4226.jpg', 'jpg', 'public', 275214, 2048, 1365, 'image/jpeg', 14, 14, '2022-07-21 10:48:52', '2022-07-21 10:48:52'),
(653, 106, '9063108720e6d98b33fb804969b22bfd', '9063108720e6d98b33fb804969b22bfd.jpg', 'jpg', 'public', 285762, 2048, 1365, 'image/jpeg', 14, 14, '2022-07-21 10:49:00', '2022-07-21 10:49:00'),
(654, 106, 'a05412c9b2d90a84263316f0012ebf25', 'a05412c9b2d90a84263316f0012ebf25.jpeg', 'jpeg', 'public', 90790, 1440, 1080, 'image/jpeg', 14, 14, '2022-07-21 10:49:06', '2022-07-21 10:49:06'),
(655, 106, 'a463261fe3b203fadd062abd8af24721', 'a463261fe3b203fadd062abd8af24721.jpeg', 'jpeg', 'public', 84004, 1440, 1080, 'image/jpeg', 14, 14, '2022-07-21 10:49:11', '2022-07-21 10:49:11'),
(656, 106, 'cbe88735e74f8eb956c2cb7527b3d03d', 'cbe88735e74f8eb956c2cb7527b3d03d.jpeg', 'jpeg', 'public', 140028, 1440, 1080, 'image/jpeg', 14, 14, '2022-07-21 10:49:17', '2022-07-21 10:49:17'),
(657, 106, 'd89a0f193a6cde201d3c6d86ad532fd2', 'd89a0f193a6cde201d3c6d86ad532fd2.jpg', 'jpg', 'public', 255032, 2048, 1365, 'image/jpeg', 14, 14, '2022-07-21 10:49:22', '2022-07-21 10:49:22'),
(658, 106, 'dbf0d3fda9f8e116a275f5e0b7ac21d1', 'dbf0d3fda9f8e116a275f5e0b7ac21d1.jpeg', 'jpeg', 'public', 135870, 1439, 1080, 'image/jpeg', 14, 14, '2022-07-21 10:49:26', '2022-07-21 10:49:26'),
(659, 107, '96ef7b19007873bf90af0d3b707c05b0', '96ef7b19007873bf90af0d3b707c05b0.jpg', 'jpg', 'public', 500472, 2048, 1536, 'image/jpeg', 14, 14, '2022-07-21 10:57:52', '2022-07-21 10:57:52'),
(660, 107, '7311f552d1d0df7294f5e6e5237fc5c3', '7311f552d1d0df7294f5e6e5237fc5c3.jpg', 'jpg', 'public', 427952, 2048, 1536, 'image/jpeg', 14, 14, '2022-07-21 10:57:58', '2022-07-21 10:57:58'),
(661, 107, '15201a2011f599e7cb962230c98f63bd', '15201a2011f599e7cb962230c98f63bd.jpg', 'jpg', 'public', 348522, 2048, 1152, 'image/jpeg', 14, 14, '2022-07-21 10:58:03', '2022-07-21 10:58:03'),
(662, 107, '98745256f583f3fd49855b64536ea517', '98745256f583f3fd49855b64536ea517.jpg', 'jpg', 'public', 263771, 2048, 942, 'image/jpeg', 14, 14, '2022-07-21 10:58:08', '2022-07-21 10:58:08'),
(663, 107, 'b74ed1bc77a81a17ad373fdabb12396b', 'b74ed1bc77a81a17ad373fdabb12396b.jpg', 'jpg', 'public', 282914, 2048, 1021, 'image/jpeg', 14, 14, '2022-07-21 10:58:15', '2022-07-21 10:58:15'),
(664, 108, '022992680585de166183a91ca62bf8db', '022992680585de166183a91ca62bf8db.jpg', 'jpg', 'public', 156703, 800, 533, 'image/jpeg', 14, 14, '2022-07-22 09:47:00', '2022-07-22 09:47:00'),
(665, 108, '0678e1e52d8a6be8f216f27e65e271d2', '0678e1e52d8a6be8f216f27e65e271d2.jpg', 'jpg', 'public', 139276, 800, 533, 'image/jpeg', 14, 14, '2022-07-22 09:47:00', '2022-07-22 09:47:00'),
(666, 108, '12bde78f8b7fec5cda9754841b61a168', '12bde78f8b7fec5cda9754841b61a168.jpg', 'jpg', 'public', 143947, 800, 533, 'image/jpeg', 14, 14, '2022-07-22 09:47:00', '2022-07-22 09:47:00'),
(668, 108, '3637f2c370d90443f769671a3027a800', '3637f2c370d90443f769671a3027a800.jpg', 'jpg', 'public', 124041, 800, 533, 'image/jpeg', 14, 14, '2022-07-22 09:47:00', '2022-07-22 09:47:00'),
(669, 108, '3ed9d539c78c4bcec4b8fb1d5e366a3c', '3ed9d539c78c4bcec4b8fb1d5e366a3c.jpg', 'jpg', 'public', 154630, 800, 533, 'image/jpeg', 14, 14, '2022-07-22 09:47:01', '2022-07-22 09:47:01'),
(670, 108, '49ea7456d85e61e850a1b81fdbe02ce8', '49ea7456d85e61e850a1b81fdbe02ce8.jpg', 'jpg', 'public', 140510, 800, 533, 'image/jpeg', 14, 14, '2022-07-22 09:47:01', '2022-07-22 09:47:01'),
(671, 108, '56515500ce4e1fcc3847dcdcd6014c76', '56515500ce4e1fcc3847dcdcd6014c76.jpg', 'jpg', 'public', 121635, 800, 533, 'image/jpeg', 14, 14, '2022-07-22 09:47:01', '2022-07-22 09:47:01'),
(672, 108, '5aeb73770dd831ae072feaf97e8ebe87', '5aeb73770dd831ae072feaf97e8ebe87.jpg', 'jpg', 'public', 158788, 800, 533, 'image/jpeg', 14, 14, '2022-07-22 09:47:01', '2022-07-22 09:47:01'),
(673, 108, '677c2d2fc606c5da6bb138db9f21ada1', '677c2d2fc606c5da6bb138db9f21ada1.jpg', 'jpg', 'public', 161301, 800, 533, 'image/jpeg', 14, 14, '2022-07-22 09:47:01', '2022-07-22 09:47:01'),
(675, 108, '847165d5594039b3951e7ce0a78878f3', '847165d5594039b3951e7ce0a78878f3.jpg', 'jpg', 'public', 132253, 800, 533, 'image/jpeg', 14, 14, '2022-07-22 09:47:01', '2022-07-22 09:47:01'),
(676, 108, '8bdaac27d083badcd4bf3ef2b36c9733', '8bdaac27d083badcd4bf3ef2b36c9733.jpg', 'jpg', 'public', 130578, 800, 533, 'image/jpeg', 14, 14, '2022-07-22 09:47:02', '2022-07-22 09:47:02'),
(677, 108, '96e91c0b9420c87b63ddb16c50f35f1c', '96e91c0b9420c87b63ddb16c50f35f1c.jpg', 'jpg', 'public', 67632, 532, 800, 'image/jpeg', 14, 14, '2022-07-22 09:47:02', '2022-07-22 09:47:02'),
(678, 108, '9d756806e19d703f90de7b2775f2eb15', '9d756806e19d703f90de7b2775f2eb15.jpg', 'jpg', 'public', 169223, 800, 533, 'image/jpeg', 14, 14, '2022-07-22 09:47:02', '2022-07-22 09:47:02'),
(679, 108, 'a5fbfff173df0a3546b9320be79a0f6d', 'a5fbfff173df0a3546b9320be79a0f6d.jpg', 'jpg', 'public', 143018, 532, 800, 'image/jpeg', 14, 14, '2022-07-22 09:47:02', '2022-07-22 09:47:02'),
(680, 108, 'af4110f6e5e324e63a070172f027a774', 'af4110f6e5e324e63a070172f027a774.jpg', 'jpg', 'public', 155818, 800, 533, 'image/jpeg', 14, 14, '2022-07-22 09:47:02', '2022-07-22 09:47:02'),
(681, 108, 'b0e19a684c3e85c99cc6176b0b92009e', 'b0e19a684c3e85c99cc6176b0b92009e.jpg', 'jpg', 'public', 124113, 532, 800, 'image/jpeg', 14, 14, '2022-07-22 09:47:02', '2022-07-22 09:47:02'),
(682, 108, 'bcbf1a062d632765aba2d336e20e598e', 'bcbf1a062d632765aba2d336e20e598e.jpg', 'jpg', 'public', 129847, 800, 533, 'image/jpeg', 14, 14, '2022-07-22 09:47:02', '2022-07-22 09:47:02'),
(683, 108, 'c79940eb23c7affb55bac4246f450997', 'c79940eb23c7affb55bac4246f450997.jpg', 'jpg', 'public', 118777, 532, 800, 'image/jpeg', 14, 14, '2022-07-22 09:47:03', '2022-07-22 09:47:03'),
(684, 108, 'c7d1668efa7c4425a16e029ca0849d31', 'c7d1668efa7c4425a16e029ca0849d31.jpg', 'jpg', 'public', 163205, 800, 533, 'image/jpeg', 14, 14, '2022-07-22 09:47:03', '2022-07-22 09:47:03'),
(685, 108, 'd0f0266ab1e32326411c51377f0195c1', 'd0f0266ab1e32326411c51377f0195c1.jpg', 'jpg', 'public', 154609, 800, 533, 'image/jpeg', 14, 14, '2022-07-22 09:47:03', '2022-07-22 09:47:03'),
(686, 109, '02b8a76c9ae5813fd8fcccb50d78febe', '02b8a76c9ae5813fd8fcccb50d78febe.jpg', 'jpg', 'public', 144042, 800, 533, 'image/jpeg', 14, 14, '2022-07-22 11:28:04', '2022-07-22 11:28:04'),
(687, 109, '22e4d0202192c7cd2ccb2a86d10cb387', '22e4d0202192c7cd2ccb2a86d10cb387.jpg', 'jpg', 'public', 138398, 800, 533, 'image/jpeg', 14, 14, '2022-07-22 11:28:04', '2022-07-22 11:28:04'),
(688, 109, '2e15c9be062dcce133b9cde626e0d585', '2e15c9be062dcce133b9cde626e0d585.jpg', 'jpg', 'public', 137783, 800, 533, 'image/jpeg', 14, 14, '2022-07-22 11:28:04', '2022-07-22 11:28:04'),
(689, 109, '340cfa50f8a39fdfd6e58c0528ae4dca', '340cfa50f8a39fdfd6e58c0528ae4dca.jpg', 'jpg', 'public', 143528, 800, 533, 'image/jpeg', 14, 14, '2022-07-22 11:28:04', '2022-07-22 11:28:04'),
(690, 109, '341ea5553bbd95a5495f4fca06f4f9db', '341ea5553bbd95a5495f4fca06f4f9db.jpg', 'jpg', 'public', 117129, 800, 533, 'image/jpeg', 14, 14, '2022-07-22 11:28:04', '2022-07-22 11:28:04'),
(691, 109, '45bdba24112d7e613a5b59d7586fc128', '45bdba24112d7e613a5b59d7586fc128.jpg', 'jpg', 'public', 104228, 800, 533, 'image/jpeg', 14, 14, '2022-07-22 11:28:05', '2022-07-22 11:28:05'),
(692, 109, '5203d00b6139f88c252213f9d29f4516', '5203d00b6139f88c252213f9d29f4516.jpg', 'jpg', 'public', 128402, 800, 534, 'image/jpeg', 14, 14, '2022-07-22 11:28:05', '2022-07-22 11:28:05'),
(693, 109, '5ba35a77a41f0c20cb52e8167d3bcdbc', '5ba35a77a41f0c20cb52e8167d3bcdbc.jpg', 'jpg', 'public', 182676, 800, 533, 'image/jpeg', 14, 14, '2022-07-22 11:28:05', '2022-07-22 11:28:05'),
(694, 109, '5dbf252eb4bc690cb82490230dd29bbd', '5dbf252eb4bc690cb82490230dd29bbd.jpg', 'jpg', 'public', 136812, 532, 800, 'image/jpeg', 14, 14, '2022-07-22 11:28:05', '2022-07-22 11:28:05'),
(695, 109, '6df41b2eb1d4d32ccc35a20290756963', '6df41b2eb1d4d32ccc35a20290756963.jpg', 'jpg', 'public', 155975, 800, 533, 'image/jpeg', 14, 14, '2022-07-22 11:28:05', '2022-07-22 11:28:05'),
(696, 109, '703b217e617a392f80ff0ee53a7741da', '703b217e617a392f80ff0ee53a7741da.jpg', 'jpg', 'public', 145325, 800, 533, 'image/jpeg', 14, 14, '2022-07-22 11:28:05', '2022-07-22 11:28:05'),
(697, 109, '74d522cb31e06d0b43aaa4cc62ab2b85', '74d522cb31e06d0b43aaa4cc62ab2b85.jpg', 'jpg', 'public', 141761, 800, 533, 'image/jpeg', 14, 14, '2022-07-22 11:28:05', '2022-07-22 11:28:05'),
(698, 109, '8c4cd371e37977873bb7b910573556e1', '8c4cd371e37977873bb7b910573556e1.jpg', 'jpg', 'public', 132054, 800, 533, 'image/jpeg', 14, 14, '2022-07-22 11:28:05', '2022-07-22 11:28:05'),
(699, 109, '8fb2afe3fd48735fad13f6389cb5d3f3', '8fb2afe3fd48735fad13f6389cb5d3f3.jpg', 'jpg', 'public', 161516, 800, 533, 'image/jpeg', 14, 14, '2022-07-22 11:28:06', '2022-07-22 11:28:06'),
(700, 109, '95ef75d2eb24cc262f6a8fafe5279428', '95ef75d2eb24cc262f6a8fafe5279428.jpg', 'jpg', 'public', 112515, 800, 533, 'image/jpeg', 14, 14, '2022-07-22 11:28:06', '2022-07-22 11:28:06'),
(701, 109, '9c912b2f5b8d8b7ae9913cbf1103b11f', '9c912b2f5b8d8b7ae9913cbf1103b11f.jpg', 'jpg', 'public', 136375, 800, 534, 'image/jpeg', 14, 14, '2022-07-22 11:28:06', '2022-07-22 11:28:06'),
(702, 109, 'abc682b27472ff9bd7b4856f4665f1db', 'abc682b27472ff9bd7b4856f4665f1db.jpg', 'jpg', 'public', 159045, 800, 533, 'image/jpeg', 14, 14, '2022-07-22 11:28:06', '2022-07-22 11:28:06'),
(703, 109, 'b07871b1ae98af8b6396929d4cc7e8af', 'b07871b1ae98af8b6396929d4cc7e8af.jpg', 'jpg', 'public', 155527, 800, 533, 'image/jpeg', 14, 14, '2022-07-22 11:28:06', '2022-07-22 11:28:06'),
(704, 109, 'b823dbc2f693c21031cf20187ee5f736', 'b823dbc2f693c21031cf20187ee5f736.jpg', 'jpg', 'public', 123515, 800, 533, 'image/jpeg', 14, 14, '2022-07-22 11:28:06', '2022-07-22 11:28:06'),
(705, 109, 'd740e4d9d090abe9f3d6ec2d8553e437', 'd740e4d9d090abe9f3d6ec2d8553e437.jpg', 'jpg', 'public', 140570, 800, 533, 'image/jpeg', 14, 14, '2022-07-22 11:28:06', '2022-07-22 11:28:06'),
(706, 109, 'e244c5d0308d4d92e8e7a160a2d3350b', 'e244c5d0308d4d92e8e7a160a2d3350b.jpg', 'jpg', 'public', 142207, 800, 533, 'image/jpeg', 14, 14, '2022-07-22 11:28:06', '2022-07-22 11:28:06'),
(707, 109, 'e489daf5d28ab698617bce8cd6ec84ce', 'e489daf5d28ab698617bce8cd6ec84ce.jpg', 'jpg', 'public', 155900, 800, 533, 'image/jpeg', 14, 14, '2022-07-22 11:28:07', '2022-07-22 11:28:07'),
(708, 109, 'e75cd56b8260786905dd0ae175de79cd', 'e75cd56b8260786905dd0ae175de79cd.jpg', 'jpg', 'public', 106827, 800, 533, 'image/jpeg', 14, 14, '2022-07-22 11:28:07', '2022-07-22 11:28:07'),
(709, 109, 'f70eb5f4178dff897056e2a529fd3c5d', 'f70eb5f4178dff897056e2a529fd3c5d.jpg', 'jpg', 'public', 155356, 800, 533, 'image/jpeg', 14, 14, '2022-07-22 11:28:07', '2022-07-22 11:28:07'),
(710, 109, 'f999489951699d6d1aba6d9cf60f9a17', 'f999489951699d6d1aba6d9cf60f9a17.jpg', 'jpg', 'public', 169643, 800, 533, 'image/jpeg', 14, 14, '2022-07-22 11:28:07', '2022-07-22 11:28:07'),
(711, 109, 'faf1e71f1cc1ca059fb181ff6d167f85', 'faf1e71f1cc1ca059fb181ff6d167f85.jpg', 'jpg', 'public', 105212, 800, 533, 'image/jpeg', 14, 14, '2022-07-22 11:28:07', '2022-07-22 11:28:07'),
(712, 109, 'fcd11b22ad6aafe1aa7f7a95a2fd9be4', 'fcd11b22ad6aafe1aa7f7a95a2fd9be4.jpg', 'jpg', 'public', 184450, 800, 533, 'image/jpeg', 14, 14, '2022-07-22 11:28:07', '2022-07-22 11:28:07'),
(713, 110, '00db5f1ea26614115cbd8c09a12afbf0', '00db5f1ea26614115cbd8c09a12afbf0.jpg', 'jpg', 'public', 98664, 800, 533, 'image/jpeg', 14, 14, '2022-07-22 16:01:53', '2022-07-22 16:01:53'),
(714, 110, '04d7c5deb8cf2a0076d33fe0e0332478', '04d7c5deb8cf2a0076d33fe0e0332478.jpg', 'jpg', 'public', 108685, 532, 800, 'image/jpeg', 14, 14, '2022-07-22 16:01:53', '2022-07-22 16:01:53'),
(715, 110, '057dfd4fff2191e2690e1296837b233d', '057dfd4fff2191e2690e1296837b233d.jpg', 'jpg', 'public', 141378, 800, 533, 'image/jpeg', 14, 14, '2022-07-22 16:01:54', '2022-07-22 16:01:54'),
(716, 110, '0ef4b1cef874441e6f2d40b0341edb3d', '0ef4b1cef874441e6f2d40b0341edb3d.jpg', 'jpg', 'public', 105120, 800, 533, 'image/jpeg', 14, 14, '2022-07-22 16:01:54', '2022-07-22 16:01:54'),
(717, 110, '184b2a4f5d1a4ef1b8340ae834c09e96', '184b2a4f5d1a4ef1b8340ae834c09e96.jpg', 'jpg', 'public', 162008, 800, 533, 'image/jpeg', 14, 14, '2022-07-22 16:01:54', '2022-07-22 16:01:54'),
(718, 110, '23ab67bb32660e6a3cd5094bf35fc64d', '23ab67bb32660e6a3cd5094bf35fc64d.jpg', 'jpg', 'public', 139717, 800, 533, 'image/jpeg', 14, 14, '2022-07-22 16:01:54', '2022-07-22 16:01:54'),
(719, 110, '24d9ad79195146d9833496e0f19a68cf', '24d9ad79195146d9833496e0f19a68cf.jpg', 'jpg', 'public', 119501, 800, 533, 'image/jpeg', 14, 14, '2022-07-22 16:01:54', '2022-07-22 16:01:54'),
(720, 110, '2968e1a56dda6be834eaa28fed220039', '2968e1a56dda6be834eaa28fed220039.jpg', 'jpg', 'public', 142028, 800, 600, 'image/jpeg', 14, 14, '2022-07-22 16:01:54', '2022-07-22 16:01:54'),
(721, 110, '330c6d18d9ef274d6c7f2437111ecbeb', '330c6d18d9ef274d6c7f2437111ecbeb.jpg', 'jpg', 'public', 137689, 532, 800, 'image/jpeg', 14, 14, '2022-07-22 16:01:55', '2022-07-22 16:01:55'),
(722, 110, '356d88297a70ffef070c987eacd59653', '356d88297a70ffef070c987eacd59653.jpg', 'jpg', 'public', 139012, 800, 533, 'image/jpeg', 14, 14, '2022-07-22 16:01:55', '2022-07-22 16:01:55'),
(723, 110, '389c0c1e75463b416b0abe9ee509ff88', '389c0c1e75463b416b0abe9ee509ff88.jpg', 'jpg', 'public', 133017, 532, 800, 'image/jpeg', 14, 14, '2022-07-22 16:01:55', '2022-07-22 16:01:55'),
(724, 110, '3d06eac35f31631919f58c51fced82f6', '3d06eac35f31631919f58c51fced82f6.jpg', 'jpg', 'public', 147237, 800, 533, 'image/jpeg', 14, 14, '2022-07-22 16:01:55', '2022-07-22 16:01:55'),
(725, 110, '3ef8d032e8aa0721003e5ac574544166', '3ef8d032e8aa0721003e5ac574544166.jpg', 'jpg', 'public', 147686, 800, 533, 'image/jpeg', 14, 14, '2022-07-22 16:01:55', '2022-07-22 16:01:55'),
(726, 110, '3f621c3354e7f3d5554e735f47e88a9d', '3f621c3354e7f3d5554e735f47e88a9d.jpg', 'jpg', 'public', 131518, 800, 533, 'image/jpeg', 14, 14, '2022-07-22 16:01:55', '2022-07-22 16:01:55'),
(727, 110, '41a85d9a1a6d19201776a843946ad1a8', '41a85d9a1a6d19201776a843946ad1a8.jpg', 'jpg', 'public', 86002, 800, 533, 'image/jpeg', 14, 14, '2022-07-22 16:01:55', '2022-07-22 16:01:55'),
(728, 110, '44185a1edd74c05337e0ebe251c6ffd2-1', '44185a1edd74c05337e0ebe251c6ffd2-1.jpg', 'jpg', 'public', 121588, 800, 533, 'image/jpeg', 14, 14, '2022-07-22 16:01:55', '2022-07-22 16:01:55'),
(729, 110, '44185a1edd74c05337e0ebe251c6ffd2', '44185a1edd74c05337e0ebe251c6ffd2.jpg', 'jpg', 'public', 121588, 800, 533, 'image/jpeg', 14, 14, '2022-07-22 16:01:56', '2022-07-22 16:01:56'),
(730, 110, '5c878806977ded8a34859b686b161a78', '5c878806977ded8a34859b686b161a78.jpg', 'jpg', 'public', 117755, 532, 800, 'image/jpeg', 14, 14, '2022-07-22 16:01:56', '2022-07-22 16:01:56'),
(731, 110, '65de9afc1fc08cc6c83ad2f586add7d9', '65de9afc1fc08cc6c83ad2f586add7d9.jpg', 'jpg', 'public', 124175, 800, 533, 'image/jpeg', 14, 14, '2022-07-22 16:01:56', '2022-07-22 16:01:56'),
(732, 110, '67c67399cec2d22c9e217a0e7d19cd2e', '67c67399cec2d22c9e217a0e7d19cd2e.jpg', 'jpg', 'public', 91843, 800, 533, 'image/jpeg', 14, 14, '2022-07-22 16:01:56', '2022-07-22 16:01:56'),
(733, 110, '72f4410e81e998837c6f63740a699306', '72f4410e81e998837c6f63740a699306.jpg', 'jpg', 'public', 140826, 800, 533, 'image/jpeg', 14, 14, '2022-07-22 16:01:56', '2022-07-22 16:01:56'),
(734, 110, '7400bdea84acfb304488cc4466ad8b7b', '7400bdea84acfb304488cc4466ad8b7b.jpg', 'jpg', 'public', 125871, 532, 800, 'image/jpeg', 14, 14, '2022-07-22 16:01:56', '2022-07-22 16:01:56'),
(735, 110, '7465d175277653651d93d192d70d9c42', '7465d175277653651d93d192d70d9c42.jpg', 'jpg', 'public', 127675, 800, 450, 'image/jpeg', 14, 14, '2022-07-22 16:01:56', '2022-07-22 16:01:56'),
(736, 110, '77075130b18d1bf5f66ba3c0801f02ea', '77075130b18d1bf5f66ba3c0801f02ea.jpg', 'jpg', 'public', 120301, 800, 533, 'image/jpeg', 14, 14, '2022-07-22 16:01:56', '2022-07-22 16:01:56'),
(737, 110, '7c4e6629049fa6e5ec33a6e21f9ab971', '7c4e6629049fa6e5ec33a6e21f9ab971.jpg', 'jpg', 'public', 126702, 800, 533, 'image/jpeg', 14, 14, '2022-07-22 16:01:57', '2022-07-22 16:01:57'),
(738, 110, '7fc8d41df5ed738a5cb33fad237ce2ae', '7fc8d41df5ed738a5cb33fad237ce2ae.jpg', 'jpg', 'public', 133027, 800, 600, 'image/jpeg', 14, 14, '2022-07-22 16:01:57', '2022-07-22 16:01:57'),
(739, 110, '8204d9d56ef2fd849e3cf897e194c8fa', '8204d9d56ef2fd849e3cf897e194c8fa.jpg', 'jpg', 'public', 103043, 800, 533, 'image/jpeg', 14, 14, '2022-07-22 16:01:57', '2022-07-22 16:01:57'),
(740, 110, '8264ef284e19087fabdf5cb2bf041e36', '8264ef284e19087fabdf5cb2bf041e36.jpg', 'jpg', 'public', 151251, 800, 533, 'image/jpeg', 14, 14, '2022-07-22 16:01:57', '2022-07-22 16:01:57'),
(741, 110, '8a0e7a9bfcbb4aaf48e4af5d4578d71b', '8a0e7a9bfcbb4aaf48e4af5d4578d71b.jpg', 'jpg', 'public', 101769, 800, 533, 'image/jpeg', 14, 14, '2022-07-22 16:01:57', '2022-07-22 16:01:57'),
(742, 110, '90a3b844c54e7ee885d975d91dd58c5d', '90a3b844c54e7ee885d975d91dd58c5d.jpg', 'jpg', 'public', 93471, 800, 533, 'image/jpeg', 14, 14, '2022-07-22 16:01:57', '2022-07-22 16:01:57'),
(743, 110, '9c54f132e607643c94399690d4deebff', '9c54f132e607643c94399690d4deebff.jpg', 'jpg', 'public', 185916, 800, 533, 'image/jpeg', 14, 14, '2022-07-22 16:01:58', '2022-07-22 16:01:58'),
(744, 110, 'a04c0b2682d990f02ef10309d764709e', 'a04c0b2682d990f02ef10309d764709e.jpg', 'jpg', 'public', 118295, 800, 533, 'image/jpeg', 14, 14, '2022-07-22 16:01:58', '2022-07-22 16:01:58'),
(745, 110, 'b3538528e8ab949f1fed01c1975cab59', 'b3538528e8ab949f1fed01c1975cab59.jpg', 'jpg', 'public', 144101, 800, 533, 'image/jpeg', 14, 14, '2022-07-22 16:01:58', '2022-07-22 16:01:58'),
(746, 110, 'b38fa6b09a81958ce33c4d238912bf57', 'b38fa6b09a81958ce33c4d238912bf57.jpg', 'jpg', 'public', 131066, 800, 533, 'image/jpeg', 14, 14, '2022-07-22 16:01:58', '2022-07-22 16:01:58'),
(747, 110, 'bc29ab7ad3277779983f0906dffbba61', 'bc29ab7ad3277779983f0906dffbba61.jpg', 'jpg', 'public', 115098, 800, 533, 'image/jpeg', 14, 14, '2022-07-22 16:01:58', '2022-07-22 16:01:58'),
(748, 110, 'c9f0a1d80aaeedaadef8bdb63f6ffbb6', 'c9f0a1d80aaeedaadef8bdb63f6ffbb6.jpg', 'jpg', 'public', 164374, 800, 533, 'image/jpeg', 14, 14, '2022-07-22 16:01:58', '2022-07-22 16:01:58'),
(749, 110, 'd05e01eac79e78ccc18ef89528d7fa8a', 'd05e01eac79e78ccc18ef89528d7fa8a.jpg', 'jpg', 'public', 84566, 800, 533, 'image/jpeg', 14, 14, '2022-07-22 16:01:58', '2022-07-22 16:01:58'),
(750, 110, 'd2ddefa976047d4d4801d5be543f935b', 'd2ddefa976047d4d4801d5be543f935b.jpg', 'jpg', 'public', 122077, 800, 533, 'image/jpeg', 14, 14, '2022-07-22 16:01:59', '2022-07-22 16:01:59'),
(751, 110, 'd75616b8f511cd0f7b5d892aa35f09f1', 'd75616b8f511cd0f7b5d892aa35f09f1.jpg', 'jpg', 'public', 80011, 800, 533, 'image/jpeg', 14, 14, '2022-07-22 16:01:59', '2022-07-22 16:01:59'),
(752, 110, 'e3d2c874583c026002f12eaa61ca4c49', 'e3d2c874583c026002f12eaa61ca4c49.jpg', 'jpg', 'public', 104916, 800, 533, 'image/jpeg', 14, 14, '2022-07-22 16:01:59', '2022-07-22 16:01:59'),
(753, 110, 'e3dad674fd313ae5d2c043c54dba5595', 'e3dad674fd313ae5d2c043c54dba5595.jpg', 'jpg', 'public', 147104, 800, 533, 'image/jpeg', 14, 14, '2022-07-22 16:01:59', '2022-07-22 16:01:59'),
(754, 110, 'eabe0ef271da73aec3ea45f89f69c6ea', 'eabe0ef271da73aec3ea45f89f69c6ea.jpg', 'jpg', 'public', 122598, 532, 800, 'image/jpeg', 14, 14, '2022-07-22 16:01:59', '2022-07-22 16:01:59'),
(755, 111, '74c61bf5015166f51be9fe0394c0365f', '74c61bf5015166f51be9fe0394c0365f.jpeg', 'jpeg', 'public', 621310, 2048, 1536, 'image/jpeg', 14, 14, '2022-07-25 14:19:21', '2022-07-25 14:19:21'),
(756, 111, '3a31d7df5c4cdcdfac36ebb7cd91c371', '3a31d7df5c4cdcdfac36ebb7cd91c371.jpg', 'jpg', 'public', 520734, 2048, 1365, 'image/jpeg', 14, 14, '2022-07-25 14:19:22', '2022-07-25 14:19:22'),
(757, 111, 'a16c2c6ca2b9c2418e6478c08ac68b1b', 'a16c2c6ca2b9c2418e6478c08ac68b1b.jpeg', 'jpeg', 'public', 482075, 2048, 1536, 'image/jpeg', 14, 14, '2022-07-25 14:19:23', '2022-07-25 14:19:23'),
(758, 111, '7ea5ddbf4f21595caa0b1c9fc4ef18e5', '7ea5ddbf4f21595caa0b1c9fc4ef18e5.jpg', 'jpg', 'public', 682418, 1382, 2048, 'image/jpeg', 14, 14, '2022-07-25 14:19:23', '2022-07-25 14:19:23'),
(759, 112, 'WechatIMG1157', 'WechatIMG1157.jpeg', 'jpeg', 'public', 468324, 2048, 1536, 'image/jpeg', 14, 14, '2022-07-25 14:20:12', '2022-07-25 14:20:12'),
(760, 112, 'WechatIMG1158', 'WechatIMG1158.jpeg', 'jpeg', 'public', 569294, 2048, 1536, 'image/jpeg', 14, 14, '2022-07-25 14:20:12', '2022-07-25 14:20:12'),
(761, 112, 'WechatIMG1159', 'WechatIMG1159.jpeg', 'jpeg', 'public', 552796, 2048, 1536, 'image/jpeg', 14, 14, '2022-07-25 14:20:13', '2022-07-25 14:20:13'),
(762, 112, 'WechatIMG1160', 'WechatIMG1160.jpeg', 'jpeg', 'public', 578850, 2048, 1536, 'image/jpeg', 14, 14, '2022-07-25 14:20:13', '2022-07-25 14:20:13'),
(763, 112, 'WechatIMG1162', 'WechatIMG1162.jpeg', 'jpeg', 'public', 594706, 2048, 1536, 'image/jpeg', 14, 14, '2022-07-25 14:20:14', '2022-07-25 14:20:14'),
(764, 112, 'WechatIMG1163', 'WechatIMG1163.jpeg', 'jpeg', 'public', 548968, 2048, 1536, 'image/jpeg', 14, 14, '2022-07-25 14:20:15', '2022-07-25 14:20:15'),
(765, 112, 'WechatIMG1164', 'WechatIMG1164.jpeg', 'jpeg', 'public', 613876, 2048, 1536, 'image/jpeg', 14, 14, '2022-07-25 14:20:15', '2022-07-25 14:20:15'),
(766, 113, '78199a364536503f684d384f9e26ca84', '78199a364536503f684d384f9e26ca84.jpg', 'jpg', 'public', 113116, 800, 533, 'image/jpeg', 14, 14, '2022-07-25 14:22:06', '2022-07-25 14:22:06'),
(767, 113, '698d1551faf0a3edde8c46bcea4a14ae', '698d1551faf0a3edde8c46bcea4a14ae.jpg', 'jpg', 'public', 141012, 800, 533, 'image/jpeg', 14, 14, '2022-07-25 14:22:06', '2022-07-25 14:22:06'),
(768, 113, '7ea59c43832f8aa37b071d2fd4385ceb', '7ea59c43832f8aa37b071d2fd4385ceb.jpg', 'jpg', 'public', 91422, 800, 533, 'image/jpeg', 14, 14, '2022-07-25 14:22:06', '2022-07-25 14:22:06'),
(769, 113, 'b069159d615e1ada89a181dbb5dc812e', 'b069159d615e1ada89a181dbb5dc812e.jpg', 'jpg', 'public', 168454, 800, 600, 'image/jpeg', 14, 14, '2022-07-25 14:22:06', '2022-07-25 14:22:06'),
(770, 113, 'b6db517eb6adbf2c6d7c31a26c7e5a14', 'b6db517eb6adbf2c6d7c31a26c7e5a14.jpg', 'jpg', 'public', 101436, 800, 533, 'image/jpeg', 14, 14, '2022-07-25 14:22:06', '2022-07-25 14:22:06'),
(771, 113, 'e3e96917ee2996dc9466166692b97ca6', 'e3e96917ee2996dc9466166692b97ca6.jpg', 'jpg', 'public', 135999, 800, 533, 'image/jpeg', 14, 14, '2022-07-25 14:22:06', '2022-07-25 14:22:06'),
(772, 113, 'ea670e20a6a5b6d87298ad28037b0cbe', 'ea670e20a6a5b6d87298ad28037b0cbe.jpg', 'jpg', 'public', 153372, 800, 533, 'image/jpeg', 14, 14, '2022-07-25 14:22:06', '2022-07-25 14:22:06'),
(773, 114, '636e7b782e1d8cce226bb624575ae583', '636e7b782e1d8cce226bb624575ae583.jpg', 'jpg', 'public', 127879, 800, 600, 'image/jpeg', 14, 14, '2022-07-25 14:24:26', '2022-07-25 14:24:26'),
(774, 114, '0d079e8f09ce2ea7e41f837e09234a03', '0d079e8f09ce2ea7e41f837e09234a03.jpg', 'jpg', 'public', 146527, 800, 600, 'image/jpeg', 14, 14, '2022-07-25 14:24:26', '2022-07-25 14:24:26'),
(775, 114, '67ff24657e9255851f1f08a93e21f02a', '67ff24657e9255851f1f08a93e21f02a.jpg', 'jpg', 'public', 133419, 800, 600, 'image/jpeg', 14, 14, '2022-07-25 14:24:26', '2022-07-25 14:24:26'),
(776, 115, '90e632785f9374babb6c6ce55026c5af', '90e632785f9374babb6c6ce55026c5af.jpg', 'jpg', 'public', 139704, 800, 600, 'image/jpeg', 14, 14, '2022-07-25 14:26:38', '2022-07-25 14:26:38'),
(777, 115, '61f412b454ca503202abb651fc344e32', '61f412b454ca503202abb651fc344e32.jpg', 'jpg', 'public', 138482, 800, 600, 'image/jpeg', 14, 14, '2022-07-25 14:26:38', '2022-07-25 14:26:38'),
(778, 115, 'b44e0f1c71b4ebf489e587f532d1f6f9-1', 'b44e0f1c71b4ebf489e587f532d1f6f9-1.jpg', 'jpg', 'public', 124125, 600, 800, 'image/jpeg', 14, 14, '2022-07-25 14:26:38', '2022-07-25 14:26:38'),
(779, 115, 'b44e0f1c71b4ebf489e587f532d1f6f9', 'b44e0f1c71b4ebf489e587f532d1f6f9.jpg', 'jpg', 'public', 124125, 600, 800, 'image/jpeg', 14, 14, '2022-07-25 14:26:38', '2022-07-25 14:26:38'),
(780, 115, 'e0d3abc1c79aac2ac62f0f8897e981bd', 'e0d3abc1c79aac2ac62f0f8897e981bd.jpg', 'jpg', 'public', 104214, 800, 600, 'image/jpeg', 14, 14, '2022-07-25 14:26:38', '2022-07-25 14:26:38'),
(781, 117, 'dd6c8915622ff28a9203e7dd5a54f542', 'dd6c8915622ff28a9203e7dd5a54f542.jpg', 'jpg', 'public', 93222, 800, 389, 'image/jpeg', 14, 14, '2022-07-25 14:27:43', '2022-07-25 14:27:43'),
(782, 117, '8c100cfce7da35ba2c4c983df6b02176', '8c100cfce7da35ba2c4c983df6b02176.jpg', 'jpg', 'public', 91956, 800, 389, 'image/jpeg', 14, 14, '2022-07-25 14:27:43', '2022-07-25 14:27:43'),
(783, 117, 'ec519ac011edc92c0d810b68f9fcd579', 'ec519ac011edc92c0d810b68f9fcd579.jpg', 'jpg', 'public', 89543, 800, 389, 'image/jpeg', 14, 14, '2022-07-25 14:27:43', '2022-07-25 14:27:43'),
(784, 119, '1dabdb890706fa39dd889dcc6feb9199', '1dabdb890706fa39dd889dcc6feb9199.jpg', 'jpg', 'public', 66168, 800, 450, 'image/jpeg', 14, 14, '2022-07-25 14:29:51', '2022-07-25 14:29:51'),
(785, 119, '3409e527e3db362fe8a29f7cf5b46b26', '3409e527e3db362fe8a29f7cf5b46b26.png', 'png', 'public', 43283, 800, 439, 'image/png', 14, 14, '2022-07-25 14:29:52', '2022-07-25 14:29:52'),
(786, 119, 'b7cefac412b869850593241b67f3ad3d', 'b7cefac412b869850593241b67f3ad3d.jpg', 'jpg', 'public', 67742, 800, 580, 'image/jpeg', 14, 14, '2022-07-25 14:29:52', '2022-07-25 14:29:52'),
(787, 119, 'b9a34e6b1d16cf01b9a3d8cf02c3c19f', 'b9a34e6b1d16cf01b9a3d8cf02c3c19f.jpg', 'jpg', 'public', 72010, 800, 586, 'image/jpeg', 14, 14, '2022-07-25 14:29:53', '2022-07-25 14:29:53'),
(788, 119, 'b2a47841bb8edbcb892897e43d9561bb', 'b2a47841bb8edbcb892897e43d9561bb.png', 'png', 'public', 188100, 800, 450, 'image/png', 14, 14, '2022-07-25 14:29:54', '2022-07-25 14:29:54'),
(789, 120, '2c5ec184dcafe77955533a36c804e96c', '2c5ec184dcafe77955533a36c804e96c.jpg', 'jpg', 'public', 178933, 800, 533, 'image/jpeg', 14, 14, '2022-07-25 14:30:37', '2022-07-25 14:30:37'),
(790, 120, '642713bb361b531f6e5f2f362b8e3429', '642713bb361b531f6e5f2f362b8e3429.jpg', 'jpg', 'public', 209692, 800, 533, 'image/jpeg', 14, 14, '2022-07-25 14:30:37', '2022-07-25 14:30:37'),
(791, 120, '87d49db358e8d138c8470ec959289bc5', '87d49db358e8d138c8470ec959289bc5.jpg', 'jpg', 'public', 174896, 800, 533, 'image/jpeg', 14, 14, '2022-07-25 14:30:37', '2022-07-25 14:30:37'),
(792, 120, 'c61ebc81a8d5c565aa648ae638711314', 'c61ebc81a8d5c565aa648ae638711314.jpg', 'jpg', 'public', 163203, 800, 533, 'image/jpeg', 14, 14, '2022-07-25 14:30:37', '2022-07-25 14:30:37'),
(793, 120, 'f9edaf6eff197eee565d5d6972ddeaf2', 'f9edaf6eff197eee565d5d6972ddeaf2.jpg', 'jpg', 'public', 157139, 800, 533, 'image/jpeg', 14, 14, '2022-07-25 14:30:37', '2022-07-25 14:30:37'),
(794, 121, '1aba2a7420274b1b8265c0c9e31ecc86', '1aba2a7420274b1b8265c0c9e31ecc86.jpg', 'jpg', 'public', 193891, 800, 600, 'image/jpeg', 14, 14, '2022-07-25 14:31:41', '2022-07-25 14:31:41'),
(795, 121, '190a1238fa9b7a575c3266274cf35ee6', '190a1238fa9b7a575c3266274cf35ee6.jpg', 'jpg', 'public', 173935, 800, 600, 'image/jpeg', 14, 14, '2022-07-25 14:31:41', '2022-07-25 14:31:41'),
(796, 121, '66dee09f2fe9806cbe5851f29d091ac8', '66dee09f2fe9806cbe5851f29d091ac8.jpg', 'jpg', 'public', 133938, 800, 600, 'image/jpeg', 14, 14, '2022-07-25 14:31:41', '2022-07-25 14:31:41'),
(797, 121, '793086a06fa04bd62245f0acbbe27b40', '793086a06fa04bd62245f0acbbe27b40.jpg', 'jpg', 'public', 140961, 599, 800, 'image/jpeg', 14, 14, '2022-07-25 14:31:41', '2022-07-25 14:31:41'),
(798, 121, 'ed8303a9db374d113528449065419f42', 'ed8303a9db374d113528449065419f42.jpg', 'jpg', 'public', 165631, 600, 800, 'image/jpeg', 14, 14, '2022-07-25 14:31:41', '2022-07-25 14:31:41'),
(799, 123, '42ded1ffce7b62cb29a200a586b695a0', '42ded1ffce7b62cb29a200a586b695a0.jpg', 'jpg', 'public', 110533, 800, 450, 'image/jpeg', 14, 14, '2022-07-25 14:32:51', '2022-07-25 14:32:51'),
(800, 123, '2d1d44950e72051613ce039c64f2fe22', '2d1d44950e72051613ce039c64f2fe22.jpg', 'jpg', 'public', 97433, 800, 450, 'image/jpeg', 14, 14, '2022-07-25 14:32:51', '2022-07-25 14:32:51'),
(801, 123, 'ac944a8a786d17b7407faae1b4e5649f', 'ac944a8a786d17b7407faae1b4e5649f.jpg', 'jpg', 'public', 87855, 800, 450, 'image/jpeg', 14, 14, '2022-07-25 14:32:51', '2022-07-25 14:32:51'),
(802, 123, 'd79d59a8a898592429810652b9b6b438', 'd79d59a8a898592429810652b9b6b438.jpg', 'jpg', 'public', 113299, 800, 450, 'image/jpeg', 14, 14, '2022-07-25 14:32:52', '2022-07-25 14:32:52'),
(803, 123, 'd849ed4a234b89f6e47dce9a7b423d8d', 'd849ed4a234b89f6e47dce9a7b423d8d.jpg', 'jpg', 'public', 96233, 800, 450, 'image/jpeg', 14, 14, '2022-07-25 14:32:52', '2022-07-25 14:32:52'),
(804, 123, 'dcccb5a5aefedc2989fab06b29ed2f38', 'dcccb5a5aefedc2989fab06b29ed2f38.jpg', 'jpg', 'public', 151555, 800, 450, 'image/jpeg', 14, 14, '2022-07-25 14:32:52', '2022-07-25 14:32:52'),
(805, 123, 'f5e774136225dc90431a7b6d62175c58', 'f5e774136225dc90431a7b6d62175c58.jpg', 'jpg', 'public', 163805, 800, 600, 'image/jpeg', 14, 14, '2022-07-25 14:32:52', '2022-07-25 14:32:52'),
(806, 124, '8a447e9a3bcd8dbbadb1aa862f2b9211', '8a447e9a3bcd8dbbadb1aa862f2b9211.jpg', 'jpg', 'public', 121006, 800, 533, 'image/jpeg', 14, 14, '2022-07-25 14:34:24', '2022-07-25 14:34:24'),
(807, 124, '75a878813606f7fc063852d994b8658d', '75a878813606f7fc063852d994b8658d.jpg', 'jpg', 'public', 144295, 800, 533, 'image/jpeg', 14, 14, '2022-07-25 14:34:24', '2022-07-25 14:34:24'),
(808, 124, 'f48f3e51845beca3c967fc93cc32d2ad', 'f48f3e51845beca3c967fc93cc32d2ad.jpg', 'jpg', 'public', 139011, 800, 533, 'image/jpeg', 14, 14, '2022-07-25 14:34:24', '2022-07-25 14:34:24'),
(809, 125, '35bf23e512a6193b1abb312694399015', '35bf23e512a6193b1abb312694399015.jpg', 'jpg', 'public', 126482, 800, 450, 'image/jpeg', 14, 14, '2022-07-25 14:35:38', '2022-07-25 14:35:38'),
(810, 125, '7722f259b0e7b8091302e303a7960482', '7722f259b0e7b8091302e303a7960482.jpg', 'jpg', 'public', 115282, 800, 450, 'image/jpeg', 14, 14, '2022-07-25 14:35:39', '2022-07-25 14:35:39'),
(811, 125, '7aae1e9594dca373406965a3d1f5a155', '7aae1e9594dca373406965a3d1f5a155.jpg', 'jpg', 'public', 113467, 800, 450, 'image/jpeg', 14, 14, '2022-07-25 14:35:39', '2022-07-25 14:35:39'),
(812, 125, 'a9c8aab3b66713b58e0f579b8e1e6147', 'a9c8aab3b66713b58e0f579b8e1e6147.jpg', 'jpg', 'public', 107976, 800, 450, 'image/jpeg', 14, 14, '2022-07-25 14:35:39', '2022-07-25 14:35:39'),
(813, 125, 'bc4fada5143964c0b81b7592f0ae2100', 'bc4fada5143964c0b81b7592f0ae2100.jpg', 'jpg', 'public', 155495, 800, 600, 'image/jpeg', 14, 14, '2022-07-25 14:35:39', '2022-07-25 14:35:39'),
(814, 126, '7de4f63a8f31cc9d72a923e348c25c88', '7de4f63a8f31cc9d72a923e348c25c88.jpg', 'jpg', 'public', 89191, 449, 800, 'image/jpeg', 14, 14, '2022-07-25 14:36:32', '2022-07-25 14:36:32'),
(815, 126, '607edc575e102a6b9ed48d04e156f5d1', '607edc575e102a6b9ed48d04e156f5d1.jpg', 'jpg', 'public', 85816, 449, 800, 'image/jpeg', 14, 14, '2022-07-25 14:36:32', '2022-07-25 14:36:32'),
(816, 126, '959c9ec134849f7ba5844231f9239cc8', '959c9ec134849f7ba5844231f9239cc8.jpg', 'jpg', 'public', 74458, 449, 800, 'image/jpeg', 14, 14, '2022-07-25 14:36:32', '2022-07-25 14:36:32'),
(817, 127, '3c134de5067da91426f1d22aa3c57688', '3c134de5067da91426f1d22aa3c57688.jpg', 'jpg', 'public', 30154, 800, 561, 'image/jpeg', 14, 14, '2022-07-25 14:39:22', '2022-07-25 14:39:22'),
(818, 127, '4d61a11f11eedd949e49f55427006bf7', '4d61a11f11eedd949e49f55427006bf7.jpg', 'jpg', 'public', 19130, 800, 561, 'image/jpeg', 14, 14, '2022-07-25 14:39:22', '2022-07-25 14:39:22'),
(819, 128, 'c55ab3d6c08c59f73f359977e50e1184', 'c55ab3d6c08c59f73f359977e50e1184.jpg', 'jpg', 'public', 51595, 800, 534, 'image/jpeg', 14, 14, '2022-07-25 14:40:50', '2022-07-25 14:40:50'),
(820, 129, '196772b7d6b17c0a00bb06fdfc58fb65', '196772b7d6b17c0a00bb06fdfc58fb65.jpg', 'jpg', 'public', 41321, 800, 600, 'image/jpeg', 14, 14, '2022-07-25 14:41:29', '2022-07-25 14:41:29'),
(821, 129, '700d0b094cd5c347b1bc15aa33247256', '700d0b094cd5c347b1bc15aa33247256.jpg', 'jpg', 'public', 57844, 800, 600, 'image/jpeg', 14, 14, '2022-07-25 14:41:29', '2022-07-25 14:41:29'),
(822, 129, '81d91b2b109be2e9abf1644dc1036f8c', '81d91b2b109be2e9abf1644dc1036f8c.jpg', 'jpg', 'public', 70442, 800, 600, 'image/jpeg', 14, 14, '2022-07-25 14:41:30', '2022-07-25 14:41:30'),
(823, 129, 'bfad75f56361b7db478632701f1c582f', 'bfad75f56361b7db478632701f1c582f.jpg', 'jpg', 'public', 66769, 800, 600, 'image/jpeg', 14, 14, '2022-07-25 14:41:30', '2022-07-25 14:41:30'),
(824, 129, 'dc689b3901d03e30772c30f113561731', 'dc689b3901d03e30772c30f113561731.jpg', 'jpg', 'public', 60960, 800, 600, 'image/jpeg', 14, 14, '2022-07-25 14:41:30', '2022-07-25 14:41:30'),
(825, 129, 'f6104d3823274d356cbfb97f17a82cb8', 'f6104d3823274d356cbfb97f17a82cb8.jpg', 'jpg', 'public', 63832, 800, 600, 'image/jpeg', 14, 14, '2022-07-25 14:41:30', '2022-07-25 14:41:30'),
(826, 130, 'b01c500ff9fb0a20e45c1e19a08a8810', 'b01c500ff9fb0a20e45c1e19a08a8810.jpg', 'jpg', 'public', 61744, 800, 600, 'image/jpeg', 14, 14, '2022-07-25 14:42:15', '2022-07-25 14:42:15'),
(827, 130, 'bd735c74a93ab9bf98318a8defbcafd5', 'bd735c74a93ab9bf98318a8defbcafd5.jpg', 'jpg', 'public', 43290, 800, 600, 'image/jpeg', 14, 14, '2022-07-25 14:42:15', '2022-07-25 14:42:15'),
(828, 130, 'f9f8ba71a3af21560392813353b1181d', 'f9f8ba71a3af21560392813353b1181d.jpg', 'jpg', 'public', 58429, 800, 600, 'image/jpeg', 14, 14, '2022-07-25 14:42:15', '2022-07-25 14:42:15'),
(829, 130, 'fec9502e8535f140bbd2700f507467a4', 'fec9502e8535f140bbd2700f507467a4.jpg', 'jpg', 'public', 66621, 800, 600, 'image/jpeg', 14, 14, '2022-07-25 14:42:15', '2022-07-25 14:42:15'),
(830, 131, '4a131b9954990fdc367269c22702c1ff', '4a131b9954990fdc367269c22702c1ff.jpg', 'jpg', 'public', 54776, 600, 800, 'image/jpeg', 14, 14, '2022-07-25 14:45:27', '2022-07-25 14:45:27'),
(831, 131, '31873c3c742677e771f563c1881715b0', '31873c3c742677e771f563c1881715b0.jpg', 'jpg', 'public', 69048, 600, 800, 'image/jpeg', 14, 14, '2022-07-25 14:45:27', '2022-07-25 14:45:27'),
(832, 131, '7f471917767916b0be46719f6cbd5b17', '7f471917767916b0be46719f6cbd5b17.jpg', 'jpg', 'public', 66437, 800, 600, 'image/jpeg', 14, 14, '2022-07-25 14:45:27', '2022-07-25 14:45:27'),
(833, 131, 'b6237db5998421a451b2a14872bf6547', 'b6237db5998421a451b2a14872bf6547.jpg', 'jpg', 'public', 41685, 800, 566, 'image/jpeg', 14, 14, '2022-07-25 14:45:27', '2022-07-25 14:45:27'),
(834, 131, 'df4e80200e0827c942f0352b4e8a9f18', 'df4e80200e0827c942f0352b4e8a9f18.jpg', 'jpg', 'public', 52870, 600, 800, 'image/jpeg', 14, 14, '2022-07-25 14:45:27', '2022-07-25 14:45:27'),
(835, 132, '6837bd725840494005da54fc0287bae5', '6837bd725840494005da54fc0287bae5.jpg', 'jpg', 'public', 29688, 800, 450, 'image/jpeg', 14, 14, '2022-07-25 14:47:23', '2022-07-25 14:47:23'),
(836, 132, '5a39e5ab8623c20fdf12d604db674898', '5a39e5ab8623c20fdf12d604db674898.jpg', 'jpg', 'public', 53438, 449, 800, 'image/jpeg', 14, 14, '2022-07-25 14:47:23', '2022-07-25 14:47:23'),
(837, 132, '93b5b5beb0610fbdbf42effb15bd677c', '93b5b5beb0610fbdbf42effb15bd677c.jpg', 'jpg', 'public', 51947, 800, 450, 'image/jpeg', 14, 14, '2022-07-25 14:47:23', '2022-07-25 14:47:23'),
(838, 133, '53e911fc646982aaff03538caf418e18', '53e911fc646982aaff03538caf418e18.jpg', 'jpg', 'public', 39423, 800, 600, 'image/jpeg', 14, 14, '2022-07-25 14:48:45', '2022-07-25 14:48:45'),
(839, 133, '3fd671053439ad7ec5de495af786d50a', '3fd671053439ad7ec5de495af786d50a.jpg', 'jpg', 'public', 43711, 800, 600, 'image/jpeg', 14, 14, '2022-07-25 14:48:45', '2022-07-25 14:48:45'),
(840, 133, 'b2b0f054b13e86e5a74eac14b576686e', 'b2b0f054b13e86e5a74eac14b576686e.jpg', 'jpg', 'public', 46623, 800, 600, 'image/jpeg', 14, 14, '2022-07-25 14:48:46', '2022-07-25 14:48:46'),
(841, 133, 'b33507d2443f3b23e5abd9f6cc291aa2', 'b33507d2443f3b23e5abd9f6cc291aa2.jpg', 'jpg', 'public', 49649, 800, 600, 'image/jpeg', 14, 14, '2022-07-25 14:48:46', '2022-07-25 14:48:46'),
(842, 133, 'd88504dcb03873f1d1cf6bd12983a132', 'd88504dcb03873f1d1cf6bd12983a132.jpg', 'jpg', 'public', 49427, 800, 600, 'image/jpeg', 14, 14, '2022-07-25 14:48:46', '2022-07-25 14:48:46'),
(843, 133, 'e7c56f96691de829aa48c06413d8b526', 'e7c56f96691de829aa48c06413d8b526.jpg', 'jpg', 'public', 52671, 800, 600, 'image/jpeg', 14, 14, '2022-07-25 14:48:46', '2022-07-25 14:48:46'),
(844, 134, '24a48b67d981f1051fd2db58d0dfccb8', '24a48b67d981f1051fd2db58d0dfccb8.jpg', 'jpg', 'public', 35751, 600, 800, 'image/jpeg', 14, 14, '2022-07-25 14:49:34', '2022-07-25 14:49:34'),
(845, 134, '325f6f06861424dc02b5eb625350b40d', '325f6f06861424dc02b5eb625350b40d.jpg', 'jpg', 'public', 43476, 600, 800, 'image/jpeg', 14, 14, '2022-07-25 14:49:34', '2022-07-25 14:49:34'),
(846, 134, 'b96103158ba48fb4c2756535f728acf1', 'b96103158ba48fb4c2756535f728acf1.jpg', 'jpg', 'public', 47282, 600, 800, 'image/jpeg', 14, 14, '2022-07-25 14:49:35', '2022-07-25 14:49:35'),
(847, 134, 'cf79254bd44b1b2cea3f0ae33624238f', 'cf79254bd44b1b2cea3f0ae33624238f.jpg', 'jpg', 'public', 49316, 800, 600, 'image/jpeg', 14, 14, '2022-07-25 14:49:35', '2022-07-25 14:49:35'),
(848, 135, '0aff8200c346d3e6fed151b98ef07c1b', '0aff8200c346d3e6fed151b98ef07c1b.jpg', 'jpg', 'public', 60333, 800, 600, 'image/jpeg', 14, 14, '2022-07-25 14:50:41', '2022-07-25 14:50:41'),
(849, 135, '38d8cc4bf9c91fefce20afa36e799e2d', '38d8cc4bf9c91fefce20afa36e799e2d.jpg', 'jpg', 'public', 77028, 800, 600, 'image/jpeg', 14, 14, '2022-07-25 14:50:41', '2022-07-25 14:50:41'),
(850, 135, '535a2bc77299bd45448aee5fecb458f4', '535a2bc77299bd45448aee5fecb458f4.jpg', 'jpg', 'public', 60741, 800, 600, 'image/jpeg', 14, 14, '2022-07-25 14:50:41', '2022-07-25 14:50:41'),
(851, 135, '57bbbb0f36db37b0283b22afc4c8f6c9', '57bbbb0f36db37b0283b22afc4c8f6c9.jpg', 'jpg', 'public', 68740, 800, 600, 'image/jpeg', 14, 14, '2022-07-25 14:50:41', '2022-07-25 14:50:41'),
(852, 135, 'a3c686a5cd9be420370b5de167008c8b', 'a3c686a5cd9be420370b5de167008c8b.jpg', 'jpg', 'public', 55228, 800, 600, 'image/jpeg', 14, 14, '2022-07-25 14:50:41', '2022-07-25 14:50:41'),
(853, 134, '24a48b67d981f1051fd2db58d0dfccb8', '24a48b67d981f1051fd2db58d0dfccb8-2.jpg', 'jpg', 'public', 35751, 600, 800, 'image/jpeg', 14, 14, '2022-07-25 16:02:51', '2022-07-25 16:02:51'),
(854, 134, '325f6f06861424dc02b5eb625350b40d', '325f6f06861424dc02b5eb625350b40d-2.jpg', 'jpg', 'public', 43476, 600, 800, 'image/jpeg', 14, 14, '2022-07-25 16:02:51', '2022-07-25 16:02:51'),
(855, 134, 'b96103158ba48fb4c2756535f728acf1', 'b96103158ba48fb4c2756535f728acf1-2.jpg', 'jpg', 'public', 47282, 600, 800, 'image/jpeg', 14, 14, '2022-07-25 16:02:52', '2022-07-25 16:02:52'),
(856, 134, 'cf79254bd44b1b2cea3f0ae33624238f', 'cf79254bd44b1b2cea3f0ae33624238f-2.jpg', 'jpg', 'public', 49316, 800, 600, 'image/jpeg', 14, 14, '2022-07-25 16:02:52', '2022-07-25 16:02:52'),
(857, 136, '098610edd7976f4795f4a9744a9eab8b', '098610edd7976f4795f4a9744a9eab8b.jpg', 'jpg', 'public', 34247, 800, 600, 'image/jpeg', 14, 14, '2022-07-25 16:14:04', '2022-07-25 16:14:04'),
(858, 136, '0be0c137418c823a999a28b7caa8768e', '0be0c137418c823a999a28b7caa8768e.jpg', 'jpg', 'public', 44410, 800, 600, 'image/jpeg', 14, 14, '2022-07-25 16:14:04', '2022-07-25 16:14:04'),
(859, 136, '0f0b6d07aded7dc68789392c43c5395d', '0f0b6d07aded7dc68789392c43c5395d.jpg', 'jpg', 'public', 37031, 800, 600, 'image/jpeg', 14, 14, '2022-07-25 16:14:05', '2022-07-25 16:14:05'),
(860, 137, 'ff8963131334f4f94c2cc68a7d514889', 'ff8963131334f4f94c2cc68a7d514889.jpg', 'jpg', 'public', 43486, 800, 600, 'image/jpeg', 14, 14, '2022-07-25 16:15:37', '2022-07-25 16:15:37'),
(861, 137, '9ca691a675a900a1d6dc0ae27973f80d', '9ca691a675a900a1d6dc0ae27973f80d.jpg', 'jpg', 'public', 69842, 800, 600, 'image/jpeg', 14, 14, '2022-07-25 16:15:38', '2022-07-25 16:15:38'),
(862, 138, '21ebc49e58130c91a5ea69cbf2487cd5', '21ebc49e58130c91a5ea69cbf2487cd5.jpg', 'jpg', 'public', 46178, 600, 800, 'image/jpeg', 14, 14, '2022-07-25 16:17:22', '2022-07-25 16:17:22'),
(863, 138, '3d47587b1f0c750b43fb4e90c1f085fe', '3d47587b1f0c750b43fb4e90c1f085fe.jpg', 'jpg', 'public', 40397, 800, 600, 'image/jpeg', 14, 14, '2022-07-25 16:17:22', '2022-07-25 16:17:22'),
(864, 138, 'cc23e167e4dc6eb3d274a5c3afa7c825', 'cc23e167e4dc6eb3d274a5c3afa7c825.jpg', 'jpg', 'public', 41512, 600, 800, 'image/jpeg', 14, 14, '2022-07-25 16:17:22', '2022-07-25 16:17:22'),
(865, 139, 'a3d01dab9288a1b9d48227573074ac9e', 'a3d01dab9288a1b9d48227573074ac9e.jpg', 'jpg', 'public', 36537, 800, 600, 'image/jpeg', 14, 14, '2022-07-25 16:18:17', '2022-07-25 16:18:17'),
(866, 140, 'b8d2aada4bbf0770b0230f2fc5b06098', 'b8d2aada4bbf0770b0230f2fc5b06098.jpg', 'jpg', 'public', 42552, 800, 600, 'image/jpeg', 14, 14, '2022-07-25 16:18:45', '2022-07-25 16:18:45'),
(867, 140, '5d581890580a87d2bdfa7864231dfcd6', '5d581890580a87d2bdfa7864231dfcd6.jpg', 'jpg', 'public', 43645, 800, 600, 'image/jpeg', 14, 14, '2022-07-25 16:18:45', '2022-07-25 16:18:45'),
(868, 141, '66afbcb0e93376d3acda78e947db419d', '66afbcb0e93376d3acda78e947db419d.jpg', 'jpg', 'public', 43054, 800, 600, 'image/jpeg', 14, 14, '2022-07-25 16:19:40', '2022-07-25 16:19:40'),
(869, 141, '5ee1855a2af5496cc90d6b6ccae9b5a3', '5ee1855a2af5496cc90d6b6ccae9b5a3.jpg', 'jpg', 'public', 41839, 800, 600, 'image/jpeg', 14, 14, '2022-07-25 16:19:40', '2022-07-25 16:19:40'),
(870, 142, '4e5d958946d50255bf50756da2937971', '4e5d958946d50255bf50756da2937971.jpg', 'jpg', 'public', 30996, 800, 597, 'image/jpeg', 14, 14, '2022-07-25 16:20:06', '2022-07-25 16:20:06'),
(871, 142, '8a886f2a2f44a3cf143bc06b7ecf86a0', '8a886f2a2f44a3cf143bc06b7ecf86a0.jpg', 'jpg', 'public', 56676, 596, 800, 'image/jpeg', 14, 14, '2022-07-25 16:20:06', '2022-07-25 16:20:06'),
(872, 142, '9e508f08b6d0d927f3f290e373af4a4b', '9e508f08b6d0d927f3f290e373af4a4b.jpg', 'jpg', 'public', 36488, 596, 800, 'image/jpeg', 14, 14, '2022-07-25 16:20:07', '2022-07-25 16:20:07');
INSERT INTO `media` (`id`, `folder_id`, `title`, `file_name`, `extension`, `disk`, `size`, `width`, `height`, `mime_type`, `created_by`, `updated_by`, `created_at`, `updated_at`) VALUES
(873, 142, 'e646f7e795e068a7ae907ddd56e2dc93', 'e646f7e795e068a7ae907ddd56e2dc93.jpg', 'jpg', 'public', 39095, 600, 800, 'image/jpeg', 14, 14, '2022-07-25 16:20:07', '2022-07-25 16:20:07'),
(874, 143, '63fca4d6f2001088417c0edb56af1685', '63fca4d6f2001088417c0edb56af1685.jpg', 'jpg', 'public', 53275, 800, 600, 'image/jpeg', 14, 14, '2022-07-25 16:20:45', '2022-07-25 16:20:45'),
(875, 143, '2d3105ad323947a90bb9d115f38b8eb1', '2d3105ad323947a90bb9d115f38b8eb1.jpg', 'jpg', 'public', 60942, 800, 600, 'image/jpeg', 14, 14, '2022-07-25 16:20:45', '2022-07-25 16:20:45'),
(876, 144, '93ea0b730e3aedd4307dfbe57ac9e839', '93ea0b730e3aedd4307dfbe57ac9e839.jpg', 'jpg', 'public', 48829, 800, 600, 'image/jpeg', 14, 14, '2022-07-25 16:21:29', '2022-07-25 16:21:29'),
(877, 145, '33ec24b4ef1b1749599508c523247f39', '33ec24b4ef1b1749599508c523247f39.jpg', 'jpg', 'public', 54155, 800, 600, 'image/jpeg', 14, 14, '2022-07-25 16:22:15', '2022-07-25 16:22:15'),
(878, 146, '94e6e7827345077fe3552b86e91eaaf5', '94e6e7827345077fe3552b86e91eaaf5.jpg', 'jpg', 'public', 54268, 800, 598, 'image/jpeg', 14, 14, '2022-07-25 16:22:47', '2022-07-25 16:22:47'),
(879, 13, 'what-we-do-01@2x', 'what-we-do-01@2x-2.jpg', 'jpg', 'public', 61340, 1210, 800, 'image/jpeg', 7, 7, '2022-07-27 11:51:08', '2022-07-27 11:51:08'),
(880, 1, 'home-about-05@2x', 'home-about-05@2x-2.jpg', 'jpg', 'public', 66287, 900, 900, 'image/jpeg', 7, 7, '2022-07-27 11:51:25', '2022-07-27 11:51:25'),
(882, 3, 'image3', 'image3.png', 'png', 'public', 454849, 1680, 1200, 'image/png', 14, 14, '2022-07-29 16:23:03', '2022-07-29 16:23:03'),
(883, 3, 'image3', 'image3-2.png', 'png', 'public', 396097, 1581, 1119, 'image/png', 14, 14, '2022-07-29 16:24:40', '2022-07-29 16:24:40'),
(885, 1, 'logo2x', 'logo2x.png', 'png', 'public', 53474, 519, 150, 'image/png', 7, 7, '2022-08-05 04:44:54', '2022-08-05 04:44:54'),
(887, 14, 'WechatIMG2327', 'WechatIMG2327-2.jpg', 'jpg', 'public', 220839, 2048, 1152, 'image/jpeg', 1, 1, '2022-08-05 06:25:31', '2022-08-05 06:25:31'),
(906, 150, 'IMG_5249', 'IMG_5249.jpg', 'jpg', 'public', 759289, 2048, 1365, 'image/jpeg', 17, 17, '2022-08-30 10:13:43', '2022-08-30 10:13:43'),
(907, 150, 'IMG_5261', 'IMG_5261.jpg', 'jpg', 'public', 808713, 2048, 1365, 'image/jpeg', 17, 17, '2022-08-30 10:13:57', '2022-08-30 10:13:57'),
(908, 150, 'IMG_5263', 'IMG_5263.jpg', 'jpg', 'public', 658259, 2048, 1365, 'image/jpeg', 17, 17, '2022-08-30 10:14:09', '2022-08-30 10:14:09'),
(909, 150, 'IMG_5265', 'IMG_5265.jpg', 'jpg', 'public', 690049, 2048, 1365, 'image/jpeg', 17, 17, '2022-08-30 10:14:11', '2022-08-30 10:14:11'),
(910, 150, 'IMG_5267', 'IMG_5267.jpg', 'jpg', 'public', 647785, 2048, 1365, 'image/jpeg', 17, 17, '2022-08-30 10:14:26', '2022-08-30 10:14:26'),
(911, 150, 'IMG_5268', 'IMG_5268.jpg', 'jpg', 'public', 784826, 1365, 2048, 'image/jpeg', 17, 17, '2022-08-30 10:14:32', '2022-08-30 10:14:32'),
(912, 150, 'IMG_5276', 'IMG_5276.jpg', 'jpg', 'public', 654996, 2048, 1365, 'image/jpeg', 17, 17, '2022-08-30 10:14:42', '2022-08-30 10:14:42'),
(913, 150, 'IMG_5271', 'IMG_5271.jpg', 'jpg', 'public', 1000561, 2048, 1573, 'image/jpeg', 17, 17, '2022-08-30 10:14:42', '2022-08-30 10:14:42'),
(914, 150, 'IMG_5277', 'IMG_5277.jpg', 'jpg', 'public', 307606, 2048, 1365, 'image/jpeg', 17, 17, '2022-08-30 10:14:51', '2022-08-30 10:14:51'),
(915, 150, 'IMG_5281', 'IMG_5281.jpg', 'jpg', 'public', 311275, 2048, 1365, 'image/jpeg', 17, 17, '2022-08-30 10:14:52', '2022-08-30 10:14:52'),
(925, 151, 'IMG_7234', 'IMG_7234.jpg', 'jpg', 'public', 892508, 2048, 1536, 'image/jpeg', 17, 17, '2022-09-04 13:17:56', '2022-09-04 13:17:56'),
(926, 151, 'IMG_7228', 'IMG_7228.jpg', 'jpg', 'public', 537475, 1536, 2048, 'image/jpeg', 17, 17, '2022-09-04 13:17:57', '2022-09-04 13:17:57'),
(927, 151, 'IMG_7236', 'IMG_7236.jpg', 'jpg', 'public', 766713, 2048, 1536, 'image/jpeg', 17, 17, '2022-09-04 13:18:03', '2022-09-04 13:18:03'),
(928, 151, 'IMG_7238', 'IMG_7238.jpg', 'jpg', 'public', 802810, 1536, 2048, 'image/jpeg', 17, 17, '2022-09-04 13:18:08', '2022-09-04 13:18:08'),
(929, 151, 'IMG_7248', 'IMG_7248.jpg', 'jpg', 'public', 859077, 2048, 1536, 'image/jpeg', 17, 17, '2022-09-04 13:18:12', '2022-09-04 13:18:12'),
(930, 151, 'IMG_7251', 'IMG_7251.jpg', 'jpg', 'public', 649542, 2048, 1536, 'image/jpeg', 17, 17, '2022-09-04 13:18:16', '2022-09-04 13:18:16'),
(931, 151, 'IMG_7268', 'IMG_7268.jpg', 'jpg', 'public', 711218, 2048, 1536, 'image/jpeg', 17, 17, '2022-09-04 13:18:21', '2022-09-04 13:18:21'),
(932, 151, 'IMG_7270', 'IMG_7270.jpg', 'jpg', 'public', 765067, 2048, 1536, 'image/jpeg', 17, 17, '2022-09-04 13:18:23', '2022-09-04 13:18:23'),
(933, 151, 'IMG_7284', 'IMG_7284.jpg', 'jpg', 'public', 835005, 2048, 1536, 'image/jpeg', 17, 17, '2022-09-04 13:18:30', '2022-09-04 13:18:30'),
(943, 152, '070922_0011_resize', '070922_0011_resize.jpg', 'jpg', 'public', 595707, 2048, 1366, 'image/jpeg', 17, 17, '2022-09-07 08:51:48', '2022-09-07 08:51:48'),
(944, 152, '070922_0003_resize', '070922_0003_resize.jpg', 'jpg', 'public', 553670, 2048, 1366, 'image/jpeg', 17, 17, '2022-09-07 08:51:49', '2022-09-07 08:51:49'),
(945, 152, '070922_0019_resize', '070922_0019_resize.jpg', 'jpg', 'public', 298600, 2048, 1364, 'image/jpeg', 17, 17, '2022-09-07 08:51:53', '2022-09-07 08:51:53'),
(946, 152, '070922_0015_resize', '070922_0015_resize.jpg', 'jpg', 'public', 407820, 2048, 1364, 'image/jpeg', 17, 17, '2022-09-07 08:51:54', '2022-09-07 08:51:54'),
(947, 152, '070922_0020_resize', '070922_0020_resize.jpg', 'jpg', 'public', 660906, 2048, 1366, 'image/jpeg', 17, 17, '2022-09-07 08:51:57', '2022-09-07 08:51:57'),
(948, 152, '070922_0021_resize', '070922_0021_resize.jpg', 'jpg', 'public', 242489, 2048, 1364, 'image/jpeg', 17, 17, '2022-09-07 08:51:58', '2022-09-07 08:51:58'),
(949, 152, '070922_0027_resize', '070922_0027_resize.jpg', 'jpg', 'public', 530788, 2048, 1366, 'image/jpeg', 17, 17, '2022-09-07 08:52:01', '2022-09-07 08:52:01'),
(950, 152, '070922_0030_resize', '070922_0030_resize.jpg', 'jpg', 'public', 296163, 2048, 1364, 'image/jpeg', 17, 17, '2022-09-07 08:52:03', '2022-09-07 08:52:03'),
(951, 153, '5cdda2f2-5b9e-42fe-b89b-18543a2cbe14 2', '5cdda2f2-5b9e-42fe-b89b-18543a2cbe14 2.jpg', 'jpg', 'public', 841030, 1536, 2048, 'image/jpeg', 17, 17, '2022-09-09 07:23:14', '2022-09-09 07:23:14'),
(952, 153, '06d0435b-0803-48a0-b9a3-5928ffd2d04d 2', '06d0435b-0803-48a0-b9a3-5928ffd2d04d 2.jpg', 'jpg', 'public', 852504, 2048, 1536, 'image/jpeg', 17, 17, '2022-09-09 07:23:14', '2022-09-09 07:23:14'),
(953, 153, '6e372de5-e7cf-45bd-9fea-44eeb9da92f7 2', '6e372de5-e7cf-45bd-9fea-44eeb9da92f7 2.jpg', 'jpg', 'public', 901921, 2048, 1536, 'image/jpeg', 17, 17, '2022-09-09 07:23:16', '2022-09-09 07:23:16'),
(954, 153, '7ab4516a-63f2-47a4-a14a-be49ce6ecad6 2', '7ab4516a-63f2-47a4-a14a-be49ce6ecad6 2.jpg', 'jpg', 'public', 826679, 2048, 1536, 'image/jpeg', 17, 17, '2022-09-09 07:23:16', '2022-09-09 07:23:16'),
(955, 153, '7ac403a8-d288-40a8-8ae7-b01938f2f55e 2', '7ac403a8-d288-40a8-8ae7-b01938f2f55e 2.jpg', 'jpg', 'public', 580225, 2048, 1536, 'image/jpeg', 17, 17, '2022-09-09 07:23:17', '2022-09-09 07:23:17'),
(956, 153, '954f215a-5c66-452a-98ec-14ecd9051d6f 2', '954f215a-5c66-452a-98ec-14ecd9051d6f 2.jpg', 'jpg', 'public', 856979, 1536, 2048, 'image/jpeg', 17, 17, '2022-09-09 07:23:18', '2022-09-09 07:23:18'),
(957, 153, '75277fee-7c0c-4015-b94f-78c9fd408328 2', '75277fee-7c0c-4015-b94f-78c9fd408328 2.jpg', 'jpg', 'public', 877004, 2048, 1536, 'image/jpeg', 17, 17, '2022-09-09 07:23:19', '2022-09-09 07:23:19'),
(958, 153, '402583af-ae50-4799-b0d0-849b5f45db66 2', '402583af-ae50-4799-b0d0-849b5f45db66 2.jpg', 'jpg', 'public', 909778, 1536, 2048, 'image/jpeg', 17, 17, '2022-09-09 07:23:21', '2022-09-09 07:23:21'),
(959, 153, '999982e3-b146-42e5-9858-8959e5f7599e 2', '999982e3-b146-42e5-9858-8959e5f7599e 2.jpg', 'jpg', 'public', 653091, 1536, 2048, 'image/jpeg', 17, 17, '2022-09-09 07:23:21', '2022-09-09 07:23:21'),
(960, 153, 'ae35dce2-1aea-4d29-a49c-88eb944f8200 2', 'ae35dce2-1aea-4d29-a49c-88eb944f8200 2.jpg', 'jpg', 'public', 796112, 1536, 2048, 'image/jpeg', 17, 17, '2022-09-09 07:23:22', '2022-09-09 07:23:22'),
(961, 153, 'f40304e1-cf6e-4a50-9457-32676d5235ea 2', 'f40304e1-cf6e-4a50-9457-32676d5235ea 2.jpg', 'jpg', 'public', 790021, 1536, 2048, 'image/jpeg', 17, 17, '2022-09-09 07:23:23', '2022-09-09 07:23:23'),
(962, 154, '相片 9-9-2022 下午9 46 43', '相片 9-9-2022 下午9 46 43.jpg', 'jpg', 'public', 983075, 2048, 1536, 'image/jpeg', 17, 17, '2022-09-13 07:34:13', '2022-09-13 07:34:13'),
(963, 154, '相片 9-9-2022 下午9 46 54', '相片 9-9-2022 下午9 46 54.jpg', 'jpg', 'public', 1045935, 2048, 1536, 'image/jpeg', 17, 17, '2022-09-13 07:34:14', '2022-09-13 07:34:14'),
(964, 154, '相片 9-9-2022 下午9 47 32', '相片 9-9-2022 下午9 47 32.jpg', 'jpg', 'public', 941977, 1536, 2048, 'image/jpeg', 17, 17, '2022-09-13 07:34:28', '2022-09-13 07:34:28'),
(965, 154, '相片 9-9-2022 下午9 48 02', '相片 9-9-2022 下午9 48 02.jpg', 'jpg', 'public', 1151189, 2048, 1536, 'image/jpeg', 17, 17, '2022-09-13 07:34:31', '2022-09-13 07:34:31'),
(966, 154, '相片 9-9-2022 下午9 48 23', '相片 9-9-2022 下午9 48 23.jpg', 'jpg', 'public', 1087367, 2048, 1536, 'image/jpeg', 17, 17, '2022-09-13 07:34:41', '2022-09-13 07:34:41'),
(967, 154, '相片 9-9-2022 下午9 48 46', '相片 9-9-2022 下午9 48 46.jpg', 'jpg', 'public', 1167472, 2048, 1536, 'image/jpeg', 17, 17, '2022-09-13 07:34:44', '2022-09-13 07:34:44'),
(968, 154, '相片 9-9-2022 下午9 49 07', '相片 9-9-2022 下午9 49 07.jpg', 'jpg', 'public', 738253, 1536, 2048, 'image/jpeg', 17, 17, '2022-09-13 07:34:49', '2022-09-13 07:34:49'),
(970, 155, '20220913_175025', '20220913_175025.jpg', 'jpg', 'public', 644247, 2048, 1536, 'image/jpeg', 17, 17, '2022-09-13 15:46:54', '2022-09-13 15:46:54'),
(972, 155, '20220913_174933', '20220913_174933.jpg', 'jpg', 'public', 630273, 2048, 1536, 'image/jpeg', 17, 17, '2022-09-13 15:47:36', '2022-09-13 15:47:36'),
(973, 155, '20220913_175103', '20220913_175103.jpg', 'jpg', 'public', 481174, 2048, 1536, 'image/jpeg', 17, 17, '2022-09-13 15:47:40', '2022-09-13 15:47:40'),
(974, 155, '20220913_175136', '20220913_175136.jpg', 'jpg', 'public', 576157, 2048, 1536, 'image/jpeg', 17, 17, '2022-09-13 15:47:58', '2022-09-13 15:47:58'),
(975, 155, '20220913_175321', '20220913_175321.jpg', 'jpg', 'public', 648653, 2048, 1536, 'image/jpeg', 17, 17, '2022-09-13 15:48:02', '2022-09-13 15:48:02'),
(976, 155, '20220913_175003', '20220913_175003.jpg', 'jpg', 'public', 570778, 2048, 1536, 'image/jpeg', 17, 17, '2022-09-13 16:16:25', '2022-09-13 16:16:25'),
(991, 157, '9bab91a7-0567-44ac-becd-be8edf0cde4d', '9bab91a7-0567-44ac-becd-be8edf0cde4d.JPG', 'JPG', 'public', 139726, 1600, 1200, 'image/jpeg', 17, 17, '2022-09-30 07:44:53', '2022-09-30 07:44:53'),
(992, 157, '15c239e5-a0a5-406a-b9cf-b079c1d8717e', '15c239e5-a0a5-406a-b9cf-b079c1d8717e.JPG', 'JPG', 'public', 207630, 1600, 1200, 'image/jpeg', 17, 17, '2022-09-30 07:44:53', '2022-09-30 07:44:53'),
(993, 157, '379b190d-83ba-4d79-89e1-ef12e3c3e6a1', '379b190d-83ba-4d79-89e1-ef12e3c3e6a1.JPG', 'JPG', 'public', 186544, 1600, 1200, 'image/jpeg', 17, 17, '2022-09-30 07:44:54', '2022-09-30 07:44:54'),
(994, 157, 'a76887f7-2853-457d-a8c8-1cdf201b4f5b', 'a76887f7-2853-457d-a8c8-1cdf201b4f5b.JPG', 'JPG', 'public', 159480, 1600, 1200, 'image/jpeg', 17, 17, '2022-09-30 07:44:54', '2022-09-30 07:44:54'),
(995, 157, 'bfcf9a67-1fa9-43d2-994d-2ea4f286c69d', 'bfcf9a67-1fa9-43d2-994d-2ea4f286c69d.JPG', 'JPG', 'public', 220414, 1600, 1200, 'image/jpeg', 17, 17, '2022-09-30 07:44:54', '2022-09-30 07:44:54'),
(996, 156, '0fb05b18-529f-4e53-b199-b0462b409f64', '0fb05b18-529f-4e53-b199-b0462b409f64.JPG', 'JPG', 'public', 127135, 1599, 1200, 'image/jpeg', 17, 17, '2022-09-30 07:45:04', '2022-09-30 07:45:04'),
(997, 156, '69b6706f-4e92-4263-ac60-01800edd0841', '69b6706f-4e92-4263-ac60-01800edd0841.JPG', 'JPG', 'public', 127450, 1599, 1200, 'image/jpeg', 17, 17, '2022-09-30 07:45:04', '2022-09-30 07:45:04'),
(998, 156, '75fdffaa-b165-4202-97c9-71546485504b', '75fdffaa-b165-4202-97c9-71546485504b.JPG', 'JPG', 'public', 119536, 1600, 1200, 'image/jpeg', 17, 17, '2022-09-30 07:45:05', '2022-09-30 07:45:05'),
(999, 156, '847dcab4-b101-4a67-b1b2-436eef3b00d0', '847dcab4-b101-4a67-b1b2-436eef3b00d0.JPG', 'JPG', 'public', 153205, 1599, 1200, 'image/jpeg', 17, 17, '2022-09-30 07:45:05', '2022-09-30 07:45:05'),
(1000, 156, '406716e1-c70c-48a7-9e5f-aedab67c4cbd', '406716e1-c70c-48a7-9e5f-aedab67c4cbd.JPG', 'JPG', 'public', 136951, 1200, 1600, 'image/jpeg', 17, 17, '2022-09-30 07:45:05', '2022-09-30 07:45:05'),
(1001, 156, 'abe4e0b3-078a-4701-b073-7256502021c6', 'abe4e0b3-078a-4701-b073-7256502021c6.JPG', 'JPG', 'public', 207409, 1600, 1200, 'image/jpeg', 17, 17, '2022-09-30 07:45:06', '2022-09-30 07:45:06'),
(1002, 156, 'c4bfc0b2-8dc6-462c-8ba5-e2acffee9c25', 'c4bfc0b2-8dc6-462c-8ba5-e2acffee9c25.JPG', 'JPG', 'public', 182786, 1600, 1200, 'image/jpeg', 17, 17, '2022-09-30 07:45:06', '2022-09-30 07:45:06'),
(1003, 156, 'c99fc67d-bb2a-411c-8645-a1081031629e', 'c99fc67d-bb2a-411c-8645-a1081031629e.JPG', 'JPG', 'public', 200617, 1600, 1200, 'image/jpeg', 17, 17, '2022-09-30 07:45:06', '2022-09-30 07:45:06'),
(1004, 156, 'd6c9c759-2dac-40aa-ae74-2571fba55683', 'd6c9c759-2dac-40aa-ae74-2571fba55683.JPG', 'JPG', 'public', 180114, 1599, 1200, 'image/jpeg', 17, 17, '2022-09-30 07:45:07', '2022-09-30 07:45:07'),
(1005, 158, 'Cover', 'Cover.JPG', 'JPG', 'public', 279465, 1702, 1276, 'image/jpeg', 17, 17, '2022-10-12 22:52:11', '2022-10-12 22:52:11'),
(1006, 158, 'IMG_8552', 'IMG_8552.JPG', 'JPG', 'public', 275217, 1702, 1276, 'image/jpeg', 17, 17, '2022-10-12 22:52:13', '2022-10-12 22:52:13'),
(1007, 158, 'IMG_8553', 'IMG_8553.JPG', 'JPG', 'public', 293366, 1702, 1276, 'image/jpeg', 17, 17, '2022-10-12 22:52:13', '2022-10-12 22:52:13'),
(1008, 158, 'IMG_8551', 'IMG_8551.JPG', 'JPG', 'public', 292078, 1702, 1276, 'image/jpeg', 17, 17, '2022-10-12 22:52:14', '2022-10-12 22:52:14'),
(1009, 159, 'BGI 191022_0002_resize', 'BGI 191022_0002_resize.JPG', 'JPG', 'public', 764837, 2048, 1363, 'image/jpeg', 17, 17, '2022-10-19 08:40:19', '2022-10-19 08:40:19'),
(1010, 159, 'BGI 191022_0024_resize', 'BGI 191022_0024_resize.JPG', 'JPG', 'public', 381490, 2048, 1363, 'image/jpeg', 17, 17, '2022-10-19 08:40:19', '2022-10-19 08:40:19'),
(1011, 159, 'BGI 191022_0006_resize', 'BGI 191022_0006_resize.JPG', 'JPG', 'public', 678305, 2048, 1363, 'image/jpeg', 17, 17, '2022-10-19 08:40:59', '2022-10-19 08:40:59'),
(1012, 159, 'BGI 191022_0004_resize', 'BGI 191022_0004_resize.JPG', 'JPG', 'public', 799309, 2048, 1363, 'image/jpeg', 17, 17, '2022-10-19 08:41:02', '2022-10-19 08:41:02'),
(1013, 159, 'BGI 191022_0009_resize', 'BGI 191022_0009_resize.JPG', 'JPG', 'public', 694416, 2048, 1363, 'image/jpeg', 17, 17, '2022-10-19 08:41:06', '2022-10-19 08:41:06'),
(1014, 159, 'BGI 191022_0023_resize', 'BGI 191022_0023_resize.JPG', 'JPG', 'public', 611428, 1363, 2048, 'image/jpeg', 17, 17, '2022-10-19 08:41:07', '2022-10-19 08:41:07'),
(1015, 159, 'BGI 191022_0037_resize', 'BGI 191022_0037_resize.JPG', 'JPG', 'public', 636562, 2048, 1363, 'image/jpeg', 17, 17, '2022-10-19 08:41:09', '2022-10-19 08:41:09'),
(1016, 159, 'BGI 191022_0058_resize', 'BGI 191022_0058_resize.JPG', 'JPG', 'public', 608368, 2048, 1363, 'image/jpeg', 17, 17, '2022-10-19 08:41:12', '2022-10-19 08:41:12'),
(1017, 160, '14ffac57-d592-4ed4-8bc0-a50f074f6ed2', '14ffac57-d592-4ed4-8bc0-a50f074f6ed2.JPG', 'JPG', 'public', 280963, 2048, 1536, 'image/jpeg', 17, 17, '2022-10-30 14:53:49', '2022-10-30 14:53:49'),
(1018, 160, '5ac578dd-8e5f-429a-8136-d661536b19f6', '5ac578dd-8e5f-429a-8136-d661536b19f6.JPG', 'JPG', 'public', 244290, 2048, 1536, 'image/jpeg', 17, 17, '2022-10-30 14:53:49', '2022-10-30 14:53:49'),
(1019, 160, '17c8f6c7-d2b5-4377-afa7-dc7b1be7cd0e', '17c8f6c7-d2b5-4377-afa7-dc7b1be7cd0e.JPG', 'JPG', 'public', 268386, 2048, 1536, 'image/jpeg', 17, 17, '2022-10-30 14:53:49', '2022-10-30 14:53:49'),
(1020, 160, '107e2391-cf9c-46d8-bcff-1b4568935c2a', '107e2391-cf9c-46d8-bcff-1b4568935c2a.JPG', 'JPG', 'public', 234175, 2048, 1536, 'image/jpeg', 17, 17, '2022-10-30 14:53:50', '2022-10-30 14:53:50'),
(1021, 160, '625e7a73-dbea-49a7-8a54-da675a825226', '625e7a73-dbea-49a7-8a54-da675a825226.JPG', 'JPG', 'public', 295764, 2048, 1536, 'image/jpeg', 17, 17, '2022-10-30 14:53:50', '2022-10-30 14:53:50'),
(1022, 160, 'a02e22ef-810d-4c25-a2aa-23e1fda52494', 'a02e22ef-810d-4c25-a2aa-23e1fda52494.JPG', 'JPG', 'public', 282021, 2048, 1536, 'image/jpeg', 17, 17, '2022-10-30 14:53:50', '2022-10-30 14:53:50'),
(1023, 160, 'f390f630-bc4b-46d4-bee7-795662a6ebfc', 'f390f630-bc4b-46d4-bee7-795662a6ebfc.JPG', 'JPG', 'public', 296334, 2048, 1536, 'image/jpeg', 17, 17, '2022-10-30 14:53:51', '2022-10-30 14:53:51'),
(1024, 161, 'Winner LinkedIn Best Stand 25-48 sqm 2022 - BRONZE', 'Winner LinkedIn Best Stand 25-48 sqm 2022 - BRONZE.png', 'png', 'public', 451389, 1667, 1535, 'image/png', 17, 17, '2022-10-30 15:11:56', '2022-10-30 15:11:56'),
(1025, 161, 'Winner LinkedIn Best Stand 49-100 sqm 2022 - SILVER', 'Winner LinkedIn Best Stand 49-100 sqm 2022 - SILVER.png', 'png', 'public', 450771, 1667, 1535, 'image/png', 17, 17, '2022-10-30 15:11:57', '2022-10-30 15:11:57'),
(1026, 161, 'DA000E72-0ADD-4DA1-8C3A-33CA03E7DF52', 'DA000E72-0ADD-4DA1-8C3A-33CA03E7DF52.png', 'png', 'public', 1379856, 1034, 1072, 'image/png', 17, 17, '2022-10-30 15:24:02', '2022-10-30 15:24:02'),
(1027, 162, '7f0cecf5-b2eb-431d-aae9-f61191924e8b', '7f0cecf5-b2eb-431d-aae9-f61191924e8b.JPG', 'JPG', 'public', 275323, 1600, 1200, 'image/jpeg', 17, 17, '2022-11-06 05:50:41', '2022-11-06 05:50:41'),
(1028, 162, '7bd4a9a0-f3bb-4909-9976-a04036964d0a', '7bd4a9a0-f3bb-4909-9976-a04036964d0a.JPG', 'JPG', 'public', 265739, 1600, 1200, 'image/jpeg', 17, 17, '2022-11-06 05:50:41', '2022-11-06 05:50:41'),
(1029, 162, '48b96c61-4dbf-4588-8d4c-2e14cb3ae8f8', '48b96c61-4dbf-4588-8d4c-2e14cb3ae8f8.JPG', 'JPG', 'public', 224307, 1200, 1600, 'image/jpeg', 17, 17, '2022-11-06 05:50:48', '2022-11-06 05:50:48'),
(1030, 162, '654c7639-0ab6-4cc5-ac03-d325edb89822', '654c7639-0ab6-4cc5-ac03-d325edb89822.JPG', 'JPG', 'public', 275705, 1200, 1600, 'image/jpeg', 17, 17, '2022-11-06 05:50:57', '2022-11-06 05:50:57'),
(1031, 163, 'ae337251-d474-4253-98db-9b1caa056f42', 'ae337251-d474-4253-98db-9b1caa056f42.JPG', 'JPG', 'public', 231293, 2048, 1536, 'image/jpeg', 17, 17, '2022-11-06 05:51:47', '2022-11-06 05:51:47'),
(1032, 163, 'ea79388e-082b-42b3-a3e7-d9f1f2ba4ee5', 'ea79388e-082b-42b3-a3e7-d9f1f2ba4ee5.JPG', 'JPG', 'public', 340070, 1512, 2016, 'image/jpeg', 17, 17, '2022-11-06 05:51:48', '2022-11-06 05:51:48'),
(1033, 163, '40be4202-bc27-4631-a25b-ab004cb37791', '40be4202-bc27-4631-a25b-ab004cb37791.JPG', 'JPG', 'public', 246218, 2016, 1512, 'image/jpeg', 17, 17, '2022-11-06 05:52:03', '2022-11-06 05:52:03'),
(1034, 163, '19f75e78-7e69-4068-a0e1-bb05dcc7ceae', '19f75e78-7e69-4068-a0e1-bb05dcc7ceae.JPG', 'JPG', 'public', 279184, 2048, 1536, 'image/jpeg', 17, 17, '2022-11-06 05:52:08', '2022-11-06 05:52:08'),
(1035, 163, '4cdeabf2-4f3c-4c27-899c-2e78dc6efd82', '4cdeabf2-4f3c-4c27-899c-2e78dc6efd82.JPG', 'JPG', 'public', 262194, 2016, 1512, 'image/jpeg', 17, 17, '2022-11-06 05:52:15', '2022-11-06 05:52:15'),
(1036, 162, '2e191195-f8a5-419c-b1fd-525e3e8c6eed', '2e191195-f8a5-419c-b1fd-525e3e8c6eed.JPG', 'JPG', 'public', 380225, 1200, 1600, 'image/jpeg', 17, 17, '2022-11-06 05:52:33', '2022-11-06 05:52:33'),
(1037, 164, 'IMG_5402', 'IMG_5402.jpg', 'jpg', 'public', 513869, 2048, 1365, 'image/jpeg', 17, 17, '2022-11-06 05:54:09', '2022-11-06 05:54:09'),
(1038, 164, 'IMG_5433', 'IMG_5433.jpg', 'jpg', 'public', 553769, 2048, 1365, 'image/jpeg', 17, 17, '2022-11-06 05:54:15', '2022-11-06 05:54:15'),
(1039, 164, 'R0000221', 'R0000221.jpg', 'jpg', 'public', 496266, 2048, 1365, 'image/jpeg', 17, 17, '2022-11-06 05:54:24', '2022-11-06 05:54:24'),
(1040, 164, 'IMG_5306', 'IMG_5306.jpg', 'jpg', 'public', 622283, 2048, 1365, 'image/jpeg', 17, 17, '2022-11-06 05:54:25', '2022-11-06 05:54:25'),
(1041, 164, 'IMG_5307', 'IMG_5307.jpg', 'jpg', 'public', 695346, 2048, 1365, 'image/jpeg', 17, 17, '2022-11-06 05:54:30', '2022-11-06 05:54:30'),
(1042, 165, 'IMG_5383', 'IMG_5383.jpg', 'jpg', 'public', 794718, 2048, 1365, 'image/jpeg', 17, 17, '2022-11-06 05:55:08', '2022-11-06 05:55:08'),
(1043, 165, 'IMG_5386', 'IMG_5386.jpg', 'jpg', 'public', 702942, 2048, 1365, 'image/jpeg', 17, 17, '2022-11-06 05:55:09', '2022-11-06 05:55:09'),
(1044, 165, 'IMG_5389', 'IMG_5389.jpg', 'jpg', 'public', 717460, 2048, 1365, 'image/jpeg', 17, 17, '2022-11-06 05:55:14', '2022-11-06 05:55:14'),
(1045, 165, 'IMG_5391', 'IMG_5391.jpg', 'jpg', 'public', 738230, 2048, 1365, 'image/jpeg', 17, 17, '2022-11-06 05:55:16', '2022-11-06 05:55:16'),
(1046, 165, 'IMG_5392', 'IMG_5392.jpg', 'jpg', 'public', 905345, 2048, 1365, 'image/jpeg', 17, 17, '2022-11-06 05:55:23', '2022-11-06 05:55:23'),
(1047, 165, 'IMG_5394', 'IMG_5394.jpg', 'jpg', 'public', 843658, 2048, 1365, 'image/jpeg', 17, 17, '2022-11-06 05:55:24', '2022-11-06 05:55:24'),
(1048, 166, 'IMG_5398', 'IMG_5398.jpg', 'jpg', 'public', 588150, 2048, 1365, 'image/jpeg', 17, 17, '2022-11-06 05:56:30', '2022-11-06 05:56:30'),
(1049, 166, 'IMG_5397', 'IMG_5397.jpg', 'jpg', 'public', 615508, 2048, 1365, 'image/jpeg', 17, 17, '2022-11-06 05:56:31', '2022-11-06 05:56:31'),
(1050, 166, 'IMG_5400', 'IMG_5400.jpg', 'jpg', 'public', 721015, 2048, 1365, 'image/jpeg', 17, 17, '2022-11-06 05:56:39', '2022-11-06 05:56:39'),
(1051, 166, 'IMG_5401', 'IMG_5401.jpg', 'jpg', 'public', 701161, 2048, 1365, 'image/jpeg', 17, 17, '2022-11-06 05:56:40', '2022-11-06 05:56:40'),
(1052, 166, 'IMG_5319', 'IMG_5319.jpg', 'jpg', 'public', 720137, 2048, 1365, 'image/jpeg', 17, 17, '2022-11-06 05:56:48', '2022-11-06 05:56:48'),
(1053, 166, 'R0000241', 'R0000241.jpg', 'jpg', 'public', 472438, 2048, 1365, 'image/jpeg', 17, 17, '2022-11-06 05:56:52', '2022-11-06 05:56:52'),
(1054, 166, 'IMG_5320', 'IMG_5320.jpg', 'jpg', 'public', 757232, 2048, 1365, 'image/jpeg', 17, 17, '2022-11-06 05:56:56', '2022-11-06 05:56:56'),
(1055, 166, 'IMG_5321', 'IMG_5321.jpg', 'jpg', 'public', 759877, 2048, 1365, 'image/jpeg', 17, 17, '2022-11-06 05:57:00', '2022-11-06 05:57:00'),
(1056, 166, 'IMG_5323', 'IMG_5323.jpg', 'jpg', 'public', 570550, 2048, 1365, 'image/jpeg', 17, 17, '2022-11-06 05:57:03', '2022-11-06 05:57:03'),
(1057, 167, 'IMG_5367', 'IMG_5367.jpg', 'jpg', 'public', 637771, 2048, 1365, 'image/jpeg', 17, 17, '2022-11-06 05:58:28', '2022-11-06 05:58:28'),
(1058, 167, 'IMG_5365', 'IMG_5365.jpg', 'jpg', 'public', 673476, 2048, 1365, 'image/jpeg', 17, 17, '2022-11-06 05:58:28', '2022-11-06 05:58:28'),
(1059, 167, 'IMG_5370', 'IMG_5370.jpg', 'jpg', 'public', 648343, 2048, 1365, 'image/jpeg', 17, 17, '2022-11-06 05:58:33', '2022-11-06 05:58:33'),
(1060, 167, 'IMG_5373', 'IMG_5373.jpg', 'jpg', 'public', 599038, 2048, 1365, 'image/jpeg', 17, 17, '2022-11-06 05:58:35', '2022-11-06 05:58:35'),
(1061, 167, 'IMG_5405', 'IMG_5405.jpg', 'jpg', 'public', 646477, 2048, 1365, 'image/jpeg', 17, 17, '2022-11-06 05:58:44', '2022-11-06 05:58:44'),
(1062, 167, 'IMG_5413', 'IMG_5413.jpg', 'jpg', 'public', 736949, 2048, 1365, 'image/jpeg', 17, 17, '2022-11-06 05:58:45', '2022-11-06 05:58:45'),
(1063, 169, 'Cover', 'Cover.jpg', 'jpg', 'public', 634259, 2048, 1365, 'image/jpeg', 17, 17, '2022-11-21 03:45:44', '2022-11-21 03:45:44'),
(1066, 169, 'IMG_5495', 'IMG_5495.jpg', 'jpg', 'public', 663910, 2048, 1365, 'image/jpeg', 17, 17, '2022-11-21 03:47:10', '2022-11-21 03:47:10'),
(1067, 169, 'IMG_5500', 'IMG_5500.jpg', 'jpg', 'public', 739333, 2048, 1365, 'image/jpeg', 17, 17, '2022-11-21 03:47:12', '2022-11-21 03:47:12'),
(1068, 169, 'IMG_5497', 'IMG_5497.jpg', 'jpg', 'public', 662816, 2048, 1365, 'image/jpeg', 17, 17, '2022-11-21 03:47:17', '2022-11-21 03:47:17'),
(1069, 169, 'IMG_5452', 'IMG_5452.jpg', 'jpg', 'public', 641174, 2048, 1365, 'image/jpeg', 17, 17, '2022-11-21 03:47:18', '2022-11-21 03:47:18'),
(1070, 172, 'Cover', 'Cover.jpg', 'jpg', 'public', 563613, 2048, 1365, 'image/jpeg', 17, 17, '2022-11-21 03:48:36', '2022-11-21 03:48:36'),
(1071, 172, 'IMG_5524', 'IMG_5524.jpg', 'jpg', 'public', 598449, 2048, 1365, 'image/jpeg', 17, 17, '2022-11-21 03:48:41', '2022-11-21 03:48:41'),
(1072, 172, 'IMG_5489', 'IMG_5489.jpg', 'jpg', 'public', 574706, 2048, 1365, 'image/jpeg', 17, 17, '2022-11-21 03:48:50', '2022-11-21 03:48:50'),
(1073, 172, 'R0000399', 'R0000399.jpg', 'jpg', 'public', 477062, 2048, 1365, 'image/jpeg', 17, 17, '2022-11-21 03:49:08', '2022-11-21 03:49:08'),
(1074, 173, 'Cover', 'Cover.jpg', 'jpg', 'public', 641937, 2048, 1365, 'image/jpeg', 17, 17, '2022-11-21 03:50:09', '2022-11-21 03:50:09'),
(1075, 173, 'IMG_5462', 'IMG_5462.jpg', 'jpg', 'public', 475286, 2048, 1365, 'image/jpeg', 17, 17, '2022-11-21 03:50:10', '2022-11-21 03:50:10'),
(1076, 173, 'IMG_5551', 'IMG_5551.jpg', 'jpg', 'public', 639857, 2048, 1365, 'image/jpeg', 17, 17, '2022-11-21 03:50:17', '2022-11-21 03:50:17'),
(1077, 174, 'Cover', 'Cover.jpg', 'jpg', 'public', 572541, 2048, 1365, 'image/jpeg', 17, 17, '2022-11-21 07:54:06', '2022-11-21 07:54:06'),
(1078, 174, '1', '1.jpg', 'jpg', 'public', 598630, 2048, 1365, 'image/jpeg', 17, 17, '2022-11-21 07:54:27', '2022-11-21 07:54:27'),
(1079, 174, '2', '2.jpg', 'jpg', 'public', 559043, 2048, 1365, 'image/jpeg', 17, 17, '2022-11-21 07:54:35', '2022-11-21 07:54:35'),
(1080, 174, '3', '3.jpg', 'jpg', 'public', 588199, 2048, 1365, 'image/jpeg', 17, 17, '2022-11-21 07:54:37', '2022-11-21 07:54:37'),
(1081, 175, 'Cover', 'Cover.JPG', 'JPG', 'public', 190362, 1599, 1200, 'image/jpeg', 17, 17, '2022-11-25 06:47:06', '2022-11-25 06:47:06'),
(1082, 175, '1', '1.JPG', 'JPG', 'public', 210294, 1600, 1200, 'image/jpeg', 17, 17, '2022-11-25 06:47:08', '2022-11-25 06:47:08'),
(1083, 175, '2', '2.JPG', 'JPG', 'public', 225577, 1600, 1200, 'image/jpeg', 17, 17, '2022-11-25 06:47:08', '2022-11-25 06:47:08'),
(1084, 175, '3', '3.JPG', 'JPG', 'public', 198167, 1200, 1600, 'image/jpeg', 17, 17, '2022-11-25 06:47:09', '2022-11-25 06:47:09'),
(1085, 176, 'Cover', 'Cover.jpg', 'jpg', 'public', 784979, 2048, 1536, 'image/jpeg', 17, 17, '2022-12-04 15:17:52', '2022-12-04 15:17:52'),
(1086, 176, '1', '1.jpg', 'jpg', 'public', 607506, 2048, 1536, 'image/jpeg', 17, 17, '2022-12-04 15:17:53', '2022-12-04 15:17:53'),
(1087, 176, '2', '2.jpg', 'jpg', 'public', 592010, 2048, 1536, 'image/jpeg', 17, 17, '2022-12-04 15:17:58', '2022-12-04 15:17:58'),
(1088, 176, '3', '3.jpg', 'jpg', 'public', 586897, 2048, 1536, 'image/jpeg', 17, 17, '2022-12-04 15:18:00', '2022-12-04 15:18:00'),
(1089, 176, '4', '4.jpg', 'jpg', 'public', 584866, 2048, 1536, 'image/jpeg', 17, 17, '2022-12-04 15:18:04', '2022-12-04 15:18:04'),
(1090, 176, '5', '5.jpg', 'jpg', 'public', 924889, 2048, 1536, 'image/jpeg', 17, 17, '2022-12-04 15:18:07', '2022-12-04 15:18:07'),
(1091, 179, 'Cover', 'Cover.JPG', 'JPG', 'public', 165068, 1599, 1200, 'image/jpeg', 17, 17, '2022-12-06 05:22:33', '2022-12-06 05:22:33'),
(1092, 179, '1', '1.JPG', 'JPG', 'public', 204260, 1600, 1200, 'image/jpeg', 17, 17, '2022-12-06 05:22:35', '2022-12-06 05:22:35'),
(1093, 179, '2', '2.JPG', 'JPG', 'public', 196480, 1599, 1200, 'image/jpeg', 17, 17, '2022-12-06 05:22:35', '2022-12-06 05:22:35'),
(1094, 179, '3', '3.JPG', 'JPG', 'public', 200491, 1600, 1200, 'image/jpeg', 17, 17, '2022-12-06 05:22:36', '2022-12-06 05:22:36'),
(1095, 6, 'pin-thailand2x', 'pin-thailand2x.png', 'png', 'public', 3456, 108, 146, 'image/png', 1, 1, '2022-12-07 03:02:46', '2022-12-07 03:02:46'),
(1096, 180, 'IMG_1647', 'IMG_1647.jpg', 'jpg', 'public', 692434, 1536, 2048, 'image/jpeg', 17, 17, '2022-12-20 08:01:33', '2022-12-20 08:01:33'),
(1097, 180, 'IMG_1642', 'IMG_1642.jpg', 'jpg', 'public', 872913, 2048, 1536, 'image/jpeg', 17, 17, '2022-12-20 08:01:34', '2022-12-20 08:01:34'),
(1098, 180, 'IMG_1640', 'IMG_1640.jpg', 'jpg', 'public', 916594, 2048, 1536, 'image/jpeg', 17, 17, '2022-12-20 08:01:44', '2022-12-20 08:01:44'),
(1099, 181, 'cover', 'cover.jpg', 'jpg', 'public', 730485, 2048, 1365, 'image/jpeg', 17, 17, '2023-02-03 06:03:50', '2023-02-03 06:03:50'),
(1100, 181, 'IMG_5587', 'IMG_5587.jpg', 'jpg', 'public', 536284, 2048, 1365, 'image/jpeg', 17, 17, '2023-02-03 06:03:58', '2023-02-03 06:03:58'),
(1101, 181, 'IMG_5577', 'IMG_5577.jpg', 'jpg', 'public', 355797, 2048, 1365, 'image/jpeg', 17, 17, '2023-02-03 06:04:00', '2023-02-03 06:04:00'),
(1102, 181, 'IMG_5606', 'IMG_5606.jpg', 'jpg', 'public', 681482, 2048, 1365, 'image/jpeg', 17, 17, '2023-02-03 06:04:07', '2023-02-03 06:04:07'),
(1103, 181, 'IMG_5596', 'IMG_5596.jpg', 'jpg', 'public', 691594, 2048, 1365, 'image/jpeg', 17, 17, '2023-02-03 06:04:10', '2023-02-03 06:04:10'),
(1104, 181, 'IMG_5594', 'IMG_5594.jpg', 'jpg', 'public', 530640, 2048, 1365, 'image/jpeg', 17, 17, '2023-02-03 06:04:26', '2023-02-03 06:04:26'),
(1105, 182, '6c879437-abf5-4045-9e7c-7358c46f3320', '6c879437-abf5-4045-9e7c-7358c46f3320.JPG', 'JPG', 'public', 95528, 1024, 768, 'image/jpeg', 17, 17, '2023-02-08 21:22:31', '2023-02-08 21:22:31'),
(1106, 182, '7b79616c-d014-489c-a9eb-b58c94e71930', '7b79616c-d014-489c-a9eb-b58c94e71930.JPG', 'JPG', 'public', 97694, 768, 1024, 'image/jpeg', 17, 17, '2023-02-08 21:22:31', '2023-02-08 21:22:31'),
(1107, 182, 'd83ebd5c-a2fa-4e40-86f9-7b2790438e46', 'd83ebd5c-a2fa-4e40-86f9-7b2790438e46.JPG', 'JPG', 'public', 90085, 1024, 768, 'image/jpeg', 17, 17, '2023-02-08 21:22:32', '2023-02-08 21:22:32'),
(1108, 182, 'a383aec7-bd26-4456-9555-a374c7d5dd5c', 'a383aec7-bd26-4456-9555-a374c7d5dd5c.JPG', 'JPG', 'public', 113182, 768, 1024, 'image/jpeg', 17, 17, '2023-02-08 21:22:32', '2023-02-08 21:22:32'),
(1109, 183, '88b7aac1-05f8-432c-8137-bbd5a8154b0a', '88b7aac1-05f8-432c-8137-bbd5a8154b0a.JPG', 'JPG', 'public', 131937, 900, 1600, 'image/jpeg', 17, 17, '2023-03-01 09:57:13', '2023-03-01 09:57:13'),
(1110, 183, '8770f11d-edbe-4732-a4d2-696a27cfcb94', '8770f11d-edbe-4732-a4d2-696a27cfcb94.JPG', 'JPG', 'public', 152132, 1600, 900, 'image/jpeg', 17, 17, '2023-03-01 09:57:13', '2023-03-01 09:57:13'),
(1111, 183, 'ab856932-5a5b-402f-b0f3-b269738ed5d7', 'ab856932-5a5b-402f-b0f3-b269738ed5d7.JPG', 'JPG', 'public', 135682, 900, 1600, 'image/jpeg', 17, 17, '2023-03-01 09:57:14', '2023-03-01 09:57:14'),
(1112, 183, 'b37481b5-7a4c-42a1-b6bd-24272c7cace3', 'b37481b5-7a4c-42a1-b6bd-24272c7cace3.JPG', 'JPG', 'public', 151798, 1600, 900, 'image/jpeg', 17, 17, '2023-03-01 09:57:14', '2023-03-01 09:57:14'),
(1113, 183, 'fb43322e-0938-4877-92c5-f6dc05e0da44', 'fb43322e-0938-4877-92c5-f6dc05e0da44.JPG', 'JPG', 'public', 140632, 900, 1600, 'image/jpeg', 17, 17, '2023-03-01 09:57:14', '2023-03-01 09:57:14'),
(1114, 184, 'Cover', 'Cover.jpg', 'jpg', 'public', 269731, 1600, 1200, 'image/jpeg', 17, 17, '2023-03-31 12:39:07', '2023-03-31 12:39:07'),
(1115, 184, '1', '1.jpg', 'jpg', 'public', 271086, 1600, 1200, 'image/jpeg', 17, 17, '2023-03-31 12:39:08', '2023-03-31 12:39:08'),
(1116, 184, '2', '2.jpg', 'jpg', 'public', 254216, 1600, 1200, 'image/jpeg', 17, 17, '2023-03-31 12:39:13', '2023-03-31 12:39:13'),
(1117, 184, 'Left', 'Left.jpg', 'jpg', 'public', 303110, 1600, 1200, 'image/jpeg', 17, 17, '2023-03-31 12:39:13', '2023-03-31 12:39:13'),
(1118, 185, 'Cover', 'Cover.jpg', 'jpg', 'public', 975707, 2048, 1536, 'image/jpeg', 17, 17, '2023-04-14 03:48:35', '2023-04-14 03:48:35'),
(1119, 185, 'IMG_4596', 'IMG_4596.jpg', 'jpg', 'public', 1144063, 2048, 1536, 'image/jpeg', 17, 17, '2023-04-14 03:48:36', '2023-04-14 03:48:36'),
(1120, 185, 'IMG_4597', 'IMG_4597.jpg', 'jpg', 'public', 836247, 2048, 1536, 'image/jpeg', 17, 17, '2023-04-14 03:48:40', '2023-04-14 03:48:40'),
(1121, 185, 'IMG_4598', 'IMG_4598.jpg', 'jpg', 'public', 574919, 1536, 2048, 'image/jpeg', 17, 17, '2023-04-14 03:48:42', '2023-04-14 03:48:42'),
(1122, 186, 'Cover', 'Cover.jpg', 'jpg', 'public', 659826, 2048, 1365, 'image/jpeg', 17, 17, '2023-05-11 05:41:26', '2023-05-11 05:41:26'),
(1123, 186, 'IMG_5723', 'IMG_5723.jpg', 'jpg', 'public', 640970, 2048, 1365, 'image/jpeg', 17, 17, '2023-05-11 05:41:32', '2023-05-11 05:41:32'),
(1124, 186, 'IMG_5726', 'IMG_5726.jpg', 'jpg', 'public', 601368, 2048, 1365, 'image/jpeg', 17, 17, '2023-05-11 05:41:41', '2023-05-11 05:41:41'),
(1125, 186, 'IMG_5648', 'IMG_5648.jpg', 'jpg', 'public', 644221, 2048, 1365, 'image/jpeg', 17, 17, '2023-05-11 05:42:23', '2023-05-11 05:42:23'),
(1126, 187, 'Cover', 'Cover.jpg', 'jpg', 'public', 730261, 2048, 1365, 'image/jpeg', 17, 17, '2023-05-11 05:43:09', '2023-05-11 05:43:09'),
(1127, 187, 'IMG_5669', 'IMG_5669.jpg', 'jpg', 'public', 976357, 2048, 1365, 'image/jpeg', 17, 17, '2023-05-11 05:43:28', '2023-05-11 05:43:28'),
(1128, 187, 'IMG_5681', 'IMG_5681.jpg', 'jpg', 'public', 673090, 2048, 1365, 'image/jpeg', 17, 17, '2023-05-11 05:43:33', '2023-05-11 05:43:33'),
(1129, 187, 'IMG_5669', 'IMG_5669-2.jpg', 'jpg', 'public', 976357, 2048, 1365, 'image/jpeg', 17, 17, '2023-05-11 05:43:39', '2023-05-11 05:43:39'),
(1130, 187, 'IMG_5683', 'IMG_5683.jpg', 'jpg', 'public', 874975, 2048, 1365, 'image/jpeg', 17, 17, '2023-05-11 05:44:06', '2023-05-11 05:44:06'),
(1131, 187, 'IMG_5658', 'IMG_5658.jpg', 'jpg', 'public', 915819, 2048, 1365, 'image/jpeg', 17, 17, '2023-05-11 05:44:09', '2023-05-11 05:44:09'),
(1132, 188, 'IMG_5685', 'IMG_5685.jpg', 'jpg', 'public', 633929, 2048, 1365, 'image/jpeg', 17, 17, '2023-05-11 05:45:32', '2023-05-11 05:45:32'),
(1133, 188, 'IMG_5687', 'IMG_5687.jpg', 'jpg', 'public', 700462, 2048, 1365, 'image/jpeg', 17, 17, '2023-05-11 05:45:34', '2023-05-11 05:45:34'),
(1134, 188, 'IMG_5626', 'IMG_5626.jpg', 'jpg', 'public', 677302, 2048, 1365, 'image/jpeg', 17, 17, '2023-05-11 05:45:37', '2023-05-11 05:45:37'),
(1136, 189, 'IMG_5713', 'IMG_5713.jpg', 'jpg', 'public', 625198, 2048, 1365, 'image/jpeg', 17, 17, '2023-05-11 05:46:13', '2023-05-11 05:46:13'),
(1137, 189, 'IMG_5711', 'IMG_5711.jpg', 'jpg', 'public', 625328, 2048, 1365, 'image/jpeg', 17, 17, '2023-05-11 05:46:16', '2023-05-11 05:46:16'),
(1138, 189, 'Back', 'Back.jpg', 'jpg', 'public', 663267, 2048, 1365, 'image/jpeg', 17, 17, '2023-05-11 05:46:40', '2023-05-11 05:46:40'),
(1139, 189, 'Cover', 'Cover.jpg', 'jpg', 'public', 777970, 2048, 1365, 'image/jpeg', 17, 17, '2023-05-11 05:46:45', '2023-05-11 05:46:45'),
(1140, 190, 'Cover', 'Cover.JPG', 'JPG', 'public', 679094, 2048, 956, 'image/jpeg', 17, 17, '2023-05-30 11:10:03', '2023-05-30 11:10:03'),
(1141, 190, '2', '2.JPG', 'JPG', 'public', 647366, 2048, 956, 'image/jpeg', 17, 17, '2023-05-30 11:10:04', '2023-05-30 11:10:04'),
(1142, 190, '1', '1.JPG', 'JPG', 'public', 687624, 2048, 956, 'image/jpeg', 17, 17, '2023-05-30 11:10:08', '2023-05-30 11:10:08'),
(1143, 190, '3', '3.JPG', 'JPG', 'public', 601110, 2048, 956, 'image/jpeg', 17, 17, '2023-05-30 11:10:09', '2023-05-30 11:10:09'),
(1144, 190, '4', '4.JPG', 'JPG', 'public', 532462, 2048, 956, 'image/jpeg', 17, 17, '2023-05-30 11:10:11', '2023-05-30 11:10:11'),
(1145, 191, 'Cover', 'Cover.jpg', 'jpg', 'public', 736492, 2048, 1365, 'image/jpeg', 17, 17, '2023-06-02 15:33:54', '2023-06-02 15:33:54'),
(1146, 191, '2', '2.jpg', 'jpg', 'public', 753506, 2048, 1365, 'image/jpeg', 17, 17, '2023-06-02 15:34:16', '2023-06-02 15:34:16'),
(1147, 191, '1', '1.jpg', 'jpg', 'public', 727835, 2048, 1365, 'image/jpeg', 17, 17, '2023-06-02 15:34:17', '2023-06-02 15:34:17'),
(1148, 191, '5', '5.jpg', 'jpg', 'public', 826711, 2048, 1365, 'image/jpeg', 17, 17, '2023-06-02 15:34:29', '2023-06-02 15:34:29'),
(1149, 191, '3', '3.jpg', 'jpg', 'public', 720505, 2048, 1365, 'image/jpeg', 17, 17, '2023-06-02 15:34:31', '2023-06-02 15:34:31'),
(1150, 191, '6', '6.jpg', 'jpg', 'public', 839021, 2048, 1365, 'image/jpeg', 17, 17, '2023-06-02 15:34:38', '2023-06-02 15:34:38'),
(1151, 192, 'IMG_5822', 'IMG_5822.jpg', 'jpg', 'public', 817601, 2048, 1365, 'image/jpeg', 17, 17, '2023-06-12 13:51:56', '2023-06-12 13:51:56'),
(1152, 192, 'IMG_5820', 'IMG_5820.jpg', 'jpg', 'public', 800410, 2048, 1365, 'image/jpeg', 17, 17, '2023-06-12 13:51:56', '2023-06-12 13:51:56'),
(1153, 192, 'Cover', 'Cover.jpg', 'jpg', 'public', 765960, 2048, 1365, 'image/jpeg', 17, 17, '2023-06-12 13:52:08', '2023-06-12 13:52:08'),
(1154, 192, 'IMG_5804', 'IMG_5804.jpg', 'jpg', 'public', 608130, 2048, 1365, 'image/jpeg', 17, 17, '2023-06-12 13:52:08', '2023-06-12 13:52:08'),
(1155, 193, '7bf142985fedcc605ebe3f4a7af4738f', '7bf142985fedcc605ebe3f4a7af4738f.JPG', 'JPG', 'public', 1132861, 2048, 1536, 'image/jpeg', 17, 17, '2023-07-25 08:04:39', '2023-07-25 08:04:39'),
(1156, 193, '8f29b9701283a579ed86f4f5d6e1e3a0', '8f29b9701283a579ed86f4f5d6e1e3a0.JPG', 'JPG', 'public', 1198904, 2048, 1536, 'image/jpeg', 17, 17, '2023-07-25 08:04:40', '2023-07-25 08:04:40'),
(1157, 193, 'ac6342f8bd2b00762b1f343b73a7f4f9', 'ac6342f8bd2b00762b1f343b73a7f4f9.JPG', 'JPG', 'public', 1261940, 2048, 1536, 'image/jpeg', 17, 17, '2023-07-25 08:04:44', '2023-07-25 08:04:44'),
(1158, 193, 'e7042b7fc09f78d6390393c40daf02cb', 'e7042b7fc09f78d6390393c40daf02cb.JPG', 'JPG', 'public', 1513252, 2048, 1536, 'image/jpeg', 17, 17, '2023-07-25 08:04:45', '2023-07-25 08:04:45'),
(1159, 194, '49340026b5a06c04df1b8fc28016a00f', '49340026b5a06c04df1b8fc28016a00f.JPG', 'JPG', 'public', 791468, 2048, 1536, 'image/jpeg', 17, 17, '2023-07-25 08:05:26', '2023-07-25 08:05:26'),
(1160, 194, '98d12f79862904492070ef7b333648ec', '98d12f79862904492070ef7b333648ec.JPG', 'JPG', 'public', 852317, 2048, 1536, 'image/jpeg', 17, 17, '2023-07-25 08:05:26', '2023-07-25 08:05:26'),
(1161, 194, 'ce176cf2920ed8f5b02e7cdc2a7fe18e', 'ce176cf2920ed8f5b02e7cdc2a7fe18e.JPG', 'JPG', 'public', 876139, 2048, 1536, 'image/jpeg', 17, 17, '2023-07-25 08:05:29', '2023-07-25 08:05:29'),
(1162, 195, ' CPI at AGE 23-13', ' CPI at AGE 23-13.jpg', 'jpg', 'public', 739679, 2048, 1366, 'image/jpeg', 17, 17, '2023-08-17 23:48:13', '2023-08-17 23:48:13'),
(1163, 195, ' CPI at AGE 23-8', ' CPI at AGE 23-8.jpg', 'jpg', 'public', 834004, 2048, 1366, 'image/jpeg', 17, 17, '2023-08-17 23:48:27', '2023-08-17 23:48:27'),
(1164, 195, ' CPI at AGE 23-9', ' CPI at AGE 23-9.jpg', 'jpg', 'public', 842637, 2048, 1366, 'image/jpeg', 17, 17, '2023-08-17 23:48:40', '2023-08-17 23:48:40'),
(1165, 196, 'Cover', 'Cover.JPG', 'JPG', 'public', 517470, 2048, 1365, 'image/jpeg', 17, 17, '2023-09-08 01:21:39', '2023-09-08 01:21:39'),
(1166, 196, 'IMG_5880', 'IMG_5880.JPG', 'JPG', 'public', 724381, 2048, 1365, 'image/jpeg', 17, 17, '2023-09-08 01:21:43', '2023-09-08 01:21:43'),
(1167, 196, 'IMG_5879', 'IMG_5879.JPG', 'JPG', 'public', 529489, 2048, 1365, 'image/jpeg', 17, 17, '2023-09-08 01:21:47', '2023-09-08 01:21:47'),
(1168, 197, 'IMG_5904', 'IMG_5904.JPG', 'JPG', 'public', 800009, 2048, 1365, 'image/jpeg', 17, 17, '2023-09-08 01:22:37', '2023-09-08 01:22:37'),
(1169, 197, 'IMG_5902', 'IMG_5902.JPG', 'JPG', 'public', 745857, 2048, 1365, 'image/jpeg', 17, 17, '2023-09-08 01:22:39', '2023-09-08 01:22:39'),
(1170, 197, 'IMG_5905', 'IMG_5905.JPG', 'JPG', 'public', 689398, 2048, 1365, 'image/jpeg', 17, 17, '2023-09-08 01:22:46', '2023-09-08 01:22:46'),
(1171, 198, 'IMG_5917', 'IMG_5917.JPG', 'JPG', 'public', 586050, 2048, 1365, 'image/jpeg', 17, 17, '2023-09-08 01:24:22', '2023-09-08 01:24:22'),
(1172, 198, 'IMG_5918', 'IMG_5918.JPG', 'JPG', 'public', 716829, 2048, 1365, 'image/jpeg', 17, 17, '2023-09-08 01:24:22', '2023-09-08 01:24:22'),
(1173, 198, 'IMG_5911', 'IMG_5911.JPG', 'JPG', 'public', 585307, 2048, 1365, 'image/jpeg', 17, 17, '2023-09-08 01:24:32', '2023-09-08 01:24:32'),
(1174, 198, 'IMG_5909', 'IMG_5909.JPG', 'JPG', 'public', 639946, 2048, 1365, 'image/jpeg', 17, 17, '2023-09-08 01:24:33', '2023-09-08 01:24:33'),
(1175, 198, 'IMG_5916', 'IMG_5916.JPG', 'JPG', 'public', 698913, 2048, 1365, 'image/jpeg', 17, 17, '2023-09-08 01:24:43', '2023-09-08 01:24:43'),
(1176, 198, 'IMG_5914', 'IMG_5914.JPG', 'JPG', 'public', 772599, 2048, 1365, 'image/jpeg', 17, 17, '2023-09-08 01:24:44', '2023-09-08 01:24:44'),
(1177, 199, 'IMG_5897', 'IMG_5897.JPG', 'JPG', 'public', 931253, 2048, 1365, 'image/jpeg', 17, 17, '2023-09-08 01:25:33', '2023-09-08 01:25:33'),
(1178, 199, 'IMG_5898', 'IMG_5898.JPG', 'JPG', 'public', 758574, 2048, 1365, 'image/jpeg', 17, 17, '2023-09-08 01:25:34', '2023-09-08 01:25:34'),
(1179, 199, 'IMG_5899', 'IMG_5899.JPG', 'JPG', 'public', 827903, 2048, 1365, 'image/jpeg', 17, 17, '2023-09-08 01:25:43', '2023-09-08 01:25:43'),
(1180, 199, 'IMG_5901', 'IMG_5901.JPG', 'JPG', 'public', 818910, 2048, 1365, 'image/jpeg', 17, 17, '2023-09-08 01:25:45', '2023-09-08 01:25:45'),
(1181, 200, 'IMG_5893', 'IMG_5893.JPG', 'JPG', 'public', 529800, 2048, 1365, 'image/jpeg', 17, 17, '2023-09-08 01:26:18', '2023-09-08 01:26:18'),
(1182, 200, 'IMG_5892', 'IMG_5892.JPG', 'JPG', 'public', 626308, 2048, 1365, 'image/jpeg', 17, 17, '2023-09-08 01:26:20', '2023-09-08 01:26:20'),
(1183, 200, 'IMG_5894', 'IMG_5894.JPG', 'JPG', 'public', 595773, 2048, 1365, 'image/jpeg', 17, 17, '2023-09-08 01:26:27', '2023-09-08 01:26:27'),
(1184, 200, 'IMG_5895', 'IMG_5895.JPG', 'JPG', 'public', 627079, 2048, 1365, 'image/jpeg', 17, 17, '2023-09-08 01:26:29', '2023-09-08 01:26:29'),
(1185, 201, 'b7ed51a60a16e5f0cd78dc1badfc0d2d', 'b7ed51a60a16e5f0cd78dc1badfc0d2d.JPG', 'JPG', 'public', 342100, 2048, 1448, 'image/jpeg', 17, 17, '2023-10-20 05:26:45', '2023-10-20 05:26:45'),
(1186, 202, '19d8d479be0cd7cd4890c7629575a0a6', '19d8d479be0cd7cd4890c7629575a0a6.JPG', 'JPG', 'public', 995626, 2048, 1632, 'image/jpeg', 17, 17, '2023-11-20 07:41:19', '2023-11-20 07:41:19'),
(1187, 202, '6ea4449045c57bd1ea6a7d648e2070a3', '6ea4449045c57bd1ea6a7d648e2070a3.JPG', 'JPG', 'public', 648713, 2048, 956, 'image/jpeg', 17, 17, '2023-11-20 07:41:22', '2023-11-20 07:41:22'),
(1188, 202, '84fde1e38c4dea4e1aa02a2de3148253', '84fde1e38c4dea4e1aa02a2de3148253.JPG', 'JPG', 'public', 859892, 1186, 2048, 'image/jpeg', 17, 17, '2023-11-20 07:41:31', '2023-11-20 07:41:31'),
(1189, 202, '530d55bbaaeedf934c944fde79903739', '530d55bbaaeedf934c944fde79903739.JPG', 'JPG', 'public', 718314, 1263, 2048, 'image/jpeg', 17, 17, '2023-11-20 07:41:32', '2023-11-20 07:41:32'),
(1190, 202, 'f5e8d141c8d916b9f7355f26b99f7060', 'f5e8d141c8d916b9f7355f26b99f7060.JPG', 'JPG', 'public', 737723, 2048, 956, 'image/jpeg', 17, 17, '2023-11-20 07:41:41', '2023-11-20 07:41:41'),
(1191, 202, '7182f617-598a-4c12-820f-f5298cad4916', '7182f617-598a-4c12-820f-f5298cad4916.JPG', 'JPG', 'public', 453371, 1600, 1200, 'image/jpeg', 17, 17, '2023-11-20 07:43:39', '2023-11-20 07:43:39'),
(1192, 202, '0f7cf9d08cb982e2ccdb2764637d7d3e', '0f7cf9d08cb982e2ccdb2764637d7d3e.JPG', 'JPG', 'public', 706221, 956, 2048, 'image/jpeg', 17, 17, '2023-11-20 07:43:46', '2023-11-20 07:43:46'),
(1193, 203, '10bba21835d6885dcc05640406c3abe7', '10bba21835d6885dcc05640406c3abe7.JPG', 'JPG', 'public', 485089, 1840, 1280, 'image/jpeg', 17, 17, '2023-11-20 07:48:25', '2023-11-20 07:48:25'),
(1194, 203, '3e94edd3629c35423fb25be1e8edfbbe', '3e94edd3629c35423fb25be1e8edfbbe.JPG', 'JPG', 'public', 545232, 2048, 957, 'image/jpeg', 17, 17, '2023-11-20 07:48:27', '2023-11-20 07:48:27'),
(1195, 203, '511c56734dcf98939cbf5487d5bb3652', '511c56734dcf98939cbf5487d5bb3652.JPG', 'JPG', 'public', 570496, 1814, 1280, 'image/jpeg', 17, 17, '2023-11-20 07:48:29', '2023-11-20 07:48:29'),
(1196, 203, 'be98329699b7dfd7bcd6814fb362145e', 'be98329699b7dfd7bcd6814fb362145e.JPG', 'JPG', 'public', 523320, 2048, 1265, 'image/jpeg', 17, 17, '2023-11-20 07:48:32', '2023-11-20 07:48:32'),
(1197, 204, 'b786833b4f4b3fbb3a7ccb568966f9f3', 'b786833b4f4b3fbb3a7ccb568966f9f3.JPG', 'JPG', 'public', 744182, 2048, 956, 'image/jpeg', 17, 17, '2023-11-26 01:12:16', '2023-11-26 01:12:16'),
(1198, 204, '52bfff33799dd5d154af36fed4a09eff', '52bfff33799dd5d154af36fed4a09eff.JPG', 'JPG', 'public', 828492, 2048, 1152, 'image/jpeg', 17, 17, '2023-11-26 01:12:36', '2023-11-26 01:12:36'),
(1199, 204, '35ef54d88b8b3e6eee03cdd2405d794f', '35ef54d88b8b3e6eee03cdd2405d794f.JPG', 'JPG', 'public', 923817, 2048, 1152, 'image/jpeg', 17, 17, '2023-11-26 01:12:37', '2023-11-26 01:12:37'),
(1200, 204, 'bca2fd42052a345d8ae407c8f6cb6c1e', 'bca2fd42052a345d8ae407c8f6cb6c1e.JPG', 'JPG', 'public', 955152, 1536, 2048, 'image/jpeg', 17, 17, '2023-11-26 01:12:42', '2023-11-26 01:12:42'),
(1201, 205, 'c67393d7f09c026f7f6073f5d04146c7', 'c67393d7f09c026f7f6073f5d04146c7.JPG', 'JPG', 'public', 584304, 2048, 1536, 'image/jpeg', 17, 17, '2023-11-26 03:33:54', '2023-11-26 03:33:54'),
(1202, 205, '1298721054c4903c56689fd4efac6c05', '1298721054c4903c56689fd4efac6c05.JPG', 'JPG', 'public', 640938, 2048, 1536, 'image/jpeg', 17, 17, '2023-11-26 03:33:56', '2023-11-26 03:33:56'),
(1203, 205, 'f229b9ced93b689838899593b0924705', 'f229b9ced93b689838899593b0924705.JPG', 'JPG', 'public', 562294, 2048, 1536, 'image/jpeg', 17, 17, '2023-11-26 03:34:01', '2023-11-26 03:34:01'),
(1204, 205, 'e3ee7ce912606888baae9cb607719234', 'e3ee7ce912606888baae9cb607719234.JPG', 'JPG', 'public', 449286, 2048, 1536, 'image/jpeg', 17, 17, '2023-11-26 03:34:01', '2023-11-26 03:34:01'),
(1205, 205, '8decf91f7129f1854a47425e138c581a', '8decf91f7129f1854a47425e138c581a.JPG', 'JPG', 'public', 398981, 2048, 1536, 'image/jpeg', 17, 17, '2023-11-26 03:34:05', '2023-11-26 03:34:05'),
(1206, 205, '0cbf2bcc85419c4795d2fcaf5acbbf6e', '0cbf2bcc85419c4795d2fcaf5acbbf6e.JPG', 'JPG', 'public', 444279, 2048, 1536, 'image/jpeg', 17, 17, '2023-11-26 03:34:06', '2023-11-26 03:34:06'),
(1207, 206, 'IMG_1125', 'IMG_1125.JPG', 'JPG', 'public', 929270, 2048, 1536, 'image/jpeg', 17, 17, '2023-11-26 03:38:50', '2023-11-26 03:38:50'),
(1208, 206, 'IMG_1124', 'IMG_1124.JPG', 'JPG', 'public', 635950, 2048, 1536, 'image/jpeg', 17, 17, '2023-11-26 03:38:54', '2023-11-26 03:38:54'),
(1209, 206, 'IMG_1126', 'IMG_1126.JPG', 'JPG', 'public', 972089, 2048, 1536, 'image/jpeg', 17, 17, '2023-11-26 03:39:00', '2023-11-26 03:39:00'),
(1210, 206, 'IMG_1128', 'IMG_1128.JPG', 'JPG', 'public', 678867, 2048, 1536, 'image/jpeg', 17, 17, '2023-11-26 03:39:02', '2023-11-26 03:39:02'),
(1211, 206, 'IMG_1130', 'IMG_1130.JPG', 'JPG', 'public', 795044, 2048, 1536, 'image/jpeg', 17, 17, '2023-11-26 03:39:09', '2023-11-26 03:39:09'),
(1212, 207, 'IMG_1114', 'IMG_1114.JPG', 'JPG', 'public', 732654, 2048, 1536, 'image/jpeg', 17, 17, '2023-11-26 03:43:25', '2023-11-26 03:43:25'),
(1213, 207, 'IMG_1117', 'IMG_1117.JPG', 'JPG', 'public', 915635, 2048, 1536, 'image/jpeg', 17, 17, '2023-11-26 03:43:27', '2023-11-26 03:43:27'),
(1214, 208, '336585dc47c5820d8b391dae49548f7a', '336585dc47c5820d8b391dae49548f7a.jpg', 'jpg', 'public', 707840, 2048, 1536, 'image/jpeg', 17, 17, '2024-01-05 12:02:58', '2024-01-05 12:02:58'),
(1215, 208, 'c0bf4a370728ebe5fdd02ff3e0c84800', 'c0bf4a370728ebe5fdd02ff3e0c84800.jpg', 'jpg', 'public', 837629, 2048, 1536, 'image/jpeg', 17, 17, '2024-01-05 12:02:58', '2024-01-05 12:02:58'),
(1216, 208, '38589fd8f454dff5509353adf9c102fa', '38589fd8f454dff5509353adf9c102fa.jpg', 'jpg', 'public', 884749, 2048, 1536, 'image/jpeg', 17, 17, '2024-01-05 12:03:06', '2024-01-05 12:03:06'),
(1217, 208, 'a59dbf2e7d69fad76b1edd5d0bf0d7d2', 'a59dbf2e7d69fad76b1edd5d0bf0d7d2.jpg', 'jpg', 'public', 925713, 2048, 1813, 'image/jpeg', 17, 17, '2024-01-05 12:03:06', '2024-01-05 12:03:06'),
(1218, 6, 'pin-argentina-2x', 'pin-argentina-2x.png', 'png', 'public', 4871, 107, 146, 'image/png', 15, 15, '2024-01-08 04:41:03', '2024-01-08 04:41:03'),
(1219, 209, 'IMG_3693', 'IMG_3693.JPG', 'JPG', 'public', 1046100, 2048, 1536, 'image/jpeg', 17, 17, '2024-02-01 11:00:07', '2024-02-01 11:00:07'),
(1220, 209, 'IMG_3691', 'IMG_3691.JPG', 'JPG', 'public', 1117688, 2048, 1536, 'image/jpeg', 17, 17, '2024-02-01 11:00:09', '2024-02-01 11:00:09'),
(1221, 209, 'IMG_3692', 'IMG_3692.JPG', 'JPG', 'public', 1114837, 2048, 1536, 'image/jpeg', 17, 17, '2024-02-01 11:00:34', '2024-02-01 11:00:34'),
(1222, 210, 'af2f87f8d82b762dad21e6e29c37abf5', 'af2f87f8d82b762dad21e6e29c37abf5.JPG', 'JPG', 'public', 568194, 2048, 1536, 'image/jpeg', 17, 17, '2024-03-28 13:34:55', '2024-03-28 13:34:55'),
(1223, 210, '624e13e48e6b72adbd613c11a8a47710', '624e13e48e6b72adbd613c11a8a47710.JPG', 'JPG', 'public', 817599, 2048, 1536, 'image/jpeg', 17, 17, '2024-03-28 13:34:56', '2024-03-28 13:34:56'),
(1224, 210, '2de5117fa9c59d40c25fa3ee55af6c3a', '2de5117fa9c59d40c25fa3ee55af6c3a.JPG', 'JPG', 'public', 849129, 2048, 1536, 'image/jpeg', 17, 17, '2024-03-28 13:35:02', '2024-03-28 13:35:02'),
(1225, 210, '7bd038be1d10168f1a82fcd0763f9920', '7bd038be1d10168f1a82fcd0763f9920.JPG', 'JPG', 'public', 856812, 2048, 1536, 'image/jpeg', 17, 17, '2024-03-28 13:35:03', '2024-03-28 13:35:03'),
(1226, 210, '9be413b9950a128f5e20e7022e7628dd', '9be413b9950a128f5e20e7022e7628dd.JPG', 'JPG', 'public', 824296, 2048, 1536, 'image/jpeg', 17, 17, '2024-03-28 13:35:09', '2024-03-28 13:35:09'),
(1227, 211, 'fe55009b-251f-4d33-b737-378c01326d03', 'fe55009b-251f-4d33-b737-378c01326d03.JPG', 'JPG', 'public', 825499, 1600, 1200, 'image/jpeg', 17, 17, '2024-04-26 07:20:36', '2024-04-26 07:20:36'),
(1228, 211, 'e3c40572-15d0-47f7-9604-827cf71fdb49', 'e3c40572-15d0-47f7-9604-827cf71fdb49.JPG', 'JPG', 'public', 1167681, 1600, 1200, 'image/jpeg', 17, 17, '2024-04-26 07:20:37', '2024-04-26 07:20:37'),
(1229, 212, 'DSC_0206', 'DSC_0206.jpg', 'jpg', 'public', 814097, 2048, 1460, 'image/jpeg', 17, 17, '2024-06-07 05:06:57', '2024-06-07 05:06:57'),
(1230, 212, 'DSC_0209', 'DSC_0209.jpg', 'jpg', 'public', 788398, 2048, 1365, 'image/jpeg', 17, 17, '2024-06-07 05:06:57', '2024-06-07 05:06:57'),
(1231, 212, 'DSC_0212', 'DSC_0212.jpg', 'jpg', 'public', 666960, 2048, 1365, 'image/jpeg', 17, 17, '2024-06-07 05:07:03', '2024-06-07 05:07:03'),
(1232, 213, 'DSC_0197', 'DSC_0197.jpg', 'jpg', 'public', 830442, 2048, 1365, 'image/jpeg', 17, 17, '2024-06-07 05:12:13', '2024-06-07 05:12:13'),
(1233, 213, 'DSC_0198', 'DSC_0198.jpg', 'jpg', 'public', 836408, 2048, 1365, 'image/jpeg', 17, 17, '2024-06-07 05:12:18', '2024-06-07 05:12:17'),
(1234, 213, 'DSC_0182', 'DSC_0182.jpg', 'jpg', 'public', 694443, 2048, 1365, 'image/jpeg', 17, 17, '2024-06-07 05:12:25', '2024-06-07 05:12:25'),
(1235, 213, 'DSC_0181', 'DSC_0181.jpg', 'jpg', 'public', 693886, 2048, 1365, 'image/jpeg', 17, 17, '2024-06-07 05:12:26', '2024-06-07 05:12:26'),
(1236, 214, 'DSC_0287', 'DSC_0287.jpg', 'jpg', 'public', 906282, 2048, 1365, 'image/jpeg', 17, 17, '2024-06-07 05:14:35', '2024-06-07 05:14:35'),
(1237, 214, 'DSC_0285', 'DSC_0285.jpg', 'jpg', 'public', 711252, 2048, 1365, 'image/jpeg', 17, 17, '2024-06-07 05:14:35', '2024-06-07 05:14:35');
INSERT INTO `media` (`id`, `folder_id`, `title`, `file_name`, `extension`, `disk`, `size`, `width`, `height`, `mime_type`, `created_by`, `updated_by`, `created_at`, `updated_at`) VALUES
(1238, 214, 'DSC_0289', 'DSC_0289.jpg', 'jpg', 'public', 622778, 2048, 1365, 'image/jpeg', 17, 17, '2024-06-07 05:14:41', '2024-06-07 05:14:41'),
(1239, 214, 'DSC_0291', 'DSC_0291.jpg', 'jpg', 'public', 745120, 2048, 1365, 'image/jpeg', 17, 17, '2024-06-07 05:14:42', '2024-06-07 05:14:42'),
(1240, 215, 'DSC_0275', 'DSC_0275.jpg', 'jpg', 'public', 697060, 2048, 1365, 'image/jpeg', 17, 17, '2024-06-07 05:16:32', '2024-06-07 05:16:32'),
(1241, 215, 'DSC_0274', 'DSC_0274.jpg', 'jpg', 'public', 642148, 2048, 1365, 'image/jpeg', 17, 17, '2024-06-07 05:16:32', '2024-06-07 05:16:32'),
(1242, 215, 'DSC_0276', 'DSC_0276.jpg', 'jpg', 'public', 683844, 2048, 1365, 'image/jpeg', 17, 17, '2024-06-07 05:16:38', '2024-06-07 05:16:38'),
(1243, 216, 'DSC_0297', 'DSC_0297.JPG', 'JPG', 'public', 754742, 2048, 1365, 'image/jpeg', 17, 17, '2024-06-07 05:20:09', '2024-06-07 05:20:09'),
(1244, 216, 'DSC_0298', 'DSC_0298.JPG', 'JPG', 'public', 844390, 2048, 1365, 'image/jpeg', 17, 17, '2024-06-07 05:20:09', '2024-06-07 05:20:09'),
(1245, 216, 'DSC_0300', 'DSC_0300.JPG', 'JPG', 'public', 839038, 2048, 1365, 'image/jpeg', 17, 17, '2024-06-07 05:20:21', '2024-06-07 05:20:21'),
(1246, 217, '83b364cb2039d5325d3aa8705d930723', '83b364cb2039d5325d3aa8705d930723.JPG', 'JPG', 'public', 1620255, 2048, 2048, 'image/jpeg', 17, 17, '2024-06-07 05:57:50', '2024-06-07 05:57:50'),
(1247, 1, 'CIG-Video', 'CIG-Video.mp4', 'mp4', 'public', 62346383, NULL, NULL, 'video/mp4', 17, 17, '2024-07-16 08:51:42', '2024-07-16 08:51:42'),
(1249, 1, 'CIG-Video-716', 'CIG-Video-716.mp4', 'mp4', 'public', 60676353, NULL, NULL, 'video/mp4', 17, 17, '2024-07-17 03:41:26', '2024-07-17 03:41:26'),
(1254, 218, 'IMG_2378', 'IMG_2378.jpg', 'jpg', 'public', 2011470, NULL, NULL, 'image/heic', 17, 17, '2024-07-24 09:18:28', '2024-07-24 09:18:28'),
(1255, 218, 'IMG_2374', 'IMG_2374.jpg', 'jpg', 'public', 2331000, NULL, NULL, 'image/heic', 17, 17, '2024-07-24 09:18:29', '2024-07-24 09:18:29'),
(1256, 218, 'IMG_2379', 'IMG_2379.jpg', 'jpg', 'public', 2069056, NULL, NULL, 'image/heic', 17, 17, '2024-07-24 09:18:46', '2024-07-24 09:18:46'),
(1257, 218, 'IMG_2388', 'IMG_2388.jpg', 'jpg', 'public', 2524112, NULL, NULL, 'image/heic', 17, 17, '2024-07-24 09:18:49', '2024-07-24 09:18:49'),
(1258, 219, 'DSC_0437', 'DSC_0437.jpg', 'jpg', 'public', 614980, 2048, 1365, 'image/jpeg', 17, 17, '2024-08-16 19:32:57', '2024-08-16 19:32:57'),
(1259, 219, 'DSC_0455', 'DSC_0455.jpg', 'jpg', 'public', 726735, 2048, 1365, 'image/jpeg', 17, 17, '2024-08-16 19:33:03', '2024-08-16 19:33:03'),
(1260, 219, 'DSC_0445', 'DSC_0445.jpg', 'jpg', 'public', 740915, 2048, 1365, 'image/jpeg', 17, 17, '2024-08-16 19:33:05', '2024-08-16 19:33:05'),
(1261, 219, 'DSC_0444', 'DSC_0444.jpg', 'jpg', 'public', 695368, 2048, 1365, 'image/jpeg', 17, 17, '2024-08-16 19:33:11', '2024-08-16 19:33:11'),
(1262, 220, 'DSC_0586', 'DSC_0586.jpg', 'jpg', 'public', 726481, 2048, 1365, 'image/jpeg', 17, 17, '2024-09-29 13:21:12', '2024-09-29 13:21:12'),
(1263, 220, 'DSC_0588', 'DSC_0588.jpg', 'jpg', 'public', 824803, 2048, 1365, 'image/jpeg', 17, 17, '2024-09-29 13:21:14', '2024-09-29 13:21:14'),
(1264, 220, 'DSC_0589', 'DSC_0589.jpg', 'jpg', 'public', 726211, 2048, 1365, 'image/jpeg', 17, 17, '2024-09-29 13:21:21', '2024-09-29 13:21:21'),
(1265, 220, 'DSC_0590', 'DSC_0590.jpg', 'jpg', 'public', 790871, 2048, 1365, 'image/jpeg', 17, 17, '2024-09-29 13:21:24', '2024-09-29 13:21:24'),
(1266, 220, 'DSC_0591', 'DSC_0591.jpg', 'jpg', 'public', 631478, 2048, 1365, 'image/jpeg', 17, 17, '2024-09-29 13:21:28', '2024-09-29 13:21:28'),
(1267, 221, '8c0d57542e33a4c6a0c61936cbddd425', '8c0d57542e33a4c6a0c61936cbddd425.JPG', 'JPG', 'public', 242749, 1280, 960, 'image/jpeg', 17, 17, '2024-09-29 13:30:15', '2024-09-29 13:30:15'),
(1268, 221, '2ba07d8c9c9bb5fb6c9af039173426d6', '2ba07d8c9c9bb5fb6c9af039173426d6.JPG', 'JPG', 'public', 778082, 2048, 1536, 'image/jpeg', 17, 17, '2024-09-29 13:30:28', '2024-09-29 13:30:28'),
(1269, 221, '68efd6470e5db5c5a6c1d6dfc52ea58d', '68efd6470e5db5c5a6c1d6dfc52ea58d.JPG', 'JPG', 'public', 848871, 2048, 1536, 'image/jpeg', 17, 17, '2024-09-29 13:30:37', '2024-09-29 13:30:37'),
(1270, 222, '2cc9e5a0df88dec68cfff0b682a6b3ad', '2cc9e5a0df88dec68cfff0b682a6b3ad.JPG', 'JPG', 'public', 674250, 2048, 1536, 'image/jpeg', 17, 17, '2024-09-29 13:35:46', '2024-09-29 13:35:46'),
(1271, 222, '0c578ac1b0ec40120e9eb96e0de84a2f', '0c578ac1b0ec40120e9eb96e0de84a2f.JPG', 'JPG', 'public', 960093, 2048, 1536, 'image/jpeg', 17, 17, '2024-09-29 13:35:48', '2024-09-29 13:35:48'),
(1272, 222, '7ee2781509b450b9cd34a866ae498dbe', '7ee2781509b450b9cd34a866ae498dbe.JPG', 'JPG', 'public', 724537, 2048, 1536, 'image/jpeg', 17, 17, '2024-09-29 13:35:51', '2024-09-29 13:35:51'),
(1273, 222, '11ea3c70b113e352133d7494ba0ceac2', '11ea3c70b113e352133d7494ba0ceac2.JPG', 'JPG', 'public', 1078406, 2048, 1536, 'image/jpeg', 17, 17, '2024-09-29 13:35:54', '2024-09-29 13:35:54'),
(1274, 222, '210b2a697e2c5107700d4a5c62cb12a7', '210b2a697e2c5107700d4a5c62cb12a7.JPG', 'JPG', 'public', 1009922, 2048, 1536, 'image/jpeg', 17, 17, '2024-09-29 13:35:57', '2024-09-29 13:35:57'),
(1275, 222, 'ff9bd8c753e472db36be0a1918a86aa9', 'ff9bd8c753e472db36be0a1918a86aa9.JPG', 'JPG', 'public', 593834, 1706, 1279, 'image/jpeg', 17, 17, '2024-09-29 13:35:59', '2024-09-29 13:35:59'),
(1276, 222, 'ef4c3580ec9d8b4a482180cc62506294', 'ef4c3580ec9d8b4a482180cc62506294.JPG', 'JPG', 'public', 1060042, 2048, 1536, 'image/jpeg', 17, 17, '2024-09-29 13:36:00', '2024-09-29 13:36:00'),
(1277, 223, '6c998eda54f9de583df76e2563d35437', '6c998eda54f9de583df76e2563d35437.png', 'png', 'public', 659134, 2048, 1152, 'image/jpeg', 17, 17, '2024-11-28 04:14:53', '2024-11-28 04:14:53'),
(1278, 223, 'cover', 'cover.png', 'png', 'public', 734117, 2048, 1152, 'image/jpeg', 17, 17, '2024-11-28 04:16:00', '2024-11-28 04:16:00'),
(1279, 223, '7ceae9a16e504d06b96c7c4fff57a624', '7ceae9a16e504d06b96c7c4fff57a624.png', 'png', 'public', 768860, 2048, 1152, 'image/jpeg', 17, 17, '2024-11-28 04:17:16', '2024-11-28 04:17:16'),
(1280, 224, 'Cover', 'Cover.JPG', 'JPG', 'public', 900322, 2048, 1536, 'image/jpeg', 17, 17, '2024-11-28 04:23:07', '2024-11-28 04:23:07'),
(1281, 224, 'c8749debc239e5567b4814dc79b13885', 'c8749debc239e5567b4814dc79b13885.JPG', 'JPG', 'public', 850063, 2048, 1536, 'image/jpeg', 17, 17, '2024-11-28 04:23:08', '2024-11-28 04:23:08'),
(1282, 224, '9f853b74f879cf48e85430c789b26012', '9f853b74f879cf48e85430c789b26012.JPG', 'JPG', 'public', 977088, 2048, 1536, 'image/jpeg', 17, 17, '2024-11-28 04:23:14', '2024-11-28 04:23:14'),
(1283, 224, '041ce5c40fc2e0d3ee11ffb7a940fb6d', '041ce5c40fc2e0d3ee11ffb7a940fb6d.JPG', 'JPG', 'public', 901804, 2048, 1536, 'image/jpeg', 17, 17, '2024-11-28 04:23:15', '2024-11-28 04:23:15'),
(1284, 225, 'Cover', 'Cover.JPG', 'JPG', 'public', 713289, 2048, 1274, 'image/jpeg', 17, 17, '2024-11-28 04:27:45', '2024-11-28 04:27:45'),
(1285, 225, 'IMG_3401', 'IMG_3401.JPG', 'JPG', 'public', 521910, 2048, 956, 'image/jpeg', 17, 17, '2024-11-28 04:27:54', '2024-11-28 04:27:54'),
(1286, 226, 'Cosmecca', 'Cosmecca.JPG', 'JPG', 'public', 801434, 2048, 1536, 'image/jpeg', 17, 17, '2024-11-28 04:35:31', '2024-11-28 04:35:31'),
(1287, 227, 'Cover', 'Cover.png', 'png', 'public', 779793, 2048, 1536, 'image/jpeg', 17, 17, '2024-11-28 04:40:58', '2024-11-28 04:40:58'),
(1288, 227, '51800fd5b0fc87d50966919c784f87b7', '51800fd5b0fc87d50966919c784f87b7.png', 'png', 'public', 779116, 2048, 1536, 'image/jpeg', 17, 17, '2024-11-28 04:40:59', '2024-11-28 04:40:59'),
(1289, 227, '216f4504a4731d0b06ba82086efd8d7c', '216f4504a4731d0b06ba82086efd8d7c.png', 'png', 'public', 551563, 2048, 1536, 'image/jpeg', 17, 17, '2024-11-28 04:41:02', '2024-11-28 04:41:02'),
(1290, 226, '2', '2.png', 'png', 'public', 145553, 1706, 1279, 'image/jpeg', 17, 17, '2024-11-28 04:47:51', '2024-11-28 04:47:51'),
(1291, 226, '1', '1.png', 'png', 'public', 175768, 1706, 1279, 'image/jpeg', 17, 17, '2024-11-28 04:47:51', '2024-11-28 04:47:51'),
(1292, 228, 'Cover', 'Cover.JPG', 'JPG', 'public', 1091889, 1620, 1080, 'image/jpeg', 17, 17, '2024-11-28 04:50:27', '2024-11-28 04:50:27'),
(1293, 228, 'DSC_0615', 'DSC_0615.JPG', 'JPG', 'public', 1102355, 1620, 1080, 'image/jpeg', 17, 17, '2024-11-28 04:50:27', '2024-11-28 04:50:27'),
(1294, 228, 'DSC_0616', 'DSC_0616.JPG', 'JPG', 'public', 979686, 1620, 1080, 'image/jpeg', 17, 17, '2024-11-28 04:50:28', '2024-11-28 04:50:28'),
(1295, 228, 'DSC_0619', 'DSC_0619.JPG', 'JPG', 'public', 921452, 1620, 1080, 'image/jpeg', 17, 17, '2024-11-28 04:50:29', '2024-11-28 04:50:29'),
(1296, 229, 'DSC_0623', 'DSC_0623.JPG', 'JPG', 'public', 924515, 1620, 1080, 'image/jpeg', 17, 17, '2024-11-28 04:53:14', '2024-11-28 04:53:14'),
(1297, 229, 'DSC_0627', 'DSC_0627.JPG', 'JPG', 'public', 982393, 1620, 1080, 'image/jpeg', 17, 17, '2024-11-28 04:53:15', '2024-11-28 04:53:15'),
(1298, 229, 'DSC_0629', 'DSC_0629.JPG', 'JPG', 'public', 976410, 1620, 1080, 'image/jpeg', 17, 17, '2024-11-28 04:53:16', '2024-11-28 04:53:16'),
(1299, 230, 'eab6f5d2b954a3cb2d1493b48269dc96', 'eab6f5d2b954a3cb2d1493b48269dc96.png', 'png', 'public', 506880, 1477, 1279, 'image/jpeg', 17, 17, '2024-11-28 05:02:41', '2024-11-28 05:02:41'),
(1300, 230, 'a956c8b1344d14caa52b31fe9a64e7bd', 'a956c8b1344d14caa52b31fe9a64e7bd.png', 'png', 'public', 823173, 2048, 1285, 'image/jpeg', 17, 17, '2024-11-28 05:02:43', '2024-11-28 05:02:43'),
(1301, 230, 'Cover', 'Cover.png', 'png', 'public', 849154, 2048, 1106, 'image/jpeg', 17, 17, '2024-11-28 05:02:44', '2024-11-28 05:02:44'),
(1302, 231, 'Cover', 'Cover.jpg', 'jpg', 'public', 524528, 1620, 1080, 'image/jpeg', 17, 17, '2025-03-16 12:39:53', '2025-03-16 12:39:53'),
(1303, 231, 'DSC_0798', 'DSC_0798.jpg', 'jpg', 'public', 464332, 1620, 1080, 'image/jpeg', 17, 17, '2025-03-16 12:39:55', '2025-03-16 12:39:55'),
(1304, 231, 'DSC_0799', 'DSC_0799.jpg', 'jpg', 'public', 483508, 1620, 1080, 'image/jpeg', 17, 17, '2025-03-16 12:39:55', '2025-03-16 12:39:55'),
(1305, 231, 'DSC_0800', 'DSC_0800.jpg', 'jpg', 'public', 498977, 1620, 1080, 'image/jpeg', 17, 17, '2025-03-16 12:39:56', '2025-03-16 12:39:56'),
(1306, 231, 'DSC_0791', 'DSC_0791.jpg', 'jpg', 'public', 490510, 1620, 1080, 'image/jpeg', 17, 17, '2025-03-16 12:40:01', '2025-03-16 12:40:01'),
(1307, 231, 'DSC_0795', 'DSC_0795.jpg', 'jpg', 'public', 521430, 1620, 1080, 'image/jpeg', 17, 17, '2025-03-16 12:40:01', '2025-03-16 12:40:01'),
(1308, 232, 'Cover', 'Cover.jpg', 'jpg', 'public', 582388, 1620, 1080, 'image/jpeg', 17, 17, '2025-03-16 12:47:11', '2025-03-16 12:47:11'),
(1309, 232, 'DSC_0779', 'DSC_0779.jpg', 'jpg', 'public', 653199, 1620, 1080, 'image/jpeg', 17, 17, '2025-03-16 12:47:11', '2025-03-16 12:47:11'),
(1310, 232, 'DSC_0780', 'DSC_0780.jpg', 'jpg', 'public', 523298, 1620, 1080, 'image/jpeg', 17, 17, '2025-03-16 12:47:12', '2025-03-16 12:47:12'),
(1311, 232, 'DSC_0782', 'DSC_0782.jpg', 'jpg', 'public', 479042, 1620, 1080, 'image/jpeg', 17, 17, '2025-03-16 12:47:13', '2025-03-16 12:47:12'),
(1312, 232, 'DSC_0783', 'DSC_0783.jpg', 'jpg', 'public', 431677, 1620, 1080, 'image/jpeg', 17, 17, '2025-03-16 12:47:13', '2025-03-16 12:47:13'),
(1313, 232, 'DSC_0784', 'DSC_0784.jpg', 'jpg', 'public', 550697, 1620, 1080, 'image/jpeg', 17, 17, '2025-03-16 12:47:14', '2025-03-16 12:47:14'),
(1314, 233, 'Cover', 'Cover.JPG', 'JPG', 'public', 937942, 1620, 1080, 'image/jpeg', 17, 17, '2025-04-13 11:41:32', '2025-04-13 11:41:32'),
(1315, 233, 'DSC_0820', 'DSC_0820.JPG', 'JPG', 'public', 911365, 1620, 1080, 'image/jpeg', 17, 17, '2025-04-13 11:41:32', '2025-04-13 11:41:32'),
(1316, 233, 'DSC_0822', 'DSC_0822.JPG', 'JPG', 'public', 863789, 1620, 1080, 'image/jpeg', 17, 17, '2025-04-13 11:41:37', '2025-04-13 11:41:37'),
(1317, 233, 'DSC_0824', 'DSC_0824.JPG', 'JPG', 'public', 972374, 1620, 1080, 'image/jpeg', 17, 17, '2025-04-13 11:41:37', '2025-04-13 11:41:37'),
(1318, 233, 'DSC_0825', 'DSC_0825.JPG', 'JPG', 'public', 1000431, 1620, 1080, 'image/jpeg', 17, 17, '2025-04-13 11:41:38', '2025-04-13 11:41:38'),
(1319, 234, 'DSC_0855', 'DSC_0855.jpg', 'jpg', 'public', 502068, 1620, 1080, 'image/jpeg', 17, 17, '2025-05-21 01:23:39', '2025-05-21 01:23:39'),
(1320, 234, 'DSC_0859', 'DSC_0859.JPG', 'JPG', 'public', 1002468, 1620, 1080, 'image/jpeg', 17, 17, '2025-05-21 01:23:41', '2025-05-21 01:23:41'),
(1321, 234, 'DSC_0856', 'DSC_0856.jpg', 'jpg', 'public', 518989, 1620, 1080, 'image/jpeg', 17, 17, '2025-05-21 01:23:42', '2025-05-21 01:23:42'),
(1322, 235, 'DSC_0845', 'DSC_0845.jpg', 'jpg', 'public', 572341, 1620, 1080, 'image/jpeg', 17, 17, '2025-05-21 01:24:03', '2025-05-21 01:24:03'),
(1323, 235, 'DSC_0843', 'DSC_0843.jpg', 'jpg', 'public', 608668, 1620, 1080, 'image/jpeg', 17, 17, '2025-05-21 01:24:03', '2025-05-21 01:24:03'),
(1324, 235, 'DSC_0846', 'DSC_0846.jpg', 'jpg', 'public', 689079, 1620, 1080, 'image/jpeg', 17, 17, '2025-05-21 01:24:05', '2025-05-21 01:24:05'),
(1325, 235, 'DSC_0861', 'DSC_0861.jpg', 'jpg', 'public', 678493, 1620, 1080, 'image/jpeg', 17, 17, '2025-05-21 01:24:05', '2025-05-21 01:24:05'),
(1326, 236, '2bd8701ec5c216b6a929d22522ec7605', '2bd8701ec5c216b6a929d22522ec7605.JPG', 'JPG', 'public', 320684, 1702, 1276, 'image/jpeg', 17, 17, '2025-05-21 01:28:09', '2025-05-21 01:28:09'),
(1327, 236, '40088afc969f531789c51583b23dac5c', '40088afc969f531789c51583b23dac5c.JPG', 'JPG', 'public', 369964, 1702, 1276, 'image/jpeg', 17, 17, '2025-05-21 01:28:09', '2025-05-21 01:28:09'),
(1328, 236, 'b4e6fc94ca5de6cbe6de59bd8ca14eab', 'b4e6fc94ca5de6cbe6de59bd8ca14eab.JPG', 'JPG', 'public', 366795, 1702, 1276, 'image/jpeg', 17, 17, '2025-05-21 01:28:09', '2025-05-21 01:28:09'),
(1329, 237, 'DSC_0887', 'DSC_0887.jpg', 'jpg', 'public', 723354, 1620, 1080, 'image/jpeg', 17, 17, '2025-05-21 01:33:27', '2025-05-21 01:33:27'),
(1330, 237, 'DSC_0884', 'DSC_0884.jpg', 'jpg', 'public', 665382, 1620, 1080, 'image/jpeg', 17, 17, '2025-05-21 01:33:27', '2025-05-21 01:33:27'),
(1331, 237, 'DSC_0888', 'DSC_0888.jpg', 'jpg', 'public', 648209, 1620, 1080, 'image/jpeg', 17, 17, '2025-05-21 01:33:28', '2025-05-21 01:33:28'),
(1332, 237, 'DSC_0892', 'DSC_0892.jpg', 'jpg', 'public', 588720, 1620, 1080, 'image/jpeg', 17, 17, '2025-05-21 01:33:28', '2025-05-21 01:33:28'),
(1333, 237, 'DSC_0894', 'DSC_0894.jpg', 'jpg', 'public', 630857, 1620, 1080, 'image/jpeg', 17, 17, '2025-05-21 01:33:30', '2025-05-21 01:33:30'),
(1334, 237, 'DSC_0893', 'DSC_0893.JPG', 'JPG', 'public', 976772, 1620, 1080, 'image/jpeg', 17, 17, '2025-05-21 01:33:30', '2025-05-21 01:33:30'),
(1335, 237, 'DSC_0895', 'DSC_0895.jpg', 'jpg', 'public', 731714, 1620, 1080, 'image/jpeg', 17, 17, '2025-05-21 01:33:31', '2025-05-21 01:33:31'),
(1336, 238, 'DSC_0904', 'DSC_0904.jpg', 'jpg', 'public', 748729, 1620, 1080, 'image/jpeg', 17, 17, '2025-05-21 01:37:50', '2025-05-21 01:37:50'),
(1337, 238, 'DSC_0907', 'DSC_0907.jpg', 'jpg', 'public', 704773, 1620, 1080, 'image/jpeg', 17, 17, '2025-05-21 01:37:50', '2025-05-21 01:37:50'),
(1338, 238, 'DSC_0908', 'DSC_0908.jpg', 'jpg', 'public', 653315, 1620, 1080, 'image/jpeg', 17, 17, '2025-05-21 01:37:52', '2025-05-21 01:37:52'),
(1339, 238, 'DSC_0909', 'DSC_0909.jpg', 'jpg', 'public', 699844, 1620, 1080, 'image/jpeg', 17, 17, '2025-05-21 01:37:52', '2025-05-21 01:37:52'),
(1340, 238, 'DSC_0911', 'DSC_0911.jpg', 'jpg', 'public', 570543, 1620, 1080, 'image/jpeg', 17, 17, '2025-05-21 01:37:53', '2025-05-21 01:37:53'),
(1341, 238, 'DSC_0912', 'DSC_0912.jpg', 'jpg', 'public', 685868, 1620, 1080, 'image/jpeg', 17, 17, '2025-05-21 01:37:53', '2025-05-21 01:37:53'),
(1342, 239, 'DSC_0988', 'DSC_0988.jpg', 'jpg', 'public', 600389, 1620, 1080, 'image/jpeg', 17, 17, '2025-05-21 01:44:55', '2025-05-21 01:44:55'),
(1343, 239, 'DSC_0987', 'DSC_0987.jpg', 'jpg', 'public', 581694, 1620, 1080, 'image/jpeg', 17, 17, '2025-05-21 01:44:55', '2025-05-21 01:44:55'),
(1344, 239, 'DSC_0993', 'DSC_0993.jpg', 'jpg', 'public', 577671, 1620, 1080, 'image/jpeg', 17, 17, '2025-05-21 01:44:56', '2025-05-21 01:44:56'),
(1345, 239, 'DSC_0992', 'DSC_0992.jpg', 'jpg', 'public', 650027, 1620, 1080, 'image/jpeg', 17, 17, '2025-05-21 01:44:56', '2025-05-21 01:44:56'),
(1346, 239, 'DSC_0997', 'DSC_0997.jpg', 'jpg', 'public', 426914, 1620, 1080, 'image/jpeg', 17, 17, '2025-05-21 01:44:57', '2025-05-21 01:44:57'),
(1347, 239, 'DSC_0994', 'DSC_0994.jpg', 'jpg', 'public', 562014, 1620, 1080, 'image/jpeg', 17, 17, '2025-05-21 01:44:58', '2025-05-21 01:44:58');

-- --------------------------------------------------------

--
-- Table structure for table `media_folder`
--

CREATE TABLE `media_folder` (
  `id` int(11) NOT NULL,
  `name` varchar(255) NOT NULL,
  `parent_id` int(11) NOT NULL DEFAULT '0',
  `created_by` int(11) NOT NULL,
  `updated_by` int(11) NOT NULL,
  `created_at` timestamp NOT NULL DEFAULT CURRENT_TIMESTAMP ON UPDATE CURRENT_TIMESTAMP,
  `updated_at` timestamp NULL DEFAULT NULL
) ENGINE=InnoDB DEFAULT CHARSET=utf8;

--
-- Dumping data for table `media_folder`
--

INSERT INTO `media_folder` (`id`, `name`, `parent_id`, `created_by`, `updated_by`, `created_at`, `updated_at`) VALUES
(1, 'Home', 0, 1, 1, '2022-07-13 16:45:01', '2022-07-13 16:45:01'),
(2, 'About Us', 0, 1, 1, '2022-07-13 16:45:07', '2022-07-13 16:45:07'),
(3, 'News', 0, 1, 1, '2022-07-14 15:38:14', '2022-07-14 15:38:14'),
(4, 'Portfolio', 0, 1, 1, '2022-07-15 10:57:21', '2022-07-15 10:57:21'),
(5, 'Clients', 0, 1, 1, '2022-07-15 10:57:35', '2022-07-15 10:57:35'),
(6, 'Contact', 0, 1, 1, '2022-07-15 11:33:48', '2022-07-15 11:33:48'),
(7, '1. The world of coffee 2022，Italy', 4, 7, 7, '2022-07-19 09:52:15', '2022-07-19 09:52:15'),
(13, 'What we do', 0, 14, 14, '2022-07-19 16:43:51', '2022-07-19 16:43:51'),
(14, '2. JCK Las Vegas 2022，US', 4, 14, 14, '2022-07-19 17:25:54', '2022-07-19 17:25:54'),
(15, '3. Propak Asia 2022,Thailand', 4, 14, 14, '2022-07-19 17:26:31', '2022-07-19 17:26:31'),
(16, '4. Prowein Dusseldorf 2022，Germany', 4, 14, 14, '2022-07-19 17:27:06', '2022-07-19 17:27:06'),
(17, '5. Gulfood 2022，Dubai', 4, 14, 14, '2022-07-19 17:29:44', '2022-07-19 17:29:44'),
(21, '9. Hofex 2021，Hong Kong', 4, 14, 14, '2022-07-19 17:39:59', '2022-07-19 17:39:59'),
(26, '11. China Beauty Expo 2021，Shanghai', 4, 14, 14, '2022-07-19 17:49:32', '2022-07-19 17:49:32'),
(27, '12. Hotelex 2021，Shanghai', 4, 14, 14, '2022-07-19 17:54:25', '2022-07-19 17:54:25'),
(28, '15. Fashion Source Shenzhen 2020，Shenzhen', 4, 14, 14, '2022-07-19 17:57:56', '2022-07-19 17:57:56'),
(29, '16. Bauma Shanghai 2020，Shanghai', 4, 14, 14, '2022-07-20 09:37:57', '2022-07-20 09:37:57'),
(31, '17. China (Shenzhen) International Logistics and Supply Chain Fair (CILF) 2020，Shenzhen', 4, 14, 14, '2022-07-20 09:42:28', '2022-07-20 09:42:28'),
(32, '18. China Beauty Expo 2020，Shanghai', 4, 14, 14, '2022-07-20 09:44:36', '2022-07-20 09:44:36'),
(33, '19. ICE London 2018-2020，London', 4, 14, 14, '2022-07-20 09:47:40', '2022-07-20 09:47:40'),
(34, '20. G2E Philippines 2019，Philippines', 4, 14, 14, '2022-07-20 09:59:43', '2022-07-20 09:59:43'),
(35, '21. Marinetec China 2019， Shanghai', 4, 14, 14, '2022-07-20 10:03:08', '2022-07-20 10:03:08'),
(37, '22. ISBT Bangkok 2019，Bangkok', 4, 14, 14, '2022-07-20 10:15:38', '2022-07-20 10:15:38'),
(39, '23.ProWine China 2019，Shanghai', 4, 14, 14, '2022-07-20 10:18:25', '2022-07-20 10:18:25'),
(40, '24. Cosmoprof Asia 2019，Hong Kong', 4, 14, 14, '2022-07-20 10:21:15', '2022-07-20 10:21:15'),
(41, '25. Dentech China 2019，Singapore', 4, 14, 14, '2022-07-20 10:28:30', '2022-07-20 10:28:30'),
(42, '27. Pensa 2019，Hong Kong', 4, 14, 14, '2022-07-20 10:31:02', '2022-07-20 10:31:02'),
(44, '28. Asia Fruit Logistica 2019，Hong Kong', 4, 14, 14, '2022-07-20 10:33:09', '2022-07-20 10:33:09'),
(45, '29. Australasian Gaming Expo 2019，Australia', 4, 14, 14, '2022-07-20 10:35:01', '2022-07-20 10:35:01'),
(46, '31. ITE Hong Kong 2019，Hong Kong', 4, 14, 14, '2022-07-20 10:38:28', '2022-07-20 10:38:28'),
(47, '32. IAAPA 2019，Shanghai', 4, 14, 14, '2022-07-20 10:42:26', '2022-07-20 10:42:26'),
(48, '33. Guangzhou International Lighting Exhibition 2019，Guangzhou', 4, 14, 14, '2022-07-20 10:45:26', '2022-07-20 10:45:26'),
(49, '34. G2E Asia 2019，Macau', 4, 14, 14, '2022-07-20 10:47:23', '2022-07-20 10:47:23'),
(50, '35. China Beauty Expo 2019，Shanghai', 4, 14, 14, '2022-07-20 10:50:01', '2022-07-20 10:50:01'),
(51, '36. Restaurant & Bar Hong Kong 2019，Hong Kong', 4, 14, 14, '2022-07-20 10:59:07', '2022-07-20 10:59:07'),
(52, '37. ASPIRE 2019，Hong Kong', 4, 14, 14, '2022-07-20 11:00:49', '2022-07-20 11:00:49'),
(53, '38. Mobile Electonics 2019，Hong Kong', 4, 14, 14, '2022-07-20 11:21:27', '2022-07-20 11:21:27'),
(54, '39.AWMC Monaco 2019，Monaco', 4, 14, 14, '2022-07-20 11:24:07', '2022-07-20 11:24:07'),
(55, '40. CIENPI 2019，Beijing', 4, 14, 14, '2022-07-20 11:28:06', '2022-07-20 11:28:06'),
(56, '41. China Attraction Expo 2019，Beijing', 4, 14, 14, '2022-07-20 11:29:31', '2022-07-20 11:29:31'),
(57, '42. Hotexlex Shanghai 2019，Shanghai', 4, 14, 14, '2022-07-20 11:34:28', '2022-07-20 11:34:28'),
(58, '43. Taipei Cycle 2018-2019，Taiwan', 4, 14, 14, '2022-07-20 11:43:50', '2022-07-20 11:43:50'),
(59, '44. China International Beauty Expo (Spring Edition) 2019，Guangzhou', 4, 14, 14, '2022-07-20 12:01:12', '2022-07-20 12:01:12'),
(61, '45. Cine Asia 2018，Hong Kong', 4, 14, 14, '2022-07-20 12:03:25', '2022-07-20 12:03:25'),
(62, '47. ITMA ASIA + CITME 2018， Shanghai', 4, 14, 14, '2022-07-20 12:15:49', '2022-07-20 12:15:49'),
(63, '48. HK Electronics Fair 2018，Hong Kong', 4, 14, 14, '2022-07-20 12:18:54', '2022-07-20 12:18:54'),
(64, '49. Shenzhen International Logistics and Transportation Fair 2018，Shenzhen', 4, 14, 14, '2022-07-20 12:30:36', '2022-07-20 12:30:36'),
(65, '50. MDS 2018，Hong Kong', 4, 14, 14, '2022-07-20 12:38:23', '2022-07-20 12:38:23'),
(66, '51. WSAVA Singapore 2018，Singapore', 4, 14, 14, '2022-07-20 13:48:58', '2022-07-20 13:48:58'),
(67, '52.Testing Expo China 2018，Shanghai', 4, 14, 14, '2022-07-20 13:52:13', '2022-07-20 13:52:13'),
(68, '53. Asia Fruit Logistica 2018，Hong Kong', 4, 14, 14, '2022-07-20 13:55:40', '2022-07-20 13:55:40'),
(69, '54. China International Beauty Expo (Autumn Edition) 2018，Guangzhou', 4, 14, 14, '2022-07-20 14:05:34', '2022-07-20 14:05:34'),
(70, '55. Sydney ACNCEE 2018，Sydney', 4, 14, 14, '2022-07-20 14:08:18', '2022-07-20 14:08:18'),
(71, '56. Giftex Tokyo 2018，Hong Kong', 4, 14, 14, '2022-07-20 14:11:56', '2022-07-20 14:11:56'),
(72, '57. Cannex & Fillex 2018，Guangzhou', 4, 14, 14, '2022-07-20 14:14:13', '2022-07-20 14:14:13'),
(73, '58.Sial China 2018，Shanghai', 4, 14, 14, '2022-07-20 14:16:40', '2022-07-20 14:16:40'),
(74, '59. Rise Conference 2018，Hong Kong', 4, 14, 14, '2022-07-20 14:23:39', '2022-07-20 14:23:39'),
(75, '60. Retail Asia Expo 2018，Hong Kong', 4, 14, 14, '2022-07-20 14:25:18', '2022-07-20 14:25:18'),
(76, '61. IAAPA 2018，Hong Kong', 4, 14, 14, '2022-07-20 14:27:08', '2022-07-20 14:27:08'),
(77, '62. Vinexpo 2018，Hong Kong', 4, 14, 14, '2022-07-20 14:34:19', '2022-07-20 14:34:19'),
(78, '63. China Beauty Expo 2018，Shanghai', 4, 14, 14, '2022-07-20 14:42:54', '2022-07-20 14:42:54'),
(79, '65. Hotelex 2018，Shanghai', 4, 14, 14, '2022-07-20 14:54:38', '2022-07-20 14:54:38'),
(80, '66. China Food & Drinks Fair 2018，Chengdu', 4, 14, 14, '2022-07-20 14:57:08', '2022-07-20 14:57:08'),
(82, '67. China International Beauty Expo (Spring Edition) 2018，Guangzhou', 4, 14, 14, '2022-07-20 14:59:26', '2022-07-20 14:59:26'),
(83, '68. International Jewellery Fair 2018，Hong Kong', 4, 14, 14, '2022-07-20 15:01:40', '2022-07-20 15:01:40'),
(84, '69. APAO Hong Kong 2018，Hong Kong', 4, 14, 14, '2022-07-20 15:04:10', '2022-07-20 15:04:10'),
(85, '70. IDEM Singapore 2018，Singapore', 4, 14, 14, '2022-07-20 15:12:40', '2022-07-20 15:12:40'),
(86, '71. ASPIRE 2018， Taiwan', 4, 14, 14, '2022-07-20 15:14:31', '2022-07-20 15:14:31'),
(87, '72. Cine Asia 2017，Hong Kong', 4, 14, 14, '2022-07-20 15:20:26', '2022-07-20 15:20:26'),
(88, '74. PV TaiWan 2017，Taiwan', 4, 14, 14, '2022-07-20 15:32:10', '2022-07-20 15:32:10'),
(89, '75. HK Electronics Fairs (Autumn Edition) 2017，Hong Kong', 4, 14, 14, '2022-07-20 15:34:52', '2022-07-20 15:34:52'),
(90, '76. PATA 2017， Macau', 4, 14, 14, '2022-07-20 15:42:14', '2022-07-20 15:42:14'),
(91, '77. Asia Fruit Logistica 2017，Hong Kong', 4, 14, 14, '2022-07-20 15:45:12', '2022-07-20 15:45:12'),
(92, '78. HK Book Fair 2017，Hong Kong', 4, 14, 14, '2022-07-20 15:51:33', '2022-07-20 15:51:33'),
(93, '79. Hofex 2017，Hong Kong', 4, 14, 14, '2022-07-20 15:57:05', '2022-07-20 15:57:05'),
(94, '80. ICOMS 2017，Hong Kong', 4, 14, 14, '2022-07-20 15:59:51', '2022-07-20 15:59:51'),
(95, '81. HK Electronics Fair (Spring Edition) 2017，Hong Kong', 4, 14, 14, '2022-07-20 16:01:57', '2022-07-20 16:01:57'),
(96, '82. China International Beauty Expo 2017，Guangzhoou', 4, 14, 14, '2022-07-20 16:15:49', '2022-07-20 16:15:49'),
(97, '83. HK International Lighting Fair (Spring Edition) 2017,Hong Kong', 4, 14, 14, '2022-07-20 16:17:50', '2022-07-20 16:17:50'),
(98, '84. Cosmoprof Asia 2016，Hong Kong', 4, 14, 14, '2022-07-20 16:20:14', '2022-07-20 16:20:14'),
(99, '85. HK Electronics Fair (Autumn Edition) 2016，Hong Kong', 4, 14, 14, '2022-07-20 16:25:03', '2022-07-20 16:25:03'),
(100, '87. BIRTV 2016，Beijing', 4, 14, 14, '2022-07-20 16:28:04', '2022-07-20 16:28:04'),
(101, '6. SUSTech IAC Meeting 2021，Shenzhen', 4, 14, 14, '2022-07-20 16:34:04', '2022-07-20 16:34:04'),
(102, '7. Hong Kong Business Award 2021', 4, 14, 14, '2022-07-21 02:47:54', '2022-07-21 10:47:54'),
(106, '8. Children Baby Maternity Industry Expo Shanghai (CBME) Food & Hospitality China 2020-2021，Shanghai', 4, 14, 14, '2022-07-21 02:49:54', '2022-07-21 10:49:54'),
(107, '10.', 4, 14, 14, '2022-07-21 10:57:43', '2022-07-21 10:57:43'),
(108, '64. G2E Asia 2018，Macau', 4, 14, 14, '2022-07-22 01:47:34', '2022-07-22 09:47:34'),
(109, '46. Cosmoprof Asia 2018，Hong Kong', 4, 14, 14, '2022-07-22 11:28:04', '2022-07-22 11:28:04'),
(110, '73. Cosmoprof Asia 2017，Hong Kong', 4, 14, 14, '2022-07-22 16:01:53', '2022-07-22 16:01:53'),
(111, '13. SUSTech event 2020，Shenzhen', 4, 14, 14, '2022-07-25 14:19:20', '2022-07-25 14:19:20'),
(112, '14. LAMER Pop-up Store 2020，Sanya', 4, 14, 14, '2022-07-25 14:20:11', '2022-07-25 14:20:11'),
(113, 'LAMER @ CDF Pop-up Store 2019，Sanya', 4, 14, 14, '2022-07-25 14:22:06', '2022-07-25 14:22:06'),
(114, 'LAMER @ CDF Event 2019，Sanya', 4, 14, 14, '2022-07-25 14:24:26', '2022-07-25 14:24:26'),
(115, 'Chopard Product Launch 2019，Hong Kong', 4, 14, 14, '2022-07-25 14:26:38', '2022-07-25 14:26:38'),
(117, '30. Aesthetic Medicine Symposium 1st Kaldat + Imace 2019 - kuala lump，Kuala Lumpur', 4, 14, 14, '2022-07-25 14:27:43', '2022-07-25 14:27:43'),
(119, 'RWC (Rugby World Cup) Count Down Clock 2019 - Japan', 4, 14, 14, '2022-07-25 14:29:51', '2022-07-25 14:29:51'),
(120, 'RHB agency conference 2019，Macau', 4, 14, 14, '2022-07-25 14:30:37', '2022-07-25 14:30:37'),
(121, 'CFL annual dinner 2018，Hong Kong', 4, 14, 14, '2022-07-25 14:31:41', '2022-07-25 14:31:41'),
(123, 'INFINITUS Annual Convention 2018，Macau', 4, 14, 14, '2022-07-25 14:32:51', '2022-07-25 14:32:51'),
(124, 'MAISON XXII Pop-up store 2018，Hong Kong', 4, 14, 14, '2022-07-25 14:34:24', '2022-07-25 14:34:24'),
(125, 'MAISON XXII Pop-up 2018 ，Hong Kong', 4, 14, 14, '2022-07-25 14:35:38', '2022-07-25 14:35:38'),
(126, 'SC Clinic stunt & Gala Dinnner2017，Hong Kong', 4, 14, 14, '2022-07-25 14:36:32', '2022-07-25 14:36:32'),
(127, 'Display cabinet', 4, 14, 14, '2022-07-25 14:39:22', '2022-07-25 14:39:22'),
(128, '1. ANZ - Shanghai', 4, 14, 14, '2022-07-25 14:40:50', '2022-07-25 14:40:50'),
(129, '2. SANTONI - Shanghai', 4, 14, 14, '2022-07-25 14:41:29', '2022-07-25 14:41:29'),
(130, '3. MERRILLIFN - HongKong', 4, 14, 14, '2022-07-25 14:42:15', '2022-07-25 14:42:15'),
(131, '4. ST. REGIS - Chengdu', 4, 14, 14, '2022-07-25 14:45:27', '2022-07-25 14:45:27'),
(132, '5. CAMEROM - Thailand', 4, 14, 14, '2022-07-25 14:47:22', '2022-07-25 14:47:22'),
(133, '6. OneSubsea - Malaysia', 4, 14, 14, '2022-07-25 14:48:45', '2022-07-25 14:48:45'),
(134, '7. HERBALIFE - Guangzhou', 4, 14, 14, '2022-07-25 14:49:34', '2022-07-25 14:49:34'),
(135, '8. Onesubesa - Shenzhen', 4, 14, 14, '2022-07-25 14:50:41', '2022-07-25 14:50:41'),
(136, '9. MOODY\'S - Japan', 4, 14, 14, '2022-07-25 16:14:04', '2022-07-25 16:14:04'),
(137, '10. MARSH&MCLENNAN; COMPANIES - Taiwan', 4, 14, 14, '2022-07-25 16:15:37', '2022-07-25 16:15:37'),
(138, '11. MARSH&MCLENNAN; COMPANIES - Seoul', 4, 14, 14, '2022-07-25 16:17:22', '2022-07-25 16:17:22'),
(139, '12. MARSH&MCLENNAN; COMPANIES - Hebei', 4, 14, 14, '2022-07-25 16:18:17', '2022-07-25 16:18:17'),
(140, '13. MARSH&MCLENNAN; COMPANIES - Beijing', 4, 14, 14, '2022-07-25 16:18:45', '2022-07-25 16:18:45'),
(141, '14. MARSH&MCLENNAN; COMPANIES - Chengdu', 4, 14, 14, '2022-07-25 16:19:39', '2022-07-25 16:19:39'),
(142, '15. MARSH - Hong Kong', 4, 14, 14, '2022-07-25 16:20:06', '2022-07-25 16:20:06'),
(143, '16. LeTourneau - Singapore', 4, 14, 14, '2022-07-25 16:20:45', '2022-07-25 16:20:45'),
(144, '17. CAMERON - Shanghai', 4, 14, 14, '2022-07-25 16:21:29', '2022-07-25 16:21:29'),
(145, '18. CAMERON - Malaysia', 4, 14, 14, '2022-07-25 16:22:15', '2022-07-25 16:22:15'),
(146, '19. UTC - Hong Kong', 4, 14, 14, '2022-07-25 16:22:47', '2022-07-25 16:22:47'),
(150, '88. The 2nd International Property Management and Procurement Expo 2022', 4, 17, 17, '2022-08-30 10:13:15', '2022-08-30 10:13:15'),
(151, 'DHL 50th Anniversary Part', 4, 17, 17, '2022-09-04 06:19:41', '2022-09-04 06:19:41'),
(152, 'SEID', 4, 17, 17, '2022-09-07 08:51:28', '2022-09-07 08:51:28'),
(153, 'BGI, ESMO Congress 2022', 4, 17, 17, '2022-09-09 07:22:55', '2022-09-09 07:22:55'),
(154, 'YAS,', 4, 17, 17, '2022-09-13 07:33:45', '2022-09-13 07:33:45'),
(155, 'EV Asia 2022', 4, 17, 17, '2022-09-13 15:46:29', '2022-09-13 15:46:29'),
(156, 'Alma, IMCAS Asia', 4, 17, 17, '2022-09-30 07:36:55', '2022-09-30 07:36:55'),
(157, 'TOSKANIMED, IMCAS 2022', 4, 17, 17, '2022-09-30 07:37:34', '2022-09-30 07:37:34'),
(158, 'Titas Asia 2022', 4, 17, 17, '2022-10-12 22:51:07', '2022-10-12 22:51:07'),
(159, 'BGI, Medlab Asia 2022', 4, 17, 17, '2022-10-19 08:40:00', '2022-10-19 08:40:00'),
(160, 'Worldpay, Fintech Asia 2022', 4, 17, 17, '2022-10-30 14:53:33', '2022-10-30 14:53:33'),
(161, 'Award 2022', 3, 17, 17, '2022-10-30 15:11:29', '2022-10-30 15:11:29'),
(162, 'TechnicoFlor, In Cosmetics Asia 2022', 4, 17, 17, '2022-11-06 05:50:13', '2022-11-06 05:50:13'),
(163, 'Givaudan, In-Cosmetics Asia 2022', 4, 17, 17, '2022-11-06 05:51:35', '2022-11-06 05:51:35'),
(164, 'Fato Cargo, Asia Fruit Logistica 2022', 4, 17, 17, '2022-11-06 05:53:47', '2022-11-06 05:53:47'),
(165, 'Dole Asia, Asia Fruit Logistica 2022', 4, 17, 17, '2022-11-06 05:54:48', '2022-11-06 05:54:48'),
(166, 'Aksun, Asia Fruit Logistica 2022', 4, 17, 17, '2022-11-06 05:56:02', '2022-11-06 05:56:02'),
(167, 'Unitec, Asia Fruit Logistica 2022', 4, 17, 17, '2022-11-06 05:57:52', '2022-11-06 05:57:52'),
(169, 'Fiabla, Cosmoprof Asia 2022', 4, 17, 17, '2022-11-21 03:41:44', '2022-11-21 03:41:44'),
(170, 'B-Kolor, Cosmoprof Asia 2022', 169, 17, 17, '2022-11-21 03:41:56', '2022-11-21 03:41:56'),
(171, 'Kolmar, Cosmoprof Asia 222', 170, 17, 17, '2022-11-21 03:42:21', '2022-11-21 03:42:21'),
(172, 'B-Kolor, Cosmoprof Asia 2022', 4, 17, 17, '2022-11-21 03:48:14', '2022-11-21 03:48:14'),
(173, 'Kolmar, Cosmoprof Asia 2022', 4, 17, 17, '2022-11-21 03:49:33', '2022-11-21 03:49:33'),
(174, 'CHO, Cosmoprof Asia 2022', 4, 17, 17, '2022-11-21 07:53:47', '2022-11-21 07:53:47'),
(175, 'Bioscience, ICAD 2022', 4, 17, 17, '2022-11-25 06:46:53', '2022-11-25 06:46:53'),
(176, 'Hong Kong Business Awards 2022', 4, 17, 17, '2022-12-04 15:17:37', '2022-12-04 15:17:37'),
(178, 'Goldenlink, Cine Asia 2022', 0, 17, 17, '2022-12-06 05:21:53', '2022-12-06 05:21:53'),
(179, 'Goldenlink, Cine Asia 2022', 4, 17, 17, '2022-12-06 05:22:22', '2022-12-06 05:22:22'),
(180, 'HKT, CI Expo 2022', 4, 17, 17, '2022-12-20 08:01:10', '2022-12-20 08:01:10'),
(181, 'Passion Pet, Pet Show 2023', 4, 17, 17, '2023-02-03 06:03:32', '2023-02-03 06:03:32'),
(182, 'ICE London 2023', 4, 17, 17, '2023-02-08 21:22:18', '2023-02-08 21:22:18'),
(183, 'Classys, Derma Dubai 2023', 4, 17, 17, '2023-03-01 09:56:29', '2023-03-01 09:56:29'),
(184, 'Beauty Dusseldorf 2023', 4, 17, 17, '2023-03-31 12:38:48', '2023-03-31 12:38:48'),
(185, 'Bank Of China', 4, 17, 17, '2023-04-14 03:48:23', '2023-04-14 03:48:23'),
(186, 'Boncafe, Hofex 2023', 4, 17, 17, '2023-05-11 05:40:56', '2023-05-11 05:40:56'),
(187, 'The Green Olive', 4, 17, 17, '2023-05-11 05:42:46', '2023-05-11 05:42:46'),
(188, 'Danish Crown, Hofex 2023', 4, 17, 17, '2023-05-11 05:45:17', '2023-05-11 05:45:17'),
(189, 'Star, Hofex 2023', 4, 17, 17, '2023-05-11 05:45:51', '2023-05-11 05:45:51'),
(190, 'BATASIOLO', 4, 17, 17, '2023-05-30 11:09:47', '2023-05-30 11:09:47'),
(191, 'Bingotimes', 4, 17, 17, '2023-06-02 15:29:47', '2023-06-02 15:29:47'),
(192, 'Bioscience', 4, 17, 17, '2023-06-12 13:51:30', '2023-06-12 13:51:30'),
(193, 'B&M, CAE 2023', 4, 17, 17, '2023-07-25 08:04:20', '2023-07-25 08:04:20'),
(194, 'Port Gdansk, Shanghai 2023', 4, 17, 17, '2023-07-25 08:05:16', '2023-07-25 08:05:16'),
(195, 'Transact, AGS 2023', 4, 17, 17, '2023-08-17 23:41:11', '2023-08-17 23:41:11'),
(196, 'OOCL', 4, 17, 17, '2023-09-08 01:21:20', '2023-09-08 01:21:20'),
(197, 'Sekoya, AFL 2023', 4, 17, 17, '2023-09-08 01:22:20', '2023-09-08 01:22:20'),
(198, 'Ocean Network Express', 4, 17, 17, '2023-09-08 01:24:02', '2023-09-08 01:24:02'),
(199, 'Global Fresh, AFL 2023', 4, 17, 17, '2023-09-08 01:25:15', '2023-09-08 01:25:15'),
(200, 'Aksun, AFL 2023', 4, 17, 17, '2023-09-08 01:25:55', '2023-09-08 01:25:55'),
(201, 'CIG LLC', 3, 17, 17, '2023-10-20 05:26:38', '2023-10-20 05:26:38'),
(202, 'TechnicoFlor, In-Cosmetics Asia 2023', 4, 17, 17, '2023-11-20 07:40:59', '2023-11-20 07:40:59'),
(203, 'Givaudan, In-Cosmetics Asia 2023', 4, 17, 17, '2023-11-20 07:48:15', '2023-11-20 07:48:15'),
(204, 'ICONS, Cosmoprof Asia 2023', 4, 17, 17, '2023-11-26 01:11:14', '2023-11-26 01:11:14'),
(205, 'Cosmecca, Cosmoprof Asia 2023', 4, 17, 17, '2023-11-26 03:33:38', '2023-11-26 03:33:38'),
(206, 'Viol, Cosmoprof Asia 2023', 4, 17, 17, '2023-11-26 03:38:28', '2023-11-26 03:38:28'),
(207, 'DOS, Cosmoprof Asia 2023', 4, 17, 17, '2023-11-26 03:42:50', '2023-11-26 03:42:50'),
(208, 'KR, Marintech China 2023', 4, 17, 17, '2024-01-05 12:02:45', '2024-01-05 12:02:45'),
(209, 'Wingderm, IMCAS Paris 2024', 4, 17, 17, '2024-02-01 10:59:34', '2024-02-01 10:59:34'),
(210, 'Zhengzhuang', 4, 17, 17, '2024-03-28 13:34:32', '2024-03-28 13:34:32'),
(211, 'HPS, Money 20/20 Asia', 4, 17, 17, '2024-04-26 07:20:28', '2024-04-26 07:20:28'),
(212, 'ISWA, Vinexpo Asia 2024', 4, 17, 17, '2024-06-07 05:06:31', '2024-06-07 05:06:31'),
(213, 'B&G, Vinexpo Asia 2024', 4, 17, 17, '2024-06-07 05:11:48', '2024-06-07 05:11:48'),
(214, 'NRT, G2E Asia 2024', 4, 17, 17, '2024-06-07 05:14:03', '2024-06-07 05:14:03'),
(215, 'IDX, G2E Asia 2024', 4, 17, 17, '2024-06-07 05:16:14', '2024-06-07 05:16:14'),
(216, 'ABBIATI', 4, 17, 17, '2024-06-07 05:19:44', '2024-06-07 05:19:44'),
(217, 'G2E Asia 2024', 3, 17, 17, '2024-06-07 05:57:37', '2024-06-07 05:57:37'),
(218, 'Telergon', 4, 17, 17, '2024-07-24 07:48:11', '2024-07-24 07:48:11'),
(219, 'SABAH Pavilion', 4, 17, 17, '2024-08-16 19:32:36', '2024-08-16 19:32:36'),
(220, 'Evergood, AFL 2024', 4, 17, 17, '2024-09-29 13:20:54', '2024-09-29 13:20:54'),
(221, 'Trasman, Furniture China 2024', 4, 17, 17, '2024-09-29 13:30:05', '2024-09-29 13:30:05'),
(222, 'Vondom, Furniture China 2024', 4, 17, 17, '2024-09-29 13:35:36', '2024-09-29 13:35:36'),
(223, 'AMWC China 2024', 4, 17, 17, '2024-11-28 04:13:18', '2024-11-28 04:13:18'),
(224, 'Cocoon, Singapore Fintech Festival 2024', 4, 17, 17, '2024-11-28 04:21:56', '2024-11-28 04:21:56'),
(225, 'EP, In-Cosmetics Asia 2024', 4, 17, 17, '2024-11-28 04:26:31', '2024-11-28 04:26:31'),
(226, 'Cosmecca, CA 2024', 4, 17, 17, '2024-11-28 04:33:59', '2024-11-28 04:33:59'),
(227, 'Oxygen, CA 2024', 4, 17, 17, '2024-11-28 04:40:41', '2024-11-28 04:40:41'),
(228, 'Goongbe', 4, 17, 17, '2024-11-28 04:50:20', '2024-11-28 04:50:20'),
(229, 'Meditherapy, CA 2024', 4, 17, 17, '2024-11-28 04:53:09', '2024-11-28 04:53:09'),
(230, 'White Birch Vodka, Prowine Shanghai 2024', 4, 17, 17, '2024-11-28 04:58:02', '2024-11-28 04:58:02'),
(231, 'Vetagro, VIV Asia 2025', 4, 17, 17, '2025-03-16 12:39:38', '2025-03-16 12:39:38'),
(232, 'Adisseo, VIV Asia 2025', 4, 17, 17, '2025-03-16 12:47:02', '2025-03-16 12:47:02'),
(233, 'AIWA, EF 2025', 4, 17, 17, '2025-04-13 11:41:17', '2025-04-13 11:41:17'),
(234, 'NRT，G2E Asia 2025', 4, 17, 17, '2025-05-21 01:23:32', '2025-05-21 01:23:32'),
(235, 'Spintec, G2E Asia 2025', 4, 17, 17, '2025-05-21 01:23:57', '2025-05-21 01:23:57'),
(236, 'Z&Z, CBE 2025', 4, 17, 17, '2025-05-21 01:28:03', '2025-05-21 01:28:03'),
(237, 'Prowine Asia 2025', 4, 17, 17, '2025-05-21 01:33:06', '2025-05-21 01:33:06'),
(238, 'Double A, Hofex 2025', 4, 17, 17, '2025-05-21 01:37:44', '2025-05-21 01:37:44'),
(239, 'KGC, SIAL China 2025', 4, 17, 17, '2025-05-21 01:44:50', '2025-05-21 01:44:50');

-- --------------------------------------------------------

--
